Sep 30 19:17:48 ubuntu-xps13 systemd-udevd[653]: value '[dmi/id]sys_vendor' is 'Dell Inc.'
Sep 30 19:17:48 ubuntu-xps13 systemd-udevd[643]: seq 2720 processed
Sep 30 19:17:48 ubuntu-xps13 systemd-udevd[553]: seq 2723 queued, 'add' 'cgroup'
Sep 30 19:17:48 ubuntu-xps13 systemd-udevd[638]: value '[dmi/id]sys_vendor' is 'Dell Inc.'
Sep 30 19:17:48 ubuntu-xps13 systemd-udevd[653]: passed device to netlink monitor 0x55a3a1bb1a40
Sep 30 19:17:48 ubuntu-xps13 systemd-udevd[553]: passed 176 byte device to netlink monitor 0x55a3a1bceb90
Sep 30 19:17:48 ubuntu-xps13 systemd-udevd[640]: seq 2723 running
Sep 30 19:17:48 ubuntu-xps13 systemd-udevd[638]: value '[dmi/id]sys_vendor' is 'Dell Inc.'
Sep 30 19:17:48 ubuntu-xps13 systemd-udevd[653]: seq 2721 processed
Sep 30 19:17:48 ubuntu-xps13 systemd-udevd[553]: seq 2724 queued, 'add' 'cgroup'
Sep 30 19:17:48 ubuntu-xps13 systemd-udevd[640]: value '[dmi/id]sys_vendor' is 'Dell Inc.'
Sep 30 19:17:48 ubuntu-xps13 systemd-udevd[638]: passed device to netlink monitor 0x55a3a1b8a6d0
Sep 30 19:17:48 ubuntu-xps13 systemd-udevd[553]: passed 181 byte device to netlink monitor 0x55a3a1bceb90
Sep 30 19:17:48 ubuntu-xps13 systemd-udevd[643]: seq 2724 running
Sep 30 19:17:48 ubuntu-xps13 systemd-udevd[640]: value '[dmi/id]sys_vendor' is 'Dell Inc.'
Sep 30 19:17:48 ubuntu-xps13 systemd-udevd[638]: seq 2722 processed
Sep 30 19:17:48 ubuntu-xps13 systemd-udevd[553]: seq 2725 queued, 'add' 'cgroup'
Sep 30 19:17:48 ubuntu-xps13 systemd-udevd[643]: value '[dmi/id]sys_vendor' is 'Dell Inc.'
Sep 30 19:17:48 ubuntu-xps13 systemd-udevd[640]: passed device to netlink monitor 0x55a3a1bc1bb0
Sep 30 19:17:48 ubuntu-xps13 systemd-udevd[553]: passed 182 byte device to netlink monitor 0x55a3a1bceb90
Sep 30 19:17:48 ubuntu-xps13 systemd-udevd[653]: seq 2725 running
Sep 30 19:17:48 ubuntu-xps13 systemd-udevd[643]: value '[dmi/id]sys_vendor' is 'Dell Inc.'
Sep 30 19:17:48 ubuntu-xps13 systemd-udevd[640]: seq 2723 processed
Sep 30 19:17:48 ubuntu-xps13 systemd-udevd[553]: seq 2726 queued, 'add' 'cgroup'
Sep 30 19:17:48 ubuntu-xps13 systemd-udevd[653]: value '[dmi/id]sys_vendor' is 'Dell Inc.'
Sep 30 19:17:48 ubuntu-xps13 systemd-udevd[643]: passed device to netlink monitor 0x55a3a1b8aba0
Sep 30 19:17:48 ubuntu-xps13 systemd-udevd[553]: passed 182 byte device to netlink monitor 0x55a3a1bceb90
Sep 30 19:17:48 ubuntu-xps13 systemd-udevd[638]: seq 2726 running
Sep 30 19:17:48 ubuntu-xps13 systemd-udevd[653]: value '[dmi/id]sys_vendor' is 'Dell Inc.'
Sep 30 19:17:48 ubuntu-xps13 systemd-udevd[643]: seq 2724 processed
Sep 30 19:17:48 ubuntu-xps13 systemd-udevd[553]: seq 2727 queued, 'add' 'cgroup'
Sep 30 19:17:48 ubuntu-xps13 systemd-udevd[638]: value '[dmi/id]sys_vendor' is 'Dell Inc.'
Sep 30 19:17:48 ubuntu-xps13 systemd-udevd[653]: passed device to netlink monitor 0x55a3a1bb1a40
Sep 30 19:17:48 ubuntu-xps13 systemd-udevd[553]: passed 182 byte device to netlink monitor 0x55a3a1bceb90
Sep 30 19:17:48 ubuntu-xps13 systemd-udevd[640]: seq 2727 running
Sep 30 19:17:48 ubuntu-xps13 systemd-udevd[638]: value '[dmi/id]sys_vendor' is 'Dell Inc.'
Sep 30 19:17:48 ubuntu-xps13 systemd-udevd[653]: seq 2725 processed
Sep 30 19:17:48 ubuntu-xps13 systemd-udevd[553]: seq 2728 queued, 'add' 'cgroup'
Sep 30 19:17:48 ubuntu-xps13 systemd-udevd[640]: value '[dmi/id]sys_vendor' is 'Dell Inc.'
Sep 30 19:17:48 ubuntu-xps13 systemd-udevd[638]: passed device to netlink monitor 0x55a3a1b8a6d0
Sep 30 19:17:48 ubuntu-xps13 systemd-udevd[553]: passed 186 byte device to netlink monitor 0x55a3a1bceb90
Sep 30 19:17:48 ubuntu-xps13 systemd-udevd[643]: seq 2728 running
Sep 30 19:17:48 ubuntu-xps13 systemd-udevd[640]: value '[dmi/id]sys_vendor' is 'Dell Inc.'
Sep 30 19:17:48 ubuntu-xps13 systemd-udevd[638]: seq 2726 processed
Sep 30 19:17:48 ubuntu-xps13 systemd-udevd[553]: seq 2729 queued, 'add' 'cgroup'
Sep 30 19:17:48 ubuntu-xps13 systemd-udevd[643]: value '[dmi/id]sys_vendor' is 'Dell Inc.'
Sep 30 19:17:48 ubuntu-xps13 systemd-udevd[640]: passed device to netlink monitor 0x55a3a1bc1bb0
Sep 30 19:17:48 ubuntu-xps13 systemd-udevd[553]: passed 183 byte device to netlink monitor 0x55a3a1bceb90
Sep 30 19:17:48 ubuntu-xps13 systemd-udevd[653]: seq 2729 running
Sep 30 19:17:48 ubuntu-xps13 systemd-udevd[643]: value '[dmi/id]sys_vendor' is 'Dell Inc.'
Sep 30 19:17:48 ubuntu-xps13 systemd-udevd[640]: seq 2727 processed
Sep 30 19:17:48 ubuntu-xps13 systemd-udevd[553]: seq 2730 queued, 'add' 'cgroup'
Sep 30 19:17:48 ubuntu-xps13 systemd-udevd[653]: value '[dmi/id]sys_vendor' is 'Dell Inc.'
Sep 30 19:17:48 ubuntu-xps13 systemd-udevd[643]: passed device to netlink monitor 0x55a3a1b8aba0
Sep 30 19:17:48 ubuntu-xps13 systemd-udevd[553]: passed 174 byte device to netlink monitor 0x55a3a1bceb90
Sep 30 19:17:48 ubuntu-xps13 systemd-udevd[638]: seq 2730 running
Sep 30 19:17:48 ubuntu-xps13 systemd-udevd[653]: value '[dmi/id]sys_vendor' is 'Dell Inc.'
Sep 30 19:17:48 ubuntu-xps13 systemd-udevd[643]: seq 2728 processed
Sep 30 19:17:48 ubuntu-xps13 systemd-udevd[553]: seq 2731 queued, 'add' 'cgroup'
Sep 30 19:17:48 ubuntu-xps13 systemd-udevd[638]: value '[dmi/id]sys_vendor' is 'Dell Inc.'
Sep 30 19:17:48 ubuntu-xps13 systemd-udevd[653]: passed device to netlink monitor 0x55a3a1bb1a40
Sep 30 19:17:48 ubuntu-xps13 systemd-udevd[553]: passed 192 byte device to netlink monitor 0x55a3a1bceb90
Sep 30 19:17:48 ubuntu-xps13 systemd-udevd[640]: seq 2731 running
Sep 30 19:17:48 ubuntu-xps13 systemd-udevd[638]: value '[dmi/id]sys_vendor' is 'Dell Inc.'
Sep 30 19:17:48 ubuntu-xps13 systemd-udevd[653]: seq 2729 processed
Sep 30 19:17:48 ubuntu-xps13 systemd-udevd[553]: seq 2732 queued, 'add' 'cgroup'
Sep 30 19:17:48 ubuntu-xps13 systemd-udevd[640]: value '[dmi/id]sys_vendor' is 'Dell Inc.'
Sep 30 19:17:48 ubuntu-xps13 systemd-udevd[638]: passed device to netlink monitor 0x55a3a1b8a6d0
Sep 30 19:17:48 ubuntu-xps13 systemd-udevd[553]: passed 194 byte device to netlink monitor 0x55a3a1bceb90
Sep 30 19:17:48 ubuntu-xps13 systemd-udevd[643]: seq 2732 running
Sep 30 19:17:48 ubuntu-xps13 systemd-udevd[640]: value '[dmi/id]sys_vendor' is 'Dell Inc.'
Sep 30 19:17:48 ubuntu-xps13 systemd-udevd[638]: seq 2730 processed
Sep 30 19:17:48 ubuntu-xps13 systemd-udevd[553]: seq 2733 queued, 'add' 'cgroup'
Sep 30 19:17:48 ubuntu-xps13 systemd-udevd[643]: value '[dmi/id]sys_vendor' is 'Dell Inc.'
Sep 30 19:17:48 ubuntu-xps13 systemd-udevd[640]: passed device to netlink monitor 0x55a3a1bc1bb0
Sep 30 19:17:48 ubuntu-xps13 systemd-udevd[553]: passed 190 byte device to netlink monitor 0x55a3a1bceb90
Sep 30 19:17:48 ubuntu-xps13 systemd-udevd[653]: seq 2733 running
Sep 30 19:17:48 ubuntu-xps13 systemd-udevd[643]: value '[dmi/id]sys_vendor' is 'Dell Inc.'
Sep 30 19:17:48 ubuntu-xps13 systemd-udevd[640]: seq 2731 processed
Sep 30 19:17:48 ubuntu-xps13 systemd-udevd[553]: seq 2734 queued, 'add' 'cgroup'
Sep 30 19:17:48 ubuntu-xps13 systemd-udevd[653]: value '[dmi/id]sys_vendor' is 'Dell Inc.'
Sep 30 19:17:48 ubuntu-xps13 systemd-udevd[643]: passed device to netlink monitor 0x55a3a1b8aba0
Sep 30 19:17:48 ubuntu-xps13 systemd-udevd[553]: passed 192 byte device to netlink monitor 0x55a3a1bceb90
Sep 30 19:17:48 ubuntu-xps13 systemd-udevd[638]: seq 2734 running
Sep 30 19:17:48 ubuntu-xps13 systemd-udevd[653]: value '[dmi/id]sys_vendor' is 'Dell Inc.'
Sep 30 19:17:48 ubuntu-xps13 systemd-udevd[643]: seq 2732 processed
Sep 30 19:17:48 ubuntu-xps13 systemd-udevd[553]: seq 2735 queued, 'add' 'cgroup'
Sep 30 19:17:48 ubuntu-xps13 systemd-udevd[638]: value '[dmi/id]sys_vendor' is 'Dell Inc.'
Sep 30 19:17:48 ubuntu-xps13 systemd-udevd[653]: passed device to netlink monitor 0x55a3a1bb1a40
Sep 30 19:17:48 ubuntu-xps13 systemd-udevd[553]: passed 192 byte device to netlink monitor 0x55a3a1bceb90
Sep 30 19:17:48 ubuntu-xps13 systemd-udevd[640]: seq 2735 running
Sep 30 19:17:48 ubuntu-xps13 systemd-udevd[638]: value '[dmi/id]sys_vendor' is 'Dell Inc.'
Sep 30 19:17:48 ubuntu-xps13 systemd-udevd[653]: seq 2733 processed
Sep 30 19:17:48 ubuntu-xps13 systemd-udevd[553]: seq 2736 queued, 'add' 'cgroup'
Sep 30 19:17:48 ubuntu-xps13 systemd-udevd[640]: value '[dmi/id]sys_vendor' is 'Dell Inc.'
Sep 30 19:17:48 ubuntu-xps13 systemd-udevd[638]: passed device to netlink monitor 0x55a3a1b8a6d0
Sep 30 19:17:48 ubuntu-xps13 systemd-udevd[553]: passed 181 byte device to netlink monitor 0x55a3a1bceb90
Sep 30 19:17:48 ubuntu-xps13 systemd-udevd[643]: seq 2736 running
Sep 30 19:17:48 ubuntu-xps13 systemd-udevd[640]: value '[dmi/id]sys_vendor' is 'Dell Inc.'
Sep 30 19:17:48 ubuntu-xps13 systemd-udevd[638]: seq 2734 processed
Sep 30 19:17:48 ubuntu-xps13 systemd-udevd[553]: seq 2737 queued, 'add' 'cgroup'
Sep 30 19:17:48 ubuntu-xps13 systemd-udevd[643]: value '[dmi/id]sys_vendor' is 'Dell Inc.'
Sep 30 19:17:48 ubuntu-xps13 systemd-udevd[640]: passed device to netlink monitor 0x55a3a1bc1bb0
Sep 30 19:17:48 ubuntu-xps13 systemd-udevd[553]: passed 181 byte device to netlink monitor 0x55a3a1bceb90
Sep 30 19:17:48 ubuntu-xps13 systemd-udevd[653]: seq 2737 running
Sep 30 19:17:48 ubuntu-xps13 systemd-udevd[643]: value '[dmi/id]sys_vendor' is 'Dell Inc.'
Sep 30 19:17:48 ubuntu-xps13 systemd-udevd[640]: seq 2735 processed
Sep 30 19:17:48 ubuntu-xps13 systemd-udevd[553]: seq 2738 queued, 'remove' 'cgroup'
Sep 30 19:17:48 ubuntu-xps13 systemd-udevd[653]: value '[dmi/id]sys_vendor' is 'Dell Inc.'
Sep 30 19:17:48 ubuntu-xps13 systemd-udevd[643]: passed device to netlink monitor 0x55a3a1b8aba0
Sep 30 19:17:48 ubuntu-xps13 systemd-udevd[553]: passed 199 byte device to netlink monitor 0x55a3a1bceb90
Sep 30 19:17:48 ubuntu-xps13 systemd-udevd[638]: seq 2738 running
Sep 30 19:17:48 ubuntu-xps13 systemd-udevd[653]: value '[dmi/id]sys_vendor' is 'Dell Inc.'
Sep 30 19:17:48 ubuntu-xps13 systemd-udevd[643]: seq 2736 processed
Sep 30 19:17:48 ubuntu-xps13 systemd-udevd[553]: seq 2739 queued, 'remove' 'cgroup'
Sep 30 19:17:48 ubuntu-xps13 systemd-udevd[638]: value '[dmi/id]sys_vendor' is 'Dell Inc.'
Sep 30 19:17:48 ubuntu-xps13 systemd-udevd[653]: passed device to netlink monitor 0x55a3a1bb1a40
Sep 30 19:17:48 ubuntu-xps13 systemd-udevd[553]: passed 203 byte device to netlink monitor 0x55a3a1bceb90
Sep 30 19:17:48 ubuntu-xps13 systemd-udevd[640]: seq 2739 running
Sep 30 19:17:48 ubuntu-xps13 systemd-udevd[638]: value '[dmi/id]sys_vendor' is 'Dell Inc.'
Sep 30 19:17:48 ubuntu-xps13 systemd-udevd[653]: seq 2737 processed
Sep 30 19:17:48 ubuntu-xps13 systemd-udevd[553]: seq 2740 queued, 'remove' 'cgroup'
Sep 30 19:17:48 ubuntu-xps13 systemd-udevd[640]: value '[dmi/id]sys_vendor' is 'Dell Inc.'
Sep 30 19:17:48 ubuntu-xps13 systemd-udevd[638]: passed device to netlink monitor 0x55a3a1b8a6d0
Sep 30 19:17:48 ubuntu-xps13 systemd-udevd[553]: passed 200 byte device to netlink monitor 0x55a3a1bceb90
Sep 30 19:17:48 ubuntu-xps13 systemd-udevd[643]: seq 2740 running
Sep 30 19:17:48 ubuntu-xps13 systemd-udevd[640]: value '[dmi/id]sys_vendor' is 'Dell Inc.'
Sep 30 19:17:48 ubuntu-xps13 systemd-udevd[638]: seq 2738 processed
Sep 30 19:17:48 ubuntu-xps13 systemd-udevd[553]: seq 2741 queued, 'remove' 'cgroup'
Sep 30 19:17:48 ubuntu-xps13 systemd-udevd[643]: value '[dmi/id]sys_vendor' is 'Dell Inc.'
Sep 30 19:17:48 ubuntu-xps13 systemd-udevd[640]: passed device to netlink monitor 0x55a3a1bc1bb0
Sep 30 19:17:48 ubuntu-xps13 systemd-udevd[553]: passed 201 byte device to netlink monitor 0x55a3a1bceb90
Sep 30 19:17:48 ubuntu-xps13 systemd-udevd[653]: seq 2741 running
Sep 30 19:17:48 ubuntu-xps13 systemd-udevd[643]: value '[dmi/id]sys_vendor' is 'Dell Inc.'
Sep 30 19:17:48 ubuntu-xps13 systemd-udevd[640]: seq 2739 processed
Sep 30 19:17:48 ubuntu-xps13 systemd-udevd[553]: seq 2742 queued, 'remove' 'cgroup'
Sep 30 19:17:48 ubuntu-xps13 systemd-udevd[653]: value '[dmi/id]sys_vendor' is 'Dell Inc.'
Sep 30 19:17:48 ubuntu-xps13 systemd-udevd[643]: passed device to netlink monitor 0x55a3a1b8aba0
Sep 30 19:17:48 ubuntu-xps13 systemd-udevd[553]: passed 206 byte device to netlink monitor 0x55a3a1bceb90
Sep 30 19:17:48 ubuntu-xps13 systemd-udevd[638]: seq 2742 running
Sep 30 19:17:48 ubuntu-xps13 systemd-udevd[653]: value '[dmi/id]sys_vendor' is 'Dell Inc.'
Sep 30 19:17:48 ubuntu-xps13 systemd-udevd[643]: seq 2740 processed
Sep 30 19:17:48 ubuntu-xps13 systemd-udevd[553]: seq 2743 queued, 'remove' 'cgroup'
Sep 30 19:17:48 ubuntu-xps13 systemd-udevd[638]: value '[dmi/id]sys_vendor' is 'Dell Inc.'
Sep 30 19:17:48 ubuntu-xps13 systemd-udevd[653]: passed device to netlink monitor 0x55a3a1bb1a40
Sep 30 19:17:48 ubuntu-xps13 systemd-udevd[553]: passed 206 byte device to netlink monitor 0x55a3a1bceb90
Sep 30 19:17:48 ubuntu-xps13 systemd-udevd[640]: seq 2743 running
Sep 30 19:17:48 ubuntu-xps13 systemd-udevd[638]: value '[dmi/id]sys_vendor' is 'Dell Inc.'
Sep 30 19:17:48 ubuntu-xps13 systemd-udevd[653]: seq 2741 processed
Sep 30 19:17:48 ubuntu-xps13 systemd-udevd[553]: seq 2744 queued, 'remove' 'cgroup'
Sep 30 19:17:48 ubuntu-xps13 systemd-udevd[640]: value '[dmi/id]sys_vendor' is 'Dell Inc.'
Sep 30 19:17:48 ubuntu-xps13 systemd-udevd[638]: passed device to netlink monitor 0x55a3a1b8a6d0
Sep 30 19:17:48 ubuntu-xps13 systemd-udevd[553]: passed 197 byte device to netlink monitor 0x55a3a1bceb90
Sep 30 19:17:48 ubuntu-xps13 systemd-udevd[643]: seq 2744 running
Sep 30 19:17:48 ubuntu-xps13 systemd-udevd[640]: value '[dmi/id]sys_vendor' is 'Dell Inc.'
Sep 30 19:17:48 ubuntu-xps13 systemd-udevd[638]: seq 2742 processed
Sep 30 19:17:48 ubuntu-xps13 systemd-udevd[553]: seq 2745 queued, 'remove' 'cgroup'
Sep 30 19:17:48 ubuntu-xps13 systemd-udevd[643]: value '[dmi/id]sys_vendor' is 'Dell Inc.'
Sep 30 19:17:48 ubuntu-xps13 systemd-udevd[640]: passed device to netlink monitor 0x55a3a1bc1bb0
Sep 30 19:17:48 ubuntu-xps13 systemd-udevd[553]: passed 213 byte device to netlink monitor 0x55a3a1bceb90
Sep 30 19:17:48 ubuntu-xps13 systemd-udevd[653]: seq 2745 running
Sep 30 19:17:48 ubuntu-xps13 systemd-udevd[643]: value '[dmi/id]sys_vendor' is 'Dell Inc.'
Sep 30 19:17:48 ubuntu-xps13 systemd-udevd[640]: seq 2743 processed
Sep 30 19:17:48 ubuntu-xps13 systemd-udevd[553]: seq 2746 queued, 'remove' 'cgroup'
Sep 30 19:17:48 ubuntu-xps13 systemd-udevd[653]: value '[dmi/id]sys_vendor' is 'Dell Inc.'
Sep 30 19:17:48 ubuntu-xps13 systemd-udevd[643]: passed device to netlink monitor 0x55a3a1b8aba0
Sep 30 19:17:48 ubuntu-xps13 systemd-udevd[553]: passed 213 byte device to netlink monitor 0x55a3a1bceb90
Sep 30 19:17:48 ubuntu-xps13 systemd-udevd[638]: seq 2746 running
Sep 30 19:17:48 ubuntu-xps13 systemd-udevd[653]: value '[dmi/id]sys_vendor' is 'Dell Inc.'
Sep 30 19:17:48 ubuntu-xps13 systemd-udevd[643]: seq 2744 processed
Sep 30 19:17:48 ubuntu-xps13 systemd-udevd[553]: seq 2747 queued, 'remove' 'cgroup'
Sep 30 19:17:48 ubuntu-xps13 systemd-udevd[638]: value '[dmi/id]sys_vendor' is 'Dell Inc.'
Sep 30 19:17:48 ubuntu-xps13 systemd-udevd[653]: passed device to netlink monitor 0x55a3a1bb1a40
Sep 30 19:17:48 ubuntu-xps13 systemd-udevd[553]: passed 202 byte device to netlink monitor 0x55a3a1bceb90
Sep 30 19:17:48 ubuntu-xps13 systemd-udevd[640]: seq 2747 running
Sep 30 19:17:48 ubuntu-xps13 systemd-udevd[638]: value '[dmi/id]sys_vendor' is 'Dell Inc.'
Sep 30 19:17:48 ubuntu-xps13 systemd-udevd[653]: seq 2745 processed
Sep 30 19:17:48 ubuntu-xps13 systemd-udevd[553]: seq 2748 queued, 'remove' 'cgroup'
Sep 30 19:17:48 ubuntu-xps13 systemd-udevd[640]: value '[dmi/id]sys_vendor' is 'Dell Inc.'
Sep 30 19:17:48 ubuntu-xps13 systemd-udevd[638]: passed device to netlink monitor 0x55a3a1b8a6d0
Sep 30 19:17:48 ubuntu-xps13 systemd-udevd[553]: passed 202 byte device to netlink monitor 0x55a3a1bceb90
Sep 30 19:17:48 ubuntu-xps13 systemd-udevd[643]: seq 2748 running
Sep 30 19:17:48 ubuntu-xps13 systemd-udevd[640]: value '[dmi/id]sys_vendor' is 'Dell Inc.'
Sep 30 19:17:48 ubuntu-xps13 systemd-udevd[638]: seq 2746 processed
Sep 30 19:17:48 ubuntu-xps13 systemd-udevd[553]: seq 2749 queued, 'remove' 'cgroup'
Sep 30 19:17:48 ubuntu-xps13 systemd-udevd[643]: value '[dmi/id]sys_vendor' is 'Dell Inc.'
Sep 30 19:17:48 ubuntu-xps13 systemd-udevd[640]: passed device to netlink monitor 0x55a3a1bc1bb0
Sep 30 19:17:48 ubuntu-xps13 systemd-udevd[553]: passed 203 byte device to netlink monitor 0x55a3a1bceb90
Sep 30 19:17:48 ubuntu-xps13 systemd-udevd[653]: seq 2749 running
Sep 30 19:17:48 ubuntu-xps13 systemd-udevd[643]: value '[dmi/id]sys_vendor' is 'Dell Inc.'
Sep 30 19:17:48 ubuntu-xps13 systemd-udevd[640]: seq 2747 processed
Sep 30 19:17:48 ubuntu-xps13 systemd-udevd[553]: seq 2750 queued, 'add' 'cgroup'
Sep 30 19:17:48 ubuntu-xps13 systemd-udevd[653]: value '[dmi/id]sys_vendor' is 'Dell Inc.'
Sep 30 19:17:48 ubuntu-xps13 systemd-udevd[643]: passed device to netlink monitor 0x55a3a1b8aba0
Sep 30 19:17:48 ubuntu-xps13 systemd-udevd[553]: passed 177 byte device to netlink monitor 0x55a3a1bceb90
Sep 30 19:17:48 ubuntu-xps13 systemd-udevd[638]: seq 2750 running
Sep 30 19:17:48 ubuntu-xps13 systemd-udevd[653]: value '[dmi/id]sys_vendor' is 'Dell Inc.'
Sep 30 19:17:48 ubuntu-xps13 systemd-udevd[643]: seq 2748 processed
Sep 30 19:17:48 ubuntu-xps13 systemd-udevd[553]: seq 2751 queued, 'add' 'cgroup'
Sep 30 19:17:48 ubuntu-xps13 systemd-udevd[638]: value '[dmi/id]sys_vendor' is 'Dell Inc.'
Sep 30 19:17:48 ubuntu-xps13 systemd-udevd[653]: passed device to netlink monitor 0x55a3a1bb1a40
Sep 30 19:17:48 ubuntu-xps13 systemd-udevd[553]: passed 181 byte device to netlink monitor 0x55a3a1bceb90
Sep 30 19:17:48 ubuntu-xps13 systemd-udevd[640]: seq 2751 running
Sep 30 19:17:48 ubuntu-xps13 systemd-udevd[638]: value '[dmi/id]sys_vendor' is 'Dell Inc.'
Sep 30 19:17:48 ubuntu-xps13 systemd-udevd[653]: seq 2749 processed
Sep 30 19:17:48 ubuntu-xps13 systemd-udevd[553]: seq 2752 queued, 'add' 'cgroup'
Sep 30 19:17:48 ubuntu-xps13 systemd-udevd[640]: value '[dmi/id]sys_vendor' is 'Dell Inc.'
Sep 30 19:17:48 ubuntu-xps13 systemd-udevd[638]: passed device to netlink monitor 0x55a3a1b8a6d0
Sep 30 19:17:48 ubuntu-xps13 systemd-udevd[553]: passed 178 byte device to netlink monitor 0x55a3a1bceb90
Sep 30 19:17:48 ubuntu-xps13 systemd-udevd[643]: seq 2752 running
Sep 30 19:17:48 ubuntu-xps13 systemd-udevd[640]: value '[dmi/id]sys_vendor' is 'Dell Inc.'
Sep 30 19:17:48 ubuntu-xps13 systemd-udevd[638]: seq 2750 processed
Sep 30 19:17:48 ubuntu-xps13 systemd-udevd[553]: seq 2753 queued, 'add' 'cgroup'
Sep 30 19:17:48 ubuntu-xps13 systemd-udevd[643]: value '[dmi/id]sys_vendor' is 'Dell Inc.'
Sep 30 19:17:48 ubuntu-xps13 systemd-udevd[640]: passed device to netlink monitor 0x55a3a1bc1bb0
Sep 30 19:17:48 ubuntu-xps13 systemd-udevd[553]: passed 179 byte device to netlink monitor 0x55a3a1bceb90
Sep 30 19:17:48 ubuntu-xps13 systemd-udevd[653]: seq 2753 running
Sep 30 19:17:48 ubuntu-xps13 systemd-udevd[643]: value '[dmi/id]sys_vendor' is 'Dell Inc.'
Sep 30 19:17:48 ubuntu-xps13 systemd-udevd[640]: seq 2751 processed
Sep 30 19:17:48 ubuntu-xps13 systemd-udevd[553]: seq 2754 queued, 'add' 'cgroup'
Sep 30 19:17:48 ubuntu-xps13 systemd-udevd[653]: value '[dmi/id]sys_vendor' is 'Dell Inc.'
Sep 30 19:17:48 ubuntu-xps13 systemd-udevd[643]: passed device to netlink monitor 0x55a3a1b8aba0
Sep 30 19:17:48 ubuntu-xps13 systemd-udevd[553]: passed 184 byte device to netlink monitor 0x55a3a1bceb90
Sep 30 19:17:48 ubuntu-xps13 systemd-udevd[638]: seq 2754 running
Sep 30 19:17:48 ubuntu-xps13 systemd-udevd[653]: value '[dmi/id]sys_vendor' is 'Dell Inc.'
Sep 30 19:17:48 ubuntu-xps13 systemd-udevd[643]: seq 2752 processed
Sep 30 19:17:48 ubuntu-xps13 systemd-udevd[553]: seq 2755 queued, 'add' 'cgroup'
Sep 30 19:17:48 ubuntu-xps13 systemd-udevd[638]: value '[dmi/id]sys_vendor' is 'Dell Inc.'
Sep 30 19:17:48 ubuntu-xps13 systemd-udevd[653]: passed device to netlink monitor 0x55a3a1bb1a40
Sep 30 19:17:48 ubuntu-xps13 systemd-udevd[553]: passed 184 byte device to netlink monitor 0x55a3a1bceb90
Sep 30 19:17:48 ubuntu-xps13 systemd-udevd[640]: seq 2755 running
Sep 30 19:17:48 ubuntu-xps13 systemd-udevd[638]: value '[dmi/id]sys_vendor' is 'Dell Inc.'
Sep 30 19:17:48 ubuntu-xps13 systemd-udevd[653]: seq 2753 processed
Sep 30 19:17:48 ubuntu-xps13 systemd-udevd[553]: seq 2756 queued, 'add' 'cgroup'
Sep 30 19:17:48 ubuntu-xps13 systemd-udevd[640]: value '[dmi/id]sys_vendor' is 'Dell Inc.'
Sep 30 19:17:48 ubuntu-xps13 systemd-udevd[638]: passed device to netlink monitor 0x55a3a1b8a6d0
Sep 30 19:17:48 ubuntu-xps13 systemd-udevd[553]: passed 175 byte device to netlink monitor 0x55a3a1bceb90
Sep 30 19:17:48 ubuntu-xps13 systemd-udevd[643]: seq 2756 running
Sep 30 19:17:48 ubuntu-xps13 systemd-udevd[640]: value '[dmi/id]sys_vendor' is 'Dell Inc.'
Sep 30 19:17:48 ubuntu-xps13 systemd-udevd[638]: seq 2754 processed
Sep 30 19:17:48 ubuntu-xps13 systemd-udevd[553]: seq 2757 queued, 'add' 'cgroup'
Sep 30 19:17:48 ubuntu-xps13 systemd-udevd[643]: value '[dmi/id]sys_vendor' is 'Dell Inc.'
Sep 30 19:17:48 ubuntu-xps13 systemd-udevd[640]: passed device to netlink monitor 0x55a3a1bc1bb0
Sep 30 19:17:48 ubuntu-xps13 systemd-udevd[553]: passed 180 byte device to netlink monitor 0x55a3a1bceb90
Sep 30 19:17:48 ubuntu-xps13 systemd-udevd[653]: seq 2757 running
Sep 30 19:17:48 ubuntu-xps13 systemd-udevd[643]: value '[dmi/id]sys_vendor' is 'Dell Inc.'
Sep 30 19:17:48 ubuntu-xps13 systemd-udevd[640]: seq 2755 processed
Sep 30 19:17:48 ubuntu-xps13 systemd-udevd[553]: seq 2758 queued, 'add' 'cgroup'
Sep 30 19:17:48 ubuntu-xps13 systemd-udevd[653]: value '[dmi/id]sys_vendor' is 'Dell Inc.'
Sep 30 19:17:48 ubuntu-xps13 systemd-udevd[643]: passed device to netlink monitor 0x55a3a1b8aba0
Sep 30 19:17:48 ubuntu-xps13 systemd-udevd[553]: passed 181 byte device to netlink monitor 0x55a3a1bceb90
Sep 30 19:17:48 ubuntu-xps13 systemd-udevd[638]: seq 2758 running
Sep 30 19:17:48 ubuntu-xps13 systemd-udevd[653]: value '[dmi/id]sys_vendor' is 'Dell Inc.'
Sep 30 19:17:48 ubuntu-xps13 systemd-udevd[643]: seq 2756 processed
Sep 30 19:17:48 ubuntu-xps13 systemd-udevd[553]: seq 2759 queued, 'add' 'cgroup'
Sep 30 19:17:48 ubuntu-xps13 systemd-udevd[638]: value '[dmi/id]sys_vendor' is 'Dell Inc.'
Sep 30 19:17:48 ubuntu-xps13 systemd-udevd[653]: passed device to netlink monitor 0x55a3a1bb1a40
Sep 30 19:17:48 ubuntu-xps13 systemd-udevd[553]: passed 191 byte device to netlink monitor 0x55a3a1bceb90
Sep 30 19:17:48 ubuntu-xps13 systemd-udevd[640]: seq 2759 running
Sep 30 19:17:48 ubuntu-xps13 systemd-udevd[638]: value '[dmi/id]sys_vendor' is 'Dell Inc.'
Sep 30 19:17:48 ubuntu-xps13 systemd-udevd[653]: seq 2757 processed
Sep 30 19:17:48 ubuntu-xps13 systemd-udevd[553]: seq 2760 queued, 'add' 'cgroup'
Sep 30 19:17:48 ubuntu-xps13 systemd-udevd[640]: value '[dmi/id]sys_vendor' is 'Dell Inc.'
Sep 30 19:17:48 ubuntu-xps13 systemd-udevd[638]: passed device to netlink monitor 0x55a3a1b8a6d0
Sep 30 19:17:48 ubuntu-xps13 systemd-udevd[553]: passed 191 byte device to netlink monitor 0x55a3a1bceb90
Sep 30 19:17:48 ubuntu-xps13 systemd-udevd[643]: seq 2760 running
Sep 30 19:17:48 ubuntu-xps13 systemd-udevd[640]: value '[dmi/id]sys_vendor' is 'Dell Inc.'
Sep 30 19:17:48 ubuntu-xps13 systemd-udevd[638]: seq 2758 processed
Sep 30 19:17:48 ubuntu-xps13 systemd-udevd[553]: seq 2761 queued, 'add' 'cgroup'
Sep 30 19:17:48 ubuntu-xps13 systemd-udevd[643]: value '[dmi/id]sys_vendor' is 'Dell Inc.'
Sep 30 19:17:48 ubuntu-xps13 systemd-udevd[640]: passed device to netlink monitor 0x55a3a1bc1bb0
Sep 30 19:17:48 ubuntu-xps13 systemd-udevd[553]: passed 180 byte device to netlink monitor 0x55a3a1bceb90
Sep 30 19:17:48 ubuntu-xps13 systemd-udevd[653]: seq 2761 running
Sep 30 19:17:48 ubuntu-xps13 systemd-udevd[643]: value '[dmi/id]sys_vendor' is 'Dell Inc.'
Sep 30 19:17:48 ubuntu-xps13 systemd-udevd[640]: seq 2759 processed
Sep 30 19:17:48 ubuntu-xps13 systemd-udevd[553]: seq 2762 queued, 'add' 'cgroup'
Sep 30 19:17:48 ubuntu-xps13 systemd-udevd[653]: value '[dmi/id]sys_vendor' is 'Dell Inc.'
Sep 30 19:17:48 ubuntu-xps13 systemd-udevd[643]: passed device to netlink monitor 0x55a3a1b8aba0
Sep 30 19:17:48 ubuntu-xps13 systemd-udevd[553]: passed 180 byte device to netlink monitor 0x55a3a1bceb90
Sep 30 19:17:48 ubuntu-xps13 systemd-udevd[638]: seq 2762 running
Sep 30 19:17:48 ubuntu-xps13 systemd-udevd[653]: value '[dmi/id]sys_vendor' is 'Dell Inc.'
Sep 30 19:17:48 ubuntu-xps13 systemd-udevd[643]: seq 2760 processed
Sep 30 19:17:48 ubuntu-xps13 systemd-udevd[638]: value '[dmi/id]sys_vendor' is 'Dell Inc.'
Sep 30 19:17:48 ubuntu-xps13 systemd-udevd[653]: passed device to netlink monitor 0x55a3a1bb1a40
Sep 30 19:17:48 ubuntu-xps13 systemd-udevd[638]: value '[dmi/id]sys_vendor' is 'Dell Inc.'
Sep 30 19:17:48 ubuntu-xps13 systemd-udevd[653]: seq 2761 processed
Sep 30 19:17:48 ubuntu-xps13 systemd-udevd[638]: passed device to netlink monitor 0x55a3a1b8a6d0
Sep 30 19:17:48 ubuntu-xps13 systemd-udevd[638]: seq 2762 processed
Sep 30 19:17:48 ubuntu-xps13 systemd-udevd[553]: cleanup idle workers
Sep 30 19:17:48 ubuntu-xps13 systemd-udevd[638]: Unload module index
Sep 30 19:17:48 ubuntu-xps13 systemd-udevd[653]: Unload module index
Sep 30 19:17:48 ubuntu-xps13 systemd-udevd[648]: Unload module index
Sep 30 19:17:48 ubuntu-xps13 systemd-udevd[643]: Unload module index
Sep 30 19:17:48 ubuntu-xps13 systemd-udevd[640]: Unload module index
Sep 30 19:17:48 ubuntu-xps13 systemd-udevd[646]: Unload module index
Sep 30 19:17:48 ubuntu-xps13 systemd-udevd[637]: Unload module index
Sep 30 19:17:48 ubuntu-xps13 systemd-udevd[649]: Unload module index
Sep 30 19:17:48 ubuntu-xps13 systemd-udevd[650]: Unload module index
Sep 30 19:17:48 ubuntu-xps13 systemd-udevd[638]: Unloaded link configuration context.
Sep 30 19:17:48 ubuntu-xps13 systemd-udevd[653]: Unloaded link configuration context.
Sep 30 19:17:48 ubuntu-xps13 systemd-udevd[648]: Unloaded link configuration context.
Sep 30 19:17:48 ubuntu-xps13 systemd-udevd[643]: Unloaded link configuration context.
Sep 30 19:17:48 ubuntu-xps13 systemd-udevd[640]: Unloaded link configuration context.
Sep 30 19:17:48 ubuntu-xps13 systemd-udevd[646]: Unloaded link configuration context.
Sep 30 19:17:48 ubuntu-xps13 systemd-udevd[637]: Unloaded link configuration context.
Sep 30 19:17:48 ubuntu-xps13 systemd-udevd[649]: Unloaded link configuration context.
Sep 30 19:17:48 ubuntu-xps13 systemd-udevd[650]: Unloaded link configuration context.
Sep 30 19:17:48 ubuntu-xps13 systemd-udevd[553]: worker [638] exited
Sep 30 19:17:48 ubuntu-xps13 systemd-udevd[553]: worker [637] exited
Sep 30 19:17:48 ubuntu-xps13 systemd-udevd[553]: worker [640] exited
Sep 30 19:17:48 ubuntu-xps13 systemd-udevd[553]: worker [643] exited
Sep 30 19:17:48 ubuntu-xps13 systemd-udevd[553]: worker [646] exited
Sep 30 19:17:48 ubuntu-xps13 systemd-udevd[553]: worker [648] exited
Sep 30 19:17:48 ubuntu-xps13 systemd-udevd[553]: worker [649] exited
Sep 30 19:17:48 ubuntu-xps13 systemd-udevd[553]: worker [650] exited
Sep 30 19:17:48 ubuntu-xps13 systemd-udevd[553]: worker [653] exited
Sep 30 19:17:48 ubuntu-xps13 systemd-udevd[553]: seq 2763 queued, 'add' 'cgroup'
Sep 30 19:17:48 ubuntu-xps13 systemd-udevd[553]: seq 2763 forked new worker [1117]
Sep 30 19:17:48 ubuntu-xps13 systemd-udevd[553]: seq 2764 queued, 'add' 'cgroup'
Sep 30 19:17:48 ubuntu-xps13 systemd-udevd[1117]: seq 2763 running
Sep 30 19:17:48 ubuntu-xps13 systemd-udevd[553]: seq 2764 forked new worker [1118]
Sep 30 19:17:48 ubuntu-xps13 systemd-udevd[553]: seq 2765 queued, 'add' 'cgroup'
Sep 30 19:17:48 ubuntu-xps13 systemd-udevd[1117]: value '[dmi/id]sys_vendor' is 'Dell Inc.'
Sep 30 19:17:48 ubuntu-xps13 systemd-udevd[1118]: seq 2764 running
Sep 30 19:17:48 ubuntu-xps13 systemd-udevd[1117]: value '[dmi/id]sys_vendor' is 'Dell Inc.'
Sep 30 19:17:48 ubuntu-xps13 systemd-udevd[553]: seq 2765 forked new worker [1119]
Sep 30 19:17:48 ubuntu-xps13 systemd-udevd[553]: seq 2766 queued, 'add' 'cgroup'
Sep 30 19:17:48 ubuntu-xps13 systemd-udevd[1118]: value '[dmi/id]sys_vendor' is 'Dell Inc.'
Sep 30 19:17:48 ubuntu-xps13 systemd-udevd[1117]: passed device to netlink monitor 0x55a3a1bc53c0
Sep 30 19:17:48 ubuntu-xps13 systemd-udevd[1117]: seq 2763 processed
Sep 30 19:17:48 ubuntu-xps13 systemd-udevd[1118]: value '[dmi/id]sys_vendor' is 'Dell Inc.'
Sep 30 19:17:48 ubuntu-xps13 systemd-udevd[553]: seq 2766 forked new worker [1120]
Sep 30 19:17:48 ubuntu-xps13 systemd-udevd[553]: seq 2767 queued, 'add' 'cgroup'
Sep 30 19:17:48 ubuntu-xps13 systemd-udevd[553]: passed 173 byte device to netlink monitor 0x55a3a1bceb90
Sep 30 19:17:48 ubuntu-xps13 systemd-udevd[553]: seq 2768 queued, 'add' 'cgroup'
Sep 30 19:17:48 ubuntu-xps13 systemd-udevd[1118]: passed device to netlink monitor 0x55a3a1b8a6d0
Sep 30 19:17:48 ubuntu-xps13 systemd-udevd[1118]: seq 2764 processed
Sep 30 19:17:48 ubuntu-xps13 systemd-udevd[1119]: seq 2765 running
Sep 30 19:17:48 ubuntu-xps13 systemd-udevd[553]: seq 2768 forked new worker [1121]
Sep 30 19:17:48 ubuntu-xps13 systemd-udevd[1119]: value '[dmi/id]sys_vendor' is 'Dell Inc.'
Sep 30 19:17:48 ubuntu-xps13 systemd-udevd[553]: seq 2769 queued, 'add' 'cgroup'
Sep 30 19:17:48 ubuntu-xps13 systemd-udevd[1120]: seq 2766 running
Sep 30 19:17:48 ubuntu-xps13 systemd-udevd[553]: passed 189 byte device to netlink monitor 0x55a3a1bceb90
Sep 30 19:17:48 ubuntu-xps13 systemd-udevd[1119]: value '[dmi/id]sys_vendor' is 'Dell Inc.'
Sep 30 19:17:48 ubuntu-xps13 systemd-udevd[1118]: seq 2769 running
Sep 30 19:17:48 ubuntu-xps13 systemd-udevd[1118]: value '[dmi/id]sys_vendor' is 'Dell Inc.'
Sep 30 19:17:48 ubuntu-xps13 systemd-udevd[1120]: value '[dmi/id]sys_vendor' is 'Dell Inc.'
Sep 30 19:17:48 ubuntu-xps13 systemd-udevd[1119]: passed device to netlink monitor 0x55a3a1bc1b90
Sep 30 19:17:48 ubuntu-xps13 systemd-udevd[1119]: seq 2765 processed
Sep 30 19:17:48 ubuntu-xps13 systemd-udevd[1118]: value '[dmi/id]sys_vendor' is 'Dell Inc.'
Sep 30 19:17:48 ubuntu-xps13 systemd-udevd[1120]: value '[dmi/id]sys_vendor' is 'Dell Inc.'
Sep 30 19:17:48 ubuntu-xps13 systemd-udevd[1117]: seq 2767 running
Sep 30 19:17:48 ubuntu-xps13 systemd-udevd[1117]: value '[dmi/id]sys_vendor' is 'Dell Inc.'
Sep 30 19:17:48 ubuntu-xps13 systemd-udevd[1118]: passed device to netlink monitor 0x55a3a1b8a6d0
Sep 30 19:17:48 ubuntu-xps13 systemd-udevd[1118]: seq 2769 processed
Sep 30 19:17:48 ubuntu-xps13 systemd-udevd[1117]: value '[dmi/id]sys_vendor' is 'Dell Inc.'
Sep 30 19:17:48 ubuntu-xps13 systemd-udevd[1120]: passed device to netlink monitor 0x55a3a1ba2970
Sep 30 19:17:48 ubuntu-xps13 systemd-udevd[1120]: seq 2766 processed
Sep 30 19:17:48 ubuntu-xps13 systemd-udevd[1117]: passed device to netlink monitor 0x55a3a1bc53c0
Sep 30 19:17:48 ubuntu-xps13 systemd-udevd[1117]: seq 2767 processed
Sep 30 19:17:48 ubuntu-xps13 systemd-udevd[1121]: seq 2768 running
Sep 30 19:17:48 ubuntu-xps13 systemd-udevd[1121]: value '[dmi/id]sys_vendor' is 'Dell Inc.'
Sep 30 19:17:48 ubuntu-xps13 systemd-udevd[1121]: value '[dmi/id]sys_vendor' is 'Dell Inc.'
Sep 30 19:17:48 ubuntu-xps13 systemd-udevd[1121]: passed device to netlink monitor 0x55a3a1b7ed10
Sep 30 19:17:48 ubuntu-xps13 systemd-udevd[1121]: seq 2768 processed
Sep 30 19:17:48 ubuntu-xps13 systemd-udevd[553]: cleanup idle workers
Sep 30 19:17:48 ubuntu-xps13 systemd-udevd[1119]: Unload module index
Sep 30 19:17:48 ubuntu-xps13 systemd-udevd[1118]: Unload module index
Sep 30 19:17:48 ubuntu-xps13 systemd-udevd[1118]: Unloaded link configuration context.
Sep 30 19:17:48 ubuntu-xps13 systemd-udevd[1119]: Unloaded link configuration context.
Sep 30 19:17:48 ubuntu-xps13 systemd-udevd[1117]: Unload module index
Sep 30 19:17:48 ubuntu-xps13 systemd-udevd[553]: worker [1118] exited
Sep 30 19:17:48 ubuntu-xps13 systemd-udevd[553]: worker [1119] exited
Sep 30 19:17:48 ubuntu-xps13 systemd-udevd[553]: cleanup idle workers
Sep 30 19:17:48 ubuntu-xps13 systemd-udevd[1120]: Unload module index
Sep 30 19:17:48 ubuntu-xps13 systemd-udevd[1117]: Unloaded link configuration context.
Sep 30 19:17:48 ubuntu-xps13 systemd-udevd[1120]: Unloaded link configuration context.
Sep 30 19:17:48 ubuntu-xps13 systemd-udevd[553]: worker [1117] exited
Sep 30 19:17:48 ubuntu-xps13 systemd-udevd[1121]: Unload module index
Sep 30 19:17:48 ubuntu-xps13 systemd-udevd[553]: worker [1120] exited
Sep 30 19:17:48 ubuntu-xps13 systemd-udevd[553]: cleanup idle workers
Sep 30 19:17:48 ubuntu-xps13 systemd-udevd[553]: cleanup idle workers
Sep 30 19:17:48 ubuntu-xps13 systemd-udevd[1121]: Unloaded link configuration context.
Sep 30 19:17:48 ubuntu-xps13 systemd-udevd[553]: worker [1121] exited
Sep 30 19:18:01 ubuntu-xps13 systemd-udevd[553]: seq 2770 queued, 'add' 'cgroup'
Sep 30 19:18:01 ubuntu-xps13 systemd-udevd[553]: Validate module index
Sep 30 19:18:01 ubuntu-xps13 systemd-udevd[553]: Check if link configuration needs reloading.
Sep 30 19:18:01 ubuntu-xps13 systemd-udevd[553]: seq 2770 forked new worker [1123]
Sep 30 19:18:01 ubuntu-xps13 systemd-udevd[553]: seq 2771 queued, 'add' 'cgroup'
Sep 30 19:18:01 ubuntu-xps13 systemd-udevd[1123]: seq 2770 running
Sep 30 19:18:01 ubuntu-xps13 systemd-udevd[553]: seq 2771 forked new worker [1124]
Sep 30 19:18:01 ubuntu-xps13 systemd-udevd[553]: seq 2772 queued, 'add' 'cgroup'
Sep 30 19:18:01 ubuntu-xps13 systemd-udevd[553]: seq 2772 forked new worker [1126]
Sep 30 19:18:01 ubuntu-xps13 systemd-udevd[1123]: value '[dmi/id]sys_vendor' is 'Dell Inc.'
Sep 30 19:18:01 ubuntu-xps13 systemd-udevd[1123]: value '[dmi/id]sys_vendor' is 'Dell Inc.'
Sep 30 19:18:01 ubuntu-xps13 systemd-udevd[1123]: passed device to netlink monitor 0x55a3a1bc53c0
Sep 30 19:18:01 ubuntu-xps13 systemd-udevd[1123]: seq 2770 processed
Sep 30 19:18:01 ubuntu-xps13 systemd-udevd[1124]: seq 2771 running
Sep 30 19:18:01 ubuntu-xps13 systemd-udevd[1124]: value '[dmi/id]sys_vendor' is 'Dell Inc.'
Sep 30 19:18:01 ubuntu-xps13 systemd-udevd[1124]: value '[dmi/id]sys_vendor' is 'Dell Inc.'
Sep 30 19:18:01 ubuntu-xps13 systemd-udevd[1124]: passed device to netlink monitor 0x55a3a1b8a6d0
Sep 30 19:18:01 ubuntu-xps13 systemd-udevd[1124]: seq 2771 processed
Sep 30 19:18:01 ubuntu-xps13 systemd-udevd[1126]: seq 2772 running
Sep 30 19:18:01 ubuntu-xps13 systemd-udevd[1126]: value '[dmi/id]sys_vendor' is 'Dell Inc.'
Sep 30 19:18:01 ubuntu-xps13 systemd-udevd[1126]: value '[dmi/id]sys_vendor' is 'Dell Inc.'
Sep 30 19:18:01 ubuntu-xps13 systemd-udevd[1126]: passed device to netlink monitor 0x55a3a1bc1b70
Sep 30 19:18:01 ubuntu-xps13 systemd-udevd[1126]: seq 2772 processed
Sep 30 19:18:01 ubuntu-xps13 systemd-udevd[553]: cleanup idle workers
Sep 30 19:18:01 ubuntu-xps13 systemd-udevd[1123]: Unload module index
Sep 30 19:18:01 ubuntu-xps13 systemd-udevd[1123]: Unloaded link configuration context.
Sep 30 19:18:01 ubuntu-xps13 systemd-udevd[1126]: Unload module index
Sep 30 19:18:01 ubuntu-xps13 systemd-udevd[1126]: Unloaded link configuration context.
Sep 30 19:18:01 ubuntu-xps13 systemd-udevd[1124]: Unload module index
Sep 30 19:18:01 ubuntu-xps13 systemd-udevd[553]: worker [1123] exited
Sep 30 19:18:01 ubuntu-xps13 systemd-udevd[553]: worker [1126] exited
Sep 30 19:18:01 ubuntu-xps13 systemd-udevd[553]: cleanup idle workers
Sep 30 19:18:01 ubuntu-xps13 systemd-udevd[1124]: Unloaded link configuration context.
Sep 30 19:18:01 ubuntu-xps13 systemd-udevd[553]: worker [1124] exited