Sep 30 19:16:17 ubuntu-xps13 systemd-udevd[561]: passed device to netlink monitor 0x55a3a1bccbf0
Sep 30 19:16:17 ubuntu-xps13 systemd-udevd[559]: passed device to netlink monitor 0x55a3a1b949b0
Sep 30 19:16:17 ubuntu-xps13 systemd-udevd[571]: passed device to netlink monitor 0x55a3a1bc6f50
Sep 30 19:16:17 ubuntu-xps13 systemd-udevd[553]: passed 176 byte device to netlink monitor 0x55a3a1bceb90
Sep 30 19:16:17 ubuntu-xps13 systemd-udevd[563]: seq 2011 running
Sep 30 19:16:17 ubuntu-xps13 systemd-udevd[563]: value '[dmi/id]sys_vendor' is 'Dell Inc.'
Sep 30 19:16:17 ubuntu-xps13 systemd-udevd[558]: seq 2009 processed
Sep 30 19:16:17 ubuntu-xps13 systemd-udevd[561]: seq 1997 processed
Sep 30 19:16:17 ubuntu-xps13 systemd-udevd[559]: seq 2005 processed
Sep 30 19:16:17 ubuntu-xps13 systemd-udevd[571]: seq 2006 processed
Sep 30 19:16:17 ubuntu-xps13 systemd-udevd[553]: seq 2012 queued, 'add' 'cgroup'
Sep 30 19:16:17 ubuntu-xps13 systemd-udevd[567]: value '[dmi/id]sys_vendor' is 'Dell Inc.'
Sep 30 19:16:17 ubuntu-xps13 systemd-udevd[563]: value '[dmi/id]sys_vendor' is 'Dell Inc.'
Sep 30 19:16:17 ubuntu-xps13 systemd[1]: Started Initial Check File System Quotas. -- Subject: Unit quota.service has finished start-up -- Defined-By: systemd -- Support: http://www.ubuntu.com/support -- -- Unit quota.service has finished starting up. -- -- The start-up result is done.
Sep 30 19:16:17 ubuntu-xps13 systemd-udevd[553]: passed 173 byte device to netlink monitor 0x55a3a1bceb90
Sep 30 19:16:17 ubuntu-xps13 systemd-udevd[565]: seq 2012 running
Sep 30 19:16:17 ubuntu-xps13 systemd-udevd[567]: passed device to netlink monitor 0x55a3a1bad4b0
Sep 30 19:16:17 ubuntu-xps13 systemd-udevd[563]: passed device to netlink monitor 0x55a3a1bcadc0
Sep 30 19:16:17 ubuntu-xps13 systemd-udevd[553]: seq 2013 queued, 'add' 'cgroup'
Sep 30 19:16:17 ubuntu-xps13 systemd-udevd[565]: value '[dmi/id]sys_vendor' is 'Dell Inc.'
Sep 30 19:16:17 ubuntu-xps13 systemd-udevd[567]: seq 2010 processed
Sep 30 19:16:17 ubuntu-xps13 systemd-udevd[563]: seq 2011 processed
Sep 30 19:16:17 ubuntu-xps13 systemd-udevd[553]: passed 177 byte device to netlink monitor 0x55a3a1bceb90
Sep 30 19:16:17 ubuntu-xps13 systemd-udevd[558]: seq 2013 running
Sep 30 19:16:17 ubuntu-xps13 systemd-udevd[565]: value '[dmi/id]sys_vendor' is 'Dell Inc.'
Sep 30 19:16:17 ubuntu-xps13 systemd-udevd[553]: seq 2014 queued, 'add' 'cgroup'
Sep 30 19:16:17 ubuntu-xps13 systemd-udevd[558]: value '[dmi/id]sys_vendor' is 'Dell Inc.'
Sep 30 19:16:17 ubuntu-xps13 systemd-udevd[553]: passed 174 byte device to netlink monitor 0x55a3a1bceb90
Sep 30 19:16:17 ubuntu-xps13 systemd-udevd[565]: passed device to netlink monitor 0x55a3a1b8c570
Sep 30 19:16:17 ubuntu-xps13 systemd-udevd[563]: seq 2014 running
Sep 30 19:16:17 ubuntu-xps13 systemd-udevd[558]: value '[dmi/id]sys_vendor' is 'Dell Inc.'
Sep 30 19:16:17 ubuntu-xps13 systemd-udevd[553]: seq 2015 queued, 'add' 'cgroup'
Sep 30 19:16:17 ubuntu-xps13 systemd-udevd[565]: seq 2012 processed
Sep 30 19:16:17 ubuntu-xps13 systemd-udevd[563]: value '[dmi/id]sys_vendor' is 'Dell Inc.'
Sep 30 19:16:17 ubuntu-xps13 systemd-udevd[553]: passed 171 byte device to netlink monitor 0x55a3a1bceb90
Sep 30 19:16:17 ubuntu-xps13 systemd-udevd[567]: seq 2015 running
Sep 30 19:16:17 ubuntu-xps13 systemd-udevd[558]: passed device to netlink monitor 0x55a3a1b89bc0
Sep 30 19:16:17 ubuntu-xps13 systemd-udevd[563]: value '[dmi/id]sys_vendor' is 'Dell Inc.'
Sep 30 19:16:17 ubuntu-xps13 systemd-udevd[553]: seq 2016 queued, 'add' 'cgroup'
Sep 30 19:16:17 ubuntu-xps13 systemd-udevd[567]: value '[dmi/id]sys_vendor' is 'Dell Inc.'
Sep 30 19:16:17 ubuntu-xps13 systemd-udevd[558]: seq 2013 processed
Sep 30 19:16:17 ubuntu-xps13 systemd-udevd[553]: passed 176 byte device to netlink monitor 0x55a3a1bceb90
Sep 30 19:16:17 ubuntu-xps13 systemd-udevd[565]: seq 2016 running
Sep 30 19:16:17 ubuntu-xps13 systemd-udevd[563]: passed device to netlink monitor 0x55a3a1bcadc0
Sep 30 19:16:17 ubuntu-xps13 systemd-udevd[567]: value '[dmi/id]sys_vendor' is 'Dell Inc.'
Sep 30 19:16:17 ubuntu-xps13 systemd-udevd[553]: seq 2017 queued, 'add' 'cgroup'
Sep 30 19:16:17 ubuntu-xps13 systemd-udevd[565]: value '[dmi/id]sys_vendor' is 'Dell Inc.'
Sep 30 19:16:17 ubuntu-xps13 systemd-udevd[563]: seq 2014 processed
Sep 30 19:16:17 ubuntu-xps13 systemd-udevd[567]: passed device to netlink monitor 0x55a3a1bad4b0
Sep 30 19:16:17 ubuntu-xps13 systemd-udevd[553]: passed 167 byte device to netlink monitor 0x55a3a1bceb90
Sep 30 19:16:17 ubuntu-xps13 systemd-udevd[558]: seq 2017 running
Sep 30 19:16:17 ubuntu-xps13 systemd-udevd[565]: value '[dmi/id]sys_vendor' is 'Dell Inc.'
Sep 30 19:16:17 ubuntu-xps13 systemd-udevd[567]: seq 2015 processed
Sep 30 19:16:17 ubuntu-xps13 systemd-udevd[553]: seq 2018 queued, 'add' 'cgroup'
Sep 30 19:16:17 ubuntu-xps13 systemd-udevd[558]: value '[dmi/id]sys_vendor' is 'Dell Inc.'
Sep 30 19:16:17 ubuntu-xps13 systemd-udevd[565]: passed device to netlink monitor 0x55a3a1b8c570
Sep 30 19:16:17 ubuntu-xps13 systemd-udevd[553]: passed 165 byte device to netlink monitor 0x55a3a1bceb90
Sep 30 19:16:17 ubuntu-xps13 systemd-udevd[563]: seq 2018 running
Sep 30 19:16:17 ubuntu-xps13 systemd-udevd[563]: value '[dmi/id]sys_vendor' is 'Dell Inc.'
Sep 30 19:16:17 ubuntu-xps13 systemd-udevd[565]: seq 2016 processed
Sep 30 19:16:17 ubuntu-xps13 systemd-udevd[553]: seq 2019 queued, 'add' 'cgroup'
Sep 30 19:16:17 ubuntu-xps13 systemd-udevd[558]: value '[dmi/id]sys_vendor' is 'Dell Inc.'
Sep 30 19:16:17 ubuntu-xps13 systemd-udevd[563]: value '[dmi/id]sys_vendor' is 'Dell Inc.'
Sep 30 19:16:17 ubuntu-xps13 systemd-udevd[553]: passed 199 byte device to netlink monitor 0x55a3a1bceb90
Sep 30 19:16:17 ubuntu-xps13 systemd-udevd[567]: seq 2019 running
Sep 30 19:16:17 ubuntu-xps13 systemd-udevd[567]: value '[dmi/id]sys_vendor' is 'Dell Inc.'
Sep 30 19:16:17 ubuntu-xps13 systemd-udevd[563]: passed device to netlink monitor 0x55a3a1bcadc0
Sep 30 19:16:17 ubuntu-xps13 systemd-udevd[553]: seq 2020 queued, 'add' 'cgroup'
Sep 30 19:16:17 ubuntu-xps13 systemd-udevd[558]: passed device to netlink monitor 0x55a3a1b89bc0
Sep 30 19:16:17 ubuntu-xps13 systemd-udevd[567]: value '[dmi/id]sys_vendor' is 'Dell Inc.'
Sep 30 19:16:17 ubuntu-xps13 systemd-udevd[563]: seq 2018 processed
Sep 30 19:16:17 ubuntu-xps13 systemd-udevd[553]: passed 200 byte device to netlink monitor 0x55a3a1bceb90
Sep 30 19:16:17 ubuntu-xps13 systemd-udevd[565]: seq 2020 running
Sep 30 19:16:17 ubuntu-xps13 systemd-udevd[558]: seq 2017 processed
Sep 30 19:16:17 ubuntu-xps13 systemd-udevd[567]: passed device to netlink monitor 0x55a3a1bad4b0
Sep 30 19:16:17 ubuntu-xps13 systemd-udevd[553]: seq 2021 queued, 'add' 'cgroup'
Sep 30 19:16:17 ubuntu-xps13 systemd-udevd[565]: value '[dmi/id]sys_vendor' is 'Dell Inc.'
Sep 30 19:16:17 ubuntu-xps13 systemd-udevd[567]: seq 2019 processed
Sep 30 19:16:17 ubuntu-xps13 systemd-udevd[553]: passed 191 byte device to netlink monitor 0x55a3a1bceb90
Sep 30 19:16:17 ubuntu-xps13 systemd-udevd[563]: seq 2021 running
Sep 30 19:16:17 ubuntu-xps13 systemd-udevd[565]: value '[dmi/id]sys_vendor' is 'Dell Inc.'
Sep 30 19:16:17 ubuntu-xps13 systemd-udevd[553]: seq 2022 queued, 'add' 'cgroup'
Sep 30 19:16:17 ubuntu-xps13 systemd-udevd[563]: value '[dmi/id]sys_vendor' is 'Dell Inc.'
Sep 30 19:16:17 ubuntu-xps13 systemd-udevd[565]: passed device to netlink monitor 0x55a3a1b8c570
Sep 30 19:16:17 ubuntu-xps13 systemd-udevd[553]: passed 197 byte device to netlink monitor 0x55a3a1bceb90
Sep 30 19:16:17 ubuntu-xps13 systemd-udevd[567]: seq 2022 running
Sep 30 19:16:17 ubuntu-xps13 systemd-udevd[563]: value '[dmi/id]sys_vendor' is 'Dell Inc.'
Sep 30 19:16:17 ubuntu-xps13 systemd-udevd[565]: seq 2020 processed
Sep 30 19:16:17 ubuntu-xps13 systemd-udevd[553]: seq 2023 queued, 'add' 'cgroup'
Sep 30 19:16:17 ubuntu-xps13 systemd-udevd[567]: value '[dmi/id]sys_vendor' is 'Dell Inc.'
Sep 30 19:16:17 ubuntu-xps13 systemd-udevd[563]: passed device to netlink monitor 0x55a3a1bcadc0
Sep 30 19:16:17 ubuntu-xps13 systemd-udevd[553]: passed 185 byte device to netlink monitor 0x55a3a1bceb90
Sep 30 19:16:17 ubuntu-xps13 systemd-udevd[558]: seq 2023 running
Sep 30 19:16:17 ubuntu-xps13 systemd-udevd[567]: value '[dmi/id]sys_vendor' is 'Dell Inc.'
Sep 30 19:16:17 ubuntu-xps13 systemd-udevd[563]: seq 2021 processed
Sep 30 19:16:17 ubuntu-xps13 systemd-udevd[553]: seq 2024 queued, 'add' 'cgroup'
Sep 30 19:16:17 ubuntu-xps13 systemd-udevd[558]: value '[dmi/id]sys_vendor' is 'Dell Inc.'
Sep 30 19:16:17 ubuntu-xps13 systemd-udevd[567]: passed device to netlink monitor 0x55a3a1bad4b0
Sep 30 19:16:17 ubuntu-xps13 systemd-udevd[553]: passed 207 byte device to netlink monitor 0x55a3a1bceb90
Sep 30 19:16:17 ubuntu-xps13 systemd-udevd[565]: seq 2024 running
Sep 30 19:16:17 ubuntu-xps13 systemd-udevd[558]: value '[dmi/id]sys_vendor' is 'Dell Inc.'
Sep 30 19:16:17 ubuntu-xps13 systemd-udevd[567]: seq 2022 processed
Sep 30 19:16:17 ubuntu-xps13 systemd-udevd[553]: seq 2025 queued, 'add' 'cgroup'
Sep 30 19:16:17 ubuntu-xps13 systemd-udevd[565]: value '[dmi/id]sys_vendor' is 'Dell Inc.'
Sep 30 19:16:17 ubuntu-xps13 systemd-udevd[558]: passed device to netlink monitor 0x55a3a1b89bc0
Sep 30 19:16:17 ubuntu-xps13 systemd-udevd[553]: passed 207 byte device to netlink monitor 0x55a3a1bceb90
Sep 30 19:16:17 ubuntu-xps13 systemd-udevd[563]: seq 2025 running
Sep 30 19:16:17 ubuntu-xps13 systemd-udevd[565]: value '[dmi/id]sys_vendor' is 'Dell Inc.'
Sep 30 19:16:17 ubuntu-xps13 systemd-udevd[558]: seq 2023 processed
Sep 30 19:16:17 ubuntu-xps13 systemd-udevd[553]: seq 2026 queued, 'add' 'module'
Sep 30 19:16:17 ubuntu-xps13 systemd[1]: Started Show Plymouth Boot Screen. -- Subject: Unit plymouth-start.service has finished start-up -- Defined-By: systemd -- Support: http://www.ubuntu.com/support -- -- Unit plymouth-start.service has finished starting up. -- -- The start-up result is done.
Sep 30 19:16:17 ubuntu-xps13 systemd-udevd[565]: passed device to netlink monitor 0x55a3a1b8c570
Sep 30 19:16:17 ubuntu-xps13 systemd-udevd[553]: passed 129 byte device to netlink monitor 0x55a3a1bceb90
Sep 30 19:16:17 ubuntu-xps13 systemd-udevd[567]: seq 2026 running
Sep 30 19:16:17 ubuntu-xps13 systemd-udevd[563]: value '[dmi/id]sys_vendor' is 'Dell Inc.'
Sep 30 19:16:17 ubuntu-xps13 systemd-udevd[565]: seq 2024 processed
Sep 30 19:16:17 ubuntu-xps13 systemd[1]: Started Forward Password Requests to Plymouth Directory Watch. -- Subject: Unit systemd-ask-password-plymouth.path has finished start-up -- Defined-By: systemd -- Support: http://www.ubuntu.com/support -- -- Unit systemd-ask-password-plymouth.path has finished starting up. -- -- The start-up result is done.
Sep 30 19:16:17 ubuntu-xps13 systemd-udevd[553]: seq 2027 queued, 'add' 'bus'
Sep 30 19:16:17 ubuntu-xps13 systemd-udevd[567]: value '[dmi/id]sys_vendor' is 'Dell Inc.'
Sep 30 19:16:17 ubuntu-xps13 systemd-udevd[563]: value '[dmi/id]sys_vendor' is 'Dell Inc.'
Sep 30 19:16:17 ubuntu-xps13 systemd-udevd[553]: passed 123 byte device to netlink monitor 0x55a3a1bceb90
Sep 30 19:16:17 ubuntu-xps13 systemd-udevd[558]: seq 2027 running
Sep 30 19:16:18 ubuntu-xps13 systemd-udevd[567]: value '[dmi/id]sys_vendor' is 'Dell Inc.'
Sep 30 19:16:18 ubuntu-xps13 systemd-udevd[563]: passed device to netlink monitor 0x55a3a1bcadc0
Sep 30 19:16:18 ubuntu-xps13 systemd-udevd[553]: seq 2028 queued, 'add' 'cgroup'
Sep 30 19:16:18 ubuntu-xps13 systemd-udevd[558]: value '[dmi/id]sys_vendor' is 'Dell Inc.'
Sep 30 19:16:18 ubuntu-xps13 systemd-udevd[567]: passed device to netlink monitor 0x55a3a1bad4b0
Sep 30 19:16:18 ubuntu-xps13 systemd-udevd[563]: seq 2025 processed
Sep 30 19:16:18 ubuntu-xps13 systemd-udevd[553]: passed 193 byte device to netlink monitor 0x55a3a1bceb90
Sep 30 19:16:18 ubuntu-xps13 systemd-udevd[565]: seq 2028 running
Sep 30 19:16:18 ubuntu-xps13 systemd-udevd[558]: value '[dmi/id]sys_vendor' is 'Dell Inc.'
Sep 30 19:16:18 ubuntu-xps13 systemd-udevd[567]: seq 2026 processed
Sep 30 19:16:18 ubuntu-xps13 systemd-udevd[553]: seq 2029 queued, 'add' 'cgroup'
Sep 30 19:16:18 ubuntu-xps13 systemd-udevd[565]: value '[dmi/id]sys_vendor' is 'Dell Inc.'
Sep 30 19:16:18 ubuntu-xps13 systemd-udevd[558]: passed device to netlink monitor 0x55a3a1b89bc0
Sep 30 19:16:18 ubuntu-xps13 systemd-udevd[553]: passed 182 byte device to netlink monitor 0x55a3a1bceb90
Sep 30 19:16:18 ubuntu-xps13 systemd-udevd[563]: seq 2029 running
Sep 30 19:16:18 ubuntu-xps13 systemd-udevd[565]: value '[dmi/id]sys_vendor' is 'Dell Inc.'
Sep 30 19:16:18 ubuntu-xps13 systemd-udevd[565]: passed device to netlink monitor 0x55a3a1b8c570
Sep 30 19:16:18 ubuntu-xps13 systemd-udevd[553]: seq 2030 queued, 'add' 'cgroup'
Sep 30 19:16:18 ubuntu-xps13 systemd-udevd[563]: value '[dmi/id]sys_vendor' is 'Dell Inc.'
Sep 30 19:16:18 ubuntu-xps13 systemd-udevd[558]: seq 2027 processed
Sep 30 19:16:18 ubuntu-xps13 systemd-udevd[565]: seq 2028 processed
Sep 30 19:16:18 ubuntu-xps13 systemd-udevd[553]: passed 182 byte device to netlink monitor 0x55a3a1bceb90
Sep 30 19:16:18 ubuntu-xps13 systemd-udevd[567]: seq 2030 running
Sep 30 19:16:18 ubuntu-xps13 systemd-udevd[563]: value '[dmi/id]sys_vendor' is 'Dell Inc.'
Sep 30 19:16:18 ubuntu-xps13 systemd-udevd[553]: seq 2031 queued, 'add' 'cgroup'
Sep 30 19:16:18 ubuntu-xps13 systemd-udevd[567]: value '[dmi/id]sys_vendor' is 'Dell Inc.'
Sep 30 19:16:18 ubuntu-xps13 systemd-udevd[563]: passed device to netlink monitor 0x55a3a1bcadc0
Sep 30 19:16:18 ubuntu-xps13 systemd-udevd[553]: passed 179 byte device to netlink monitor 0x55a3a1bceb90
Sep 30 19:16:18 ubuntu-xps13 systemd-udevd[558]: seq 2031 running
Sep 30 19:16:18 ubuntu-xps13 systemd-udevd[567]: value '[dmi/id]sys_vendor' is 'Dell Inc.'
Sep 30 19:16:18 ubuntu-xps13 systemd-udevd[567]: passed device to netlink monitor 0x55a3a1bad4b0
Sep 30 19:16:18 ubuntu-xps13 systemd-udevd[553]: seq 2032 queued, 'add' 'cgroup'
Sep 30 19:16:18 ubuntu-xps13 systemd-udevd[558]: value '[dmi/id]sys_vendor' is 'Dell Inc.'
Sep 30 19:16:18 ubuntu-xps13 systemd-udevd[563]: seq 2029 processed
Sep 30 19:16:18 ubuntu-xps13 systemd-udevd[567]: seq 2030 processed
Sep 30 19:16:18 ubuntu-xps13 systemd-udevd[553]: passed 183 byte device to netlink monitor 0x55a3a1bceb90
Sep 30 19:16:18 ubuntu-xps13 systemd-udevd[565]: seq 2032 running
Sep 30 19:16:18 ubuntu-xps13 systemd-udevd[558]: value '[dmi/id]sys_vendor' is 'Dell Inc.'
Sep 30 19:16:18 ubuntu-xps13 systemd-udevd[553]: seq 2033 queued, 'add' 'cgroup'
Sep 30 19:16:18 ubuntu-xps13 systemd-udevd[565]: value '[dmi/id]sys_vendor' is 'Dell Inc.'
Sep 30 19:16:18 ubuntu-xps13 systemd-udevd[558]: seq 2437 running
Sep 30 19:16:18 ubuntu-xps13 systemd-udevd[570]: value '[dmi/id]sys_vendor' is 'Dell Inc.'
Sep 30 19:16:18 ubuntu-xps13 systemd-udevd[565]: value '[dmi/id]sys_vendor' is 'Dell Inc.'
Sep 30 19:16:18 ubuntu-xps13 systemd-udevd[570]: value '[dmi/id]sys_vendor' is 'Dell Inc.'
Sep 30 19:16:18 ubuntu-xps13 systemd-udevd[558]: value '[dmi/id]sys_vendor' is 'Dell Inc.'
Sep 30 19:16:18 ubuntu-xps13 systemd-udevd[565]: value '[dmi/id]sys_vendor' is 'Dell Inc.'
Sep 30 19:16:18 ubuntu-xps13 systemd-udevd[558]: value '[dmi/id]sys_vendor' is 'Dell Inc.'
Sep 30 19:16:18 ubuntu-xps13 systemd-udevd[565]: passed device to netlink monitor 0x55a3a1b8c570
Sep 30 19:16:18 ubuntu-xps13 systemd-udevd[570]: passed device to netlink monitor 0x55a3a1bc59e0
Sep 30 19:16:18 ubuntu-xps13 systemd-udevd[570]: seq 2440 processed
Sep 30 19:16:18 ubuntu-xps13 systemd-udevd[565]: seq 2438 processed
Sep 30 19:16:18 ubuntu-xps13 systemd-udevd[563]: seq 2442 running
Sep 30 19:16:18 ubuntu-xps13 systemd-udevd[558]: passed device to netlink monitor 0x55a3a1b89bc0
Sep 30 19:16:18 ubuntu-xps13 systemd-udevd[558]: seq 2437 processed
Sep 30 19:16:18 ubuntu-xps13 systemd-udevd[555]: value '[dmi/id]sys_vendor' is 'Dell Inc.'
Sep 30 19:16:18 ubuntu-xps13 systemd-udevd[563]: value '[dmi/id]sys_vendor' is 'Dell Inc.'
Sep 30 19:16:18 ubuntu-xps13 systemd-udevd[555]: value '[dmi/id]sys_vendor' is 'Dell Inc.'
Sep 30 19:16:18 ubuntu-xps13 systemd-udevd[563]: value '[dmi/id]sys_vendor' is 'Dell Inc.'
Sep 30 19:16:18 ubuntu-xps13 systemd-udevd[555]: passed device to netlink monitor 0x55a3a1bcd880
Sep 30 19:16:18 ubuntu-xps13 systemd-udevd[555]: seq 2439 processed
Sep 30 19:16:18 ubuntu-xps13 systemd-udevd[563]: passed device to netlink monitor 0x55a3a1bcadc0
Sep 30 19:16:18 ubuntu-xps13 systemd-udevd[563]: seq 2442 processed
Sep 30 19:16:18 ubuntu-xps13 systemd-udevd[570]: seq 2449 running
Sep 30 19:16:18 ubuntu-xps13 systemd-udevd[565]: seq 2448 running
Sep 30 19:16:18 ubuntu-xps13 systemd-udevd[570]: value '[dmi/id]sys_vendor' is 'Dell Inc.'
Sep 30 19:16:18 ubuntu-xps13 systemd-udevd[567]: passed device to netlink monitor 0x55a3a1bad4b0
Sep 30 19:16:18 ubuntu-xps13 systemd-udevd[567]: seq 2436 processed
Sep 30 19:16:18 ubuntu-xps13 systemd-udevd[555]: seq 2451 running
Sep 30 19:16:18 ubuntu-xps13 systemd-udevd[570]: value '[dmi/id]sys_vendor' is 'Dell Inc.'
Sep 30 19:16:18 ubuntu-xps13 systemd-udevd[555]: value '[dmi/id]sys_vendor' is 'Dell Inc.'
Sep 30 19:16:18 ubuntu-xps13 systemd-udevd[568]: seq 2453 running
Sep 30 19:16:18 ubuntu-xps13 systemd-udevd[568]: value '[dmi/id]sys_vendor' is 'Dell Inc.'
Sep 30 19:16:18 ubuntu-xps13 systemd-udevd[568]: value '[dmi/id]sys_vendor' is 'Dell Inc.'
Sep 30 19:16:18 ubuntu-xps13 systemd-udevd[560]: seq 2457 running
Sep 30 19:16:18 ubuntu-xps13 systemd-udevd[568]: passed device to netlink monitor 0x55a3a1bae6d0
Sep 30 19:16:18 ubuntu-xps13 systemd-udevd[568]: seq 2453 processed
Sep 30 19:16:18 ubuntu-xps13 systemd-udevd[566]: seq 2455 running
Sep 30 19:16:18 ubuntu-xps13 systemd-udevd[560]: value '[dmi/id]sys_vendor' is 'Dell Inc.'
Sep 30 19:16:18 ubuntu-xps13 systemd-udevd[560]: value '[dmi/id]sys_vendor' is 'Dell Inc.'
Sep 30 19:16:18 ubuntu-xps13 systemd-udevd[566]: value '[dmi/id]sys_vendor' is 'Dell Inc.'
Sep 30 19:16:18 ubuntu-xps13 systemd-udevd[566]: value '[dmi/id]sys_vendor' is 'Dell Inc.'
Sep 30 19:16:18 ubuntu-xps13 systemd-udevd[560]: passed device to netlink monitor 0x55a3a1bb0ee0
Sep 30 19:16:18 ubuntu-xps13 systemd-udevd[560]: seq 2457 processed
Sep 30 19:16:18 ubuntu-xps13 systemd-udevd[566]: passed device to netlink monitor 0x55a3a1b8d7a0
Sep 30 19:16:18 ubuntu-xps13 systemd-udevd[558]: seq 2447 running
Sep 30 19:16:18 ubuntu-xps13 systemd-udevd[566]: seq 2455 processed
Sep 30 19:16:18 ubuntu-xps13 systemd-udevd[555]: value '[dmi/id]sys_vendor' is 'Dell Inc.'
Sep 30 19:16:18 ubuntu-xps13 systemd-udevd[558]: value '[dmi/id]sys_vendor' is 'Dell Inc.'
Sep 30 19:16:18 ubuntu-xps13 systemd-udevd[558]: value '[dmi/id]sys_vendor' is 'Dell Inc.'
Sep 30 19:16:18 ubuntu-xps13 systemd-udevd[555]: passed device to netlink monitor 0x55a3a1bcd880
Sep 30 19:16:18 ubuntu-xps13 systemd-udevd[555]: seq 2451 processed
Sep 30 19:16:18 ubuntu-xps13 systemd-udevd[567]: seq 2452 running
Sep 30 19:16:18 ubuntu-xps13 systemd-udevd[558]: passed device to netlink monitor 0x55a3a1b89bc0
Sep 30 19:16:18 ubuntu-xps13 systemd-udevd[558]: seq 2447 processed
Sep 30 19:16:18 ubuntu-xps13 systemd-udevd[567]: value '[dmi/id]sys_vendor' is 'Dell Inc.'
Sep 30 19:16:18 ubuntu-xps13 systemd-udevd[554]: seq 2454 running
Sep 30 19:16:18 ubuntu-xps13 systemd-udevd[567]: value '[dmi/id]sys_vendor' is 'Dell Inc.'
Sep 30 19:16:18 ubuntu-xps13 systemd-udevd[554]: value '[dmi/id]sys_vendor' is 'Dell Inc.'
Sep 30 19:16:18 ubuntu-xps13 systemd-udevd[554]: value '[dmi/id]sys_vendor' is 'Dell Inc.'
Sep 30 19:16:18 ubuntu-xps13 systemd-udevd[567]: passed device to netlink monitor 0x55a3a1bad4b0
Sep 30 19:16:18 ubuntu-xps13 systemd-udevd[567]: seq 2452 processed
Sep 30 19:16:18 ubuntu-xps13 systemd-udevd[568]: seq 2460 running
Sep 30 19:16:18 ubuntu-xps13 systemd-udevd[554]: passed device to netlink monitor 0x55a3a1bc5400
Sep 30 19:16:18 ubuntu-xps13 systemd-udevd[568]: value '[dmi/id]sys_vendor' is 'Dell Inc.'
Sep 30 19:16:18 ubuntu-xps13 systemd-udevd[554]: seq 2454 processed
Sep 30 19:16:18 ubuntu-xps13 systemd-udevd[557]: seq 2456 running
Sep 30 19:16:18 ubuntu-xps13 systemd-udevd[568]: value '[dmi/id]sys_vendor' is 'Dell Inc.'
Sep 30 19:16:18 ubuntu-xps13 systemd-udevd[557]: value '[dmi/id]sys_vendor' is 'Dell Inc.'
Sep 30 19:16:18 ubuntu-xps13 systemd-udevd[560]: seq 2464 running
Sep 30 19:16:18 ubuntu-xps13 systemd-udevd[557]: value '[dmi/id]sys_vendor' is 'Dell Inc.'
Sep 30 19:16:18 ubuntu-xps13 systemd-udevd[568]: passed device to netlink monitor 0x55a3a1bae6d0
Sep 30 19:16:18 ubuntu-xps13 systemd-udevd[568]: seq 2460 processed
Sep 30 19:16:18 ubuntu-xps13 systemd-udevd[566]: seq 2462 running
Sep 30 19:16:18 ubuntu-xps13 systemd-udevd[560]: value '[dmi/id]sys_vendor' is 'Dell Inc.'
Sep 30 19:16:18 ubuntu-xps13 systemd-udevd[560]: value '[dmi/id]sys_vendor' is 'Dell Inc.'
Sep 30 19:16:18 ubuntu-xps13 systemd-udevd[557]: passed device to netlink monitor 0x55a3a1ba2550
Sep 30 19:16:18 ubuntu-xps13 systemd-udevd[566]: value '[dmi/id]sys_vendor' is 'Dell Inc.'
Sep 30 19:16:18 ubuntu-xps13 systemd-udevd[557]: seq 2456 processed
Sep 30 19:16:18 ubuntu-xps13 systemd-udevd[554]: seq 2463 running
Sep 30 19:16:18 ubuntu-xps13 systemd-udevd[566]: value '[dmi/id]sys_vendor' is 'Dell Inc.'
Sep 30 19:16:18 ubuntu-xps13 systemd-udevd[554]: value '[dmi/id]sys_vendor' is 'Dell Inc.'
Sep 30 19:16:18 ubuntu-xps13 systemd-udevd[560]: passed device to netlink monitor 0x55a3a1bb0ee0
Sep 30 19:16:18 ubuntu-xps13 systemd-udevd[560]: seq 2464 processed
Sep 30 19:16:18 ubuntu-xps13 systemd-udevd[554]: value '[dmi/id]sys_vendor' is 'Dell Inc.'
Sep 30 19:16:18 ubuntu-xps13 systemd-udevd[566]: passed device to netlink monitor 0x55a3a1b8d7a0
Sep 30 19:16:18 ubuntu-xps13 systemd-udevd[558]: seq 2458 running
Sep 30 19:16:18 ubuntu-xps13 systemd-udevd[566]: seq 2462 processed
Sep 30 19:16:18 ubuntu-xps13 systemd-udevd[555]: seq 2459 running
Sep 30 19:16:18 ubuntu-xps13 systemd-udevd[558]: value '[dmi/id]sys_vendor' is 'Dell Inc.'
Sep 30 19:16:18 ubuntu-xps13 systemd-udevd[554]: passed device to netlink monitor 0x55a3a1bc5400
Sep 30 19:16:18 ubuntu-xps13 systemd-udevd[555]: value '[dmi/id]sys_vendor' is 'Dell Inc.'
Sep 30 19:16:18 ubuntu-xps13 systemd-udevd[554]: seq 2463 processed
Sep 30 19:16:18 ubuntu-xps13 systemd-udevd[570]: passed device to netlink monitor 0x55a3a1bc59e0
Sep 30 19:16:18 ubuntu-xps13 systemd-udevd[570]: seq 2449 processed
Sep 30 19:16:18 ubuntu-xps13 systemd-udevd[558]: value '[dmi/id]sys_vendor' is 'Dell Inc.'
Sep 30 19:16:18 ubuntu-xps13 systemd-udevd[555]: value '[dmi/id]sys_vendor' is 'Dell Inc.'
Sep 30 19:16:18 ubuntu-xps13 systemd-udevd[565]: value '[dmi/id]sys_vendor' is 'Dell Inc.'
Sep 30 19:16:18 ubuntu-xps13 systemd-udevd[565]: value '[dmi/id]sys_vendor' is 'Dell Inc.'
Sep 30 19:16:18 ubuntu-xps13 systemd-udevd[558]: passed device to netlink monitor 0x55a3a1b89bc0
Sep 30 19:16:18 ubuntu-xps13 systemd-udevd[555]: passed device to netlink monitor 0x55a3a1bcd880
Sep 30 19:16:18 ubuntu-xps13 systemd-udevd[558]: seq 2458 processed
Sep 30 19:16:18 ubuntu-xps13 systemd-udevd[555]: seq 2459 processed
Sep 30 19:16:18 ubuntu-xps13 systemd-udevd[567]: seq 2461 running
Sep 30 19:16:18 ubuntu-xps13 systemd-udevd[565]: passed device to netlink monitor 0x55a3a1b8c570
Sep 30 19:16:18 ubuntu-xps13 systemd-udevd[565]: seq 2448 processed
Sep 30 19:16:18 ubuntu-xps13 systemd-udevd[567]: value '[dmi/id]sys_vendor' is 'Dell Inc.'
Sep 30 19:16:18 ubuntu-xps13 systemd-udevd[563]: seq 2450 running
Sep 30 19:16:18 ubuntu-xps13 systemd-udevd[567]: value '[dmi/id]sys_vendor' is 'Dell Inc.'
Sep 30 19:16:18 ubuntu-xps13 systemd-udevd[563]: value '[dmi/id]sys_vendor' is 'Dell Inc.'
Sep 30 19:16:18 ubuntu-xps13 systemd-udevd[563]: value '[dmi/id]sys_vendor' is 'Dell Inc.'
Sep 30 19:16:18 ubuntu-xps13 systemd-udevd[567]: passed device to netlink monitor 0x55a3a1bad4b0
Sep 30 19:16:18 ubuntu-xps13 systemd-udevd[570]: seq 2468 running
Sep 30 19:16:18 ubuntu-xps13 systemd-udevd[567]: seq 2461 processed
Sep 30 19:16:18 ubuntu-xps13 systemd-udevd[555]: seq 2467 running
Sep 30 19:16:18 ubuntu-xps13 systemd-udevd[568]: seq 2469 running
Sep 30 19:16:18 ubuntu-xps13 systemd-udevd[570]: value '[dmi/id]sys_vendor' is 'Dell Inc.'
Sep 30 19:16:18 ubuntu-xps13 systemd-udevd[565]: seq 2466 running
Sep 30 19:16:18 ubuntu-xps13 systemd-udevd[568]: value '[dmi/id]sys_vendor' is 'Dell Inc.'
Sep 30 19:16:18 ubuntu-xps13 systemd-udevd[554]: seq 2471 running
Sep 30 19:16:18 ubuntu-xps13 systemd-udevd[568]: value '[dmi/id]sys_vendor' is 'Dell Inc.'
Sep 30 19:16:18 ubuntu-xps13 systemd-udevd[554]: value '[dmi/id]sys_vendor' is 'Dell Inc.'
Sep 30 19:16:18 ubuntu-xps13 systemd-udevd[554]: value '[dmi/id]sys_vendor' is 'Dell Inc.'
Sep 30 19:16:18 ubuntu-xps13 systemd-udevd[560]: seq 2474 running
Sep 30 19:16:18 ubuntu-xps13 systemd-udevd[568]: passed device to netlink monitor 0x55a3a1bae6d0
Sep 30 19:16:18 ubuntu-xps13 systemd-udevd[568]: seq 2469 processed
Sep 30 19:16:18 ubuntu-xps13 systemd-udevd[566]: seq 2472 running
Sep 30 19:16:18 ubuntu-xps13 systemd-udevd[554]: passed device to netlink monitor 0x55a3a1bc5400
Sep 30 19:16:18 ubuntu-xps13 systemd-udevd[554]: seq 2471 processed
Sep 30 19:16:18 ubuntu-xps13 systemd-udevd[557]: seq 2473 running
Sep 30 19:16:18 ubuntu-xps13 systemd-udevd[560]: value '[dmi/id]sys_vendor' is 'Dell Inc.'
Sep 30 19:16:18 ubuntu-xps13 systemd-udevd[566]: value '[dmi/id]sys_vendor' is 'Dell Inc.'
Sep 30 19:16:18 ubuntu-xps13 systemd-udevd[566]: value '[dmi/id]sys_vendor' is 'Dell Inc.'
Sep 30 19:16:18 ubuntu-xps13 systemd-udevd[560]: value '[dmi/id]sys_vendor' is 'Dell Inc.'
Sep 30 19:16:18 ubuntu-xps13 systemd-udevd[557]: value '[dmi/id]sys_vendor' is 'Dell Inc.'
Sep 30 19:16:18 ubuntu-xps13 systemd-udevd[557]: value '[dmi/id]sys_vendor' is 'Dell Inc.'
Sep 30 19:16:18 ubuntu-xps13 systemd-udevd[566]: passed device to netlink monitor 0x55a3a1b8d7a0
Sep 30 19:16:18 ubuntu-xps13 systemd-udevd[566]: seq 2472 processed
Sep 30 19:16:18 ubuntu-xps13 systemd-udevd[560]: passed device to netlink monitor 0x55a3a1bb0ee0
Sep 30 19:16:18 ubuntu-xps13 systemd-udevd[560]: seq 2474 processed
Sep 30 19:16:18 ubuntu-xps13 systemd-udevd[558]: seq 2465 running
Sep 30 19:16:18 ubuntu-xps13 systemd-udevd[557]: passed device to netlink monitor 0x55a3a1ba2550
Sep 30 19:16:18 ubuntu-xps13 systemd-udevd[570]: value '[dmi/id]sys_vendor' is 'Dell Inc.'
Sep 30 19:16:18 ubuntu-xps13 systemd-udevd[557]: seq 2473 processed
Sep 30 19:16:18 ubuntu-xps13 systemd-udevd[565]: value '[dmi/id]sys_vendor' is 'Dell Inc.'
Sep 30 19:16:18 ubuntu-xps13 systemd-udevd[558]: value '[dmi/id]sys_vendor' is 'Dell Inc.'
Sep 30 19:16:18 ubuntu-xps13 systemd-udevd[565]: value '[dmi/id]sys_vendor' is 'Dell Inc.'
Sep 30 19:16:18 ubuntu-xps13 systemd-udevd[570]: passed device to netlink monitor 0x55a3a1bc59e0
Sep 30 19:16:18 ubuntu-xps13 systemd-udevd[558]: value '[dmi/id]sys_vendor' is 'Dell Inc.'
Sep 30 19:16:18 ubuntu-xps13 systemd-udevd[570]: seq 2468 processed
Sep 30 19:16:18 ubuntu-xps13 systemd-udevd[555]: value '[dmi/id]sys_vendor' is 'Dell Inc.'
Sep 30 19:16:18 ubuntu-xps13 systemd-udevd[565]: passed device to netlink monitor 0x55a3a1b8c570
Sep 30 19:16:18 ubuntu-xps13 systemd-udevd[565]: seq 2466 processed
Sep 30 19:16:18 ubuntu-xps13 systemd-udevd[555]: value '[dmi/id]sys_vendor' is 'Dell Inc.'
Sep 30 19:16:18 ubuntu-xps13 systemd-udevd[558]: passed device to netlink monitor 0x55a3a1b89bc0
Sep 30 19:16:18 ubuntu-xps13 systemd-udevd[558]: seq 2465 processed
Sep 30 19:16:18 ubuntu-xps13 systemd-udevd[563]: passed device to netlink monitor 0x55a3a1bcadc0
Sep 30 19:16:18 ubuntu-xps13 systemd-udevd[563]: seq 2450 processed
Sep 30 19:16:18 ubuntu-xps13 systemd-udevd[555]: passed device to netlink monitor 0x55a3a1bcd880
Sep 30 19:16:18 ubuntu-xps13 systemd-udevd[555]: seq 2467 processed
Sep 30 19:16:18 ubuntu-xps13 systemd-udevd[567]: seq 2470 running
Sep 30 19:16:18 ubuntu-xps13 systemd-udevd[567]: value '[dmi/id]sys_vendor' is 'Dell Inc.'
Sep 30 19:16:18 ubuntu-xps13 systemd-udevd[563]: seq 2476 running
Sep 30 19:16:18 ubuntu-xps13 systemd-udevd[567]: value '[dmi/id]sys_vendor' is 'Dell Inc.'
Sep 30 19:16:18 ubuntu-xps13 systemd-udevd[563]: value '[dmi/id]sys_vendor' is 'Dell Inc.'
Sep 30 19:16:18 ubuntu-xps13 systemd-udevd[570]: seq 2479 running
Sep 30 19:16:18 ubuntu-xps13 systemd-udevd[567]: passed device to netlink monitor 0x55a3a1bad4b0
Sep 30 19:16:18 ubuntu-xps13 systemd-udevd[567]: seq 2470 processed
Sep 30 19:16:18 ubuntu-xps13 systemd-udevd[565]: seq 2477 running
Sep 30 19:16:18 ubuntu-xps13 systemd-udevd[558]: seq 2475 running
Sep 30 19:16:18 ubuntu-xps13 systemd-udevd[570]: value '[dmi/id]sys_vendor' is 'Dell Inc.'
Sep 30 19:16:18 ubuntu-xps13 systemd-udevd[570]: value '[dmi/id]sys_vendor' is 'Dell Inc.'
Sep 30 19:16:18 ubuntu-xps13 systemd-udevd[565]: value '[dmi/id]sys_vendor' is 'Dell Inc.'
Sep 30 19:16:18 ubuntu-xps13 systemd-udevd[558]: value '[dmi/id]sys_vendor' is 'Dell Inc.'
Sep 30 19:16:18 ubuntu-xps13 systemd-udevd[565]: value '[dmi/id]sys_vendor' is 'Dell Inc.'
Sep 30 19:16:18 ubuntu-xps13 systemd-udevd[558]: value '[dmi/id]sys_vendor' is 'Dell Inc.'
Sep 30 19:16:18 ubuntu-xps13 systemd-udevd[555]: seq 2478 running
Sep 30 19:16:18 ubuntu-xps13 systemd-udevd[570]: passed device to netlink monitor 0x55a3a1bc59e0
Sep 30 19:16:18 ubuntu-xps13 systemd-udevd[570]: seq 2479 processed
Sep 30 19:16:18 ubuntu-xps13 systemd-udevd[565]: passed device to netlink monitor 0x55a3a1b8c570
Sep 30 19:16:18 ubuntu-xps13 systemd-udevd[565]: seq 2477 processed
Sep 30 19:16:18 ubuntu-xps13 systemd-udevd[558]: passed device to netlink monitor 0x55a3a1b89bc0
Sep 30 19:16:18 ubuntu-xps13 systemd-udevd[555]: value '[dmi/id]sys_vendor' is 'Dell Inc.'
Sep 30 19:16:18 ubuntu-xps13 systemd-udevd[563]: value '[dmi/id]sys_vendor' is 'Dell Inc.'
Sep 30 19:16:18 ubuntu-xps13 systemd-udevd[558]: seq 2475 processed
Sep 30 19:16:18 ubuntu-xps13 systemd-udevd[568]: seq 2480 running
Sep 30 19:16:18 ubuntu-xps13 systemd-udevd[555]: value '[dmi/id]sys_vendor' is 'Dell Inc.'
Sep 30 19:16:18 ubuntu-xps13 systemd-udevd[568]: value '[dmi/id]sys_vendor' is 'Dell Inc.'
Sep 30 19:16:18 ubuntu-xps13 systemd-udevd[568]: value '[dmi/id]sys_vendor' is 'Dell Inc.'
Sep 30 19:16:18 ubuntu-xps13 systemd-udevd[555]: passed device to netlink monitor 0x55a3a1bcd880
Sep 30 19:16:18 ubuntu-xps13 systemd-udevd[558]: seq 2482 running
Sep 30 19:16:18 ubuntu-xps13 systemd-udevd[567]: seq 2481 running
Sep 30 19:16:18 ubuntu-xps13 systemd-udevd[568]: passed device to netlink monitor 0x55a3a1bae6d0
Sep 30 19:16:18 ubuntu-xps13 systemd-udevd[555]: seq 2478 processed
Sep 30 19:16:18 ubuntu-xps13 systemd-udevd[567]: value '[dmi/id]sys_vendor' is 'Dell Inc.'
Sep 30 19:16:18 ubuntu-xps13 systemd-udevd[568]: seq 2480 processed
Sep 30 19:16:18 ubuntu-xps13 systemd-udevd[558]: value '[dmi/id]sys_vendor' is 'Dell Inc.'
Sep 30 19:16:18 ubuntu-xps13 systemd-udevd[567]: value '[dmi/id]sys_vendor' is 'Dell Inc.'
Sep 30 19:16:18 ubuntu-xps13 systemd-udevd[563]: passed device to netlink monitor 0x55a3a1bcadc0
Sep 30 19:16:18 ubuntu-xps13 systemd-udevd[558]: value '[dmi/id]sys_vendor' is 'Dell Inc.'
Sep 30 19:16:18 ubuntu-xps13 systemd-udevd[565]: seq 2483 running
Sep 30 19:16:18 ubuntu-xps13 systemd-udevd[563]: seq 2476 processed
Sep 30 19:16:18 ubuntu-xps13 systemd-udevd[567]: passed device to netlink monitor 0x55a3a1bad4b0
Sep 30 19:16:18 ubuntu-xps13 systemd-udevd[555]: seq 2484 running
Sep 30 19:16:18 ubuntu-xps13 systemd-udevd[565]: value '[dmi/id]sys_vendor' is 'Dell Inc.'
Sep 30 19:16:18 ubuntu-xps13 systemd-udevd[558]: passed device to netlink monitor 0x55a3a1b89bc0
Sep 30 19:16:18 ubuntu-xps13 systemd-udevd[565]: value '[dmi/id]sys_vendor' is 'Dell Inc.'
Sep 30 19:16:18 ubuntu-xps13 systemd-udevd[555]: value '[dmi/id]sys_vendor' is 'Dell Inc.'
Sep 30 19:16:18 ubuntu-xps13 systemd-udevd[558]: seq 2482 processed
Sep 30 19:16:18 ubuntu-xps13 systemd-udevd[555]: value '[dmi/id]sys_vendor' is 'Dell Inc.'
Sep 30 19:16:18 ubuntu-xps13 systemd-udevd[565]: passed device to netlink monitor 0x55a3a1b8c570
Sep 30 19:16:18 ubuntu-xps13 systemd-udevd[565]: seq 2483 processed
Sep 30 19:16:18 ubuntu-xps13 systemd-udevd[567]: seq 2481 processed
Sep 30 19:16:18 ubuntu-xps13 systemd-udevd[555]: passed device to netlink monitor 0x55a3a1bcd880
Sep 30 19:16:18 ubuntu-xps13 systemd-udevd[555]: seq 2484 processed
Sep 30 19:16:18 ubuntu-xps13 systemd-udevd[563]: seq 2485 running
Sep 30 19:16:18 ubuntu-xps13 systemd-udevd[558]: seq 2487 running
Sep 30 19:16:18 ubuntu-xps13 systemd-udevd[567]: seq 2486 running
Sep 30 19:16:18 ubuntu-xps13 systemd-udevd[563]: value '[dmi/id]sys_vendor' is 'Dell Inc.'
Sep 30 19:16:18 ubuntu-xps13 systemd-udevd[563]: value '[dmi/id]sys_vendor' is 'Dell Inc.'
Sep 30 19:16:18 ubuntu-xps13 systemd-udevd[567]: value '[dmi/id]sys_vendor' is 'Dell Inc.'
Sep 30 19:16:18 ubuntu-xps13 systemd-udevd[558]: value '[dmi/id]sys_vendor' is 'Dell Inc.'
Sep 30 19:16:18 ubuntu-xps13 systemd-udevd[567]: value '[dmi/id]sys_vendor' is 'Dell Inc.'
Sep 30 19:16:18 ubuntu-xps13 systemd-udevd[558]: value '[dmi/id]sys_vendor' is 'Dell Inc.'
Sep 30 19:16:18 ubuntu-xps13 systemd-udevd[563]: passed device to netlink monitor 0x55a3a1bcadc0
Sep 30 19:16:18 ubuntu-xps13 systemd-udevd[563]: seq 2485 processed
Sep 30 19:16:18 ubuntu-xps13 systemd-udevd[567]: passed device to netlink monitor 0x55a3a1bad4b0
Sep 30 19:16:18 ubuntu-xps13 systemd-udevd[565]: seq 2488 running
Sep 30 19:16:18 ubuntu-xps13 systemd-udevd[567]: seq 2486 processed
Sep 30 19:16:18 ubuntu-xps13 systemd-udevd[558]: passed device to netlink monitor 0x55a3a1b89bc0
Sep 30 19:16:18 ubuntu-xps13 systemd-udevd[558]: seq 2487 processed
Sep 30 19:16:18 ubuntu-xps13 systemd-udevd[563]: seq 2489 running
Sep 30 19:16:18 ubuntu-xps13 systemd-udevd[565]: value '[dmi/id]sys_vendor' is 'Dell Inc.'
Sep 30 19:16:18 ubuntu-xps13 systemd-udevd[565]: value '[dmi/id]sys_vendor' is 'Dell Inc.'
Sep 30 19:16:18 ubuntu-xps13 systemd-udevd[563]: value '[dmi/id]sys_vendor' is 'Dell Inc.'
Sep 30 19:16:18 ubuntu-xps13 systemd-udevd[563]: value '[dmi/id]sys_vendor' is 'Dell Inc.'
Sep 30 19:16:18 ubuntu-xps13 systemd-udevd[565]: passed device to netlink monitor 0x55a3a1b8c570
Sep 30 19:16:18 ubuntu-xps13 systemd-udevd[565]: seq 2488 processed
Sep 30 19:16:18 ubuntu-xps13 systemd-udevd[563]: passed device to netlink monitor 0x55a3a1bcadc0
Sep 30 19:16:18 ubuntu-xps13 systemd-udevd[563]: seq 2489 processed
Sep 30 19:16:18 ubuntu-xps13 systemd-udevd[567]: seq 2490 running
Sep 30 19:16:18 ubuntu-xps13 systemd-udevd[558]: seq 2492 running
Sep 30 19:16:18 ubuntu-xps13 systemd-udevd[567]: value '[dmi/id]sys_vendor' is 'Dell Inc.'
Sep 30 19:16:18 ubuntu-xps13 systemd-udevd[567]: value '[dmi/id]sys_vendor' is 'Dell Inc.'
Sep 30 19:16:18 ubuntu-xps13 systemd-udevd[570]: seq 2495 running
Sep 30 19:16:18 ubuntu-xps13 systemd-udevd[558]: value '[dmi/id]sys_vendor' is 'Dell Inc.'
Sep 30 19:16:18 ubuntu-xps13 systemd-udevd[555]: seq 2494 running
Sep 30 19:16:18 ubuntu-xps13 systemd-udevd[558]: value '[dmi/id]sys_vendor' is 'Dell Inc.'
Sep 30 19:16:18 ubuntu-xps13 systemd-udevd[570]: value '[dmi/id]sys_vendor' is 'Dell Inc.'
Sep 30 19:16:18 ubuntu-xps13 systemd-udevd[555]: value '[dmi/id]sys_vendor' is 'Dell Inc.'
Sep 30 19:16:18 ubuntu-xps13 systemd-udevd[570]: value '[dmi/id]sys_vendor' is 'Dell Inc.'
Sep 30 19:16:18 ubuntu-xps13 systemd-udevd[563]: seq 2491 running
Sep 30 19:16:18 ubuntu-xps13 systemd-udevd[558]: passed device to netlink monitor 0x55a3a1b89bc0
Sep 30 19:16:18 ubuntu-xps13 systemd-udevd[558]: seq 2492 processed
Sep 30 19:16:18 ubuntu-xps13 systemd-udevd[563]: value '[dmi/id]sys_vendor' is 'Dell Inc.'
Sep 30 19:16:18 ubuntu-xps13 systemd-udevd[570]: passed device to netlink monitor 0x55a3a1bc59e0
Sep 30 19:16:18 ubuntu-xps13 systemd-udevd[570]: seq 2495 processed
Sep 30 19:16:18 ubuntu-xps13 systemd-udevd[563]: value '[dmi/id]sys_vendor' is 'Dell Inc.'
Sep 30 19:16:18 ubuntu-xps13 systemd-udevd[567]: passed device to netlink monitor 0x55a3a1bad4b0
Sep 30 19:16:18 ubuntu-xps13 systemd-udevd[567]: seq 2490 processed
Sep 30 19:16:18 ubuntu-xps13 systemd-udevd[565]: seq 2493 running
Sep 30 19:16:18 ubuntu-xps13 systemd-udevd[563]: passed device to netlink monitor 0x55a3a1bcadc0
Sep 30 19:16:18 ubuntu-xps13 systemd-udevd[563]: seq 2491 processed
Sep 30 19:16:18 ubuntu-xps13 systemd-udevd[555]: value '[dmi/id]sys_vendor' is 'Dell Inc.'
Sep 30 19:16:18 ubuntu-xps13 systemd-udevd[565]: value '[dmi/id]sys_vendor' is 'Dell Inc.'
Sep 30 19:16:18 ubuntu-xps13 systemd-udevd[565]: value '[dmi/id]sys_vendor' is 'Dell Inc.'
Sep 30 19:16:18 ubuntu-xps13 systemd-udevd[555]: passed device to netlink monitor 0x55a3a1bcd880
Sep 30 19:16:18 ubuntu-xps13 systemd-udevd[555]: seq 2494 processed
Sep 30 19:16:18 ubuntu-xps13 systemd-udevd[568]: seq 2496 running
Sep 30 19:16:18 ubuntu-xps13 systemd-udevd[568]: value '[dmi/id]sys_vendor' is 'Dell Inc.'
Sep 30 19:16:18 ubuntu-xps13 systemd-udevd[568]: value '[dmi/id]sys_vendor' is 'Dell Inc.'
Sep 30 19:16:18 ubuntu-xps13 systemd-udevd[558]: seq 2499 running
Sep 30 19:16:18 ubuntu-xps13 systemd-udevd[568]: passed device to netlink monitor 0x55a3a1bae6d0
Sep 30 19:16:18 ubuntu-xps13 systemd-udevd[558]: value '[dmi/id]sys_vendor' is 'Dell Inc.'
Sep 30 19:16:18 ubuntu-xps13 systemd-udevd[568]: seq 2496 processed
Sep 30 19:16:18 ubuntu-xps13 systemd-udevd[570]: seq 2501 running
Sep 30 19:16:18 ubuntu-xps13 systemd-udevd[563]: seq 2497 running
Sep 30 19:16:18 ubuntu-xps13 systemd-udevd[558]: value '[dmi/id]sys_vendor' is 'Dell Inc.'
Sep 30 19:16:18 ubuntu-xps13 systemd-udevd[567]: seq 2498 running
Sep 30 19:16:18 ubuntu-xps13 systemd-udevd[563]: value '[dmi/id]sys_vendor' is 'Dell Inc.'
Sep 30 19:16:18 ubuntu-xps13 systemd-udevd[567]: value '[dmi/id]sys_vendor' is 'Dell Inc.'
Sep 30 19:16:18 ubuntu-xps13 systemd-udevd[558]: passed device to netlink monitor 0x55a3a1b89bc0
Sep 30 19:16:18 ubuntu-xps13 systemd-udevd[570]: value '[dmi/id]sys_vendor' is 'Dell Inc.'
Sep 30 19:16:18 ubuntu-xps13 systemd-udevd[568]: seq 2502 running
Sep 30 19:16:18 ubuntu-xps13 systemd-udevd[563]: value '[dmi/id]sys_vendor' is 'Dell Inc.'
Sep 30 19:16:18 ubuntu-xps13 systemd-udevd[568]: value '[dmi/id]sys_vendor' is 'Dell Inc.'
Sep 30 19:16:18 ubuntu-xps13 systemd-udevd[558]: seq 2499 processed
Sep 30 19:16:18 ubuntu-xps13 systemd-udevd[568]: value '[dmi/id]sys_vendor' is 'Dell Inc.'
Sep 30 19:16:18 ubuntu-xps13 systemd-udevd[563]: passed device to netlink monitor 0x55a3a1bcadc0
Sep 30 19:16:18 ubuntu-xps13 systemd-udevd[563]: seq 2497 processed
Sep 30 19:16:18 ubuntu-xps13 systemd-udevd[565]: passed device to netlink monitor 0x55a3a1b8c570
Sep 30 19:16:18 ubuntu-xps13 systemd-udevd[565]: seq 2493 processed
Sep 30 19:16:18 ubuntu-xps13 systemd-udevd[570]: value '[dmi/id]sys_vendor' is 'Dell Inc.'
Sep 30 19:16:18 ubuntu-xps13 systemd-udevd[567]: value '[dmi/id]sys_vendor' is 'Dell Inc.'
Sep 30 19:16:18 ubuntu-xps13 systemd-udevd[568]: passed device to netlink monitor 0x55a3a1bae6d0
Sep 30 19:16:18 ubuntu-xps13 systemd-udevd[568]: seq 2502 processed
Sep 30 19:16:18 ubuntu-xps13 systemd-udevd[567]: passed device to netlink monitor 0x55a3a1bad4b0
Sep 30 19:16:18 ubuntu-xps13 systemd-udevd[570]: passed device to netlink monitor 0x55a3a1bc59e0
Sep 30 19:16:18 ubuntu-xps13 systemd-udevd[567]: seq 2498 processed
Sep 30 19:16:18 ubuntu-xps13 systemd-udevd[555]: seq 2500 running
Sep 30 19:16:18 ubuntu-xps13 systemd-udevd[570]: seq 2501 processed
Sep 30 19:16:18 ubuntu-xps13 systemd-udevd[554]: seq 2503 running
Sep 30 19:16:18 ubuntu-xps13 systemd-udevd[554]: value '[dmi/id]sys_vendor' is 'Dell Inc.'
Sep 30 19:16:18 ubuntu-xps13 systemd-udevd[567]: seq 2505 running
Sep 30 19:16:18 ubuntu-xps13 systemd-udevd[555]: value '[dmi/id]sys_vendor' is 'Dell Inc.'
Sep 30 19:16:18 ubuntu-xps13 systemd-udevd[554]: value '[dmi/id]sys_vendor' is 'Dell Inc.'
Sep 30 19:16:18 ubuntu-xps13 systemd-udevd[555]: value '[dmi/id]sys_vendor' is 'Dell Inc.'
Sep 30 19:16:18 ubuntu-xps13 systemd-udevd[554]: passed device to netlink monitor 0x55a3a1bc5400
Sep 30 19:16:18 ubuntu-xps13 systemd-udevd[554]: seq 2503 processed
Sep 30 19:16:18 ubuntu-xps13 systemd-udevd[555]: passed device to netlink monitor 0x55a3a1bcd880
Sep 30 19:16:18 ubuntu-xps13 systemd-udevd[555]: seq 2500 processed
Sep 30 19:16:18 ubuntu-xps13 systemd-udevd[567]: value '[dmi/id]sys_vendor' is 'Dell Inc.'
Sep 30 19:16:18 ubuntu-xps13 systemd-udevd[567]: value '[dmi/id]sys_vendor' is 'Dell Inc.'
Sep 30 19:16:18 ubuntu-xps13 systemd-udevd[558]: seq 2506 running
Sep 30 19:16:18 ubuntu-xps13 systemd-udevd[567]: passed device to netlink monitor 0x55a3a1bad4b0
Sep 30 19:16:18 ubuntu-xps13 systemd-udevd[567]: seq 2505 processed
Sep 30 19:16:18 ubuntu-xps13 systemd-udevd[558]: value '[dmi/id]sys_vendor' is 'Dell Inc.'
Sep 30 19:16:18 ubuntu-xps13 systemd-udevd[565]: seq 2507 running
Sep 30 19:16:18 ubuntu-xps13 systemd-udevd[563]: seq 2504 running
Sep 30 19:16:18 ubuntu-xps13 systemd-udevd[558]: value '[dmi/id]sys_vendor' is 'Dell Inc.'
Sep 30 19:16:18 ubuntu-xps13 systemd-udevd[565]: value '[dmi/id]sys_vendor' is 'Dell Inc.'
Sep 30 19:16:18 ubuntu-xps13 systemd-udevd[563]: value '[dmi/id]sys_vendor' is 'Dell Inc.'
Sep 30 19:16:18 ubuntu-xps13 systemd-udevd[555]: seq 2508 running
Sep 30 19:16:18 ubuntu-xps13 systemd-udevd[565]: value '[dmi/id]sys_vendor' is 'Dell Inc.'
Sep 30 19:16:18 ubuntu-xps13 systemd-udevd[558]: passed device to netlink monitor 0x55a3a1b89bc0
Sep 30 19:16:18 ubuntu-xps13 systemd-udevd[563]: value '[dmi/id]sys_vendor' is 'Dell Inc.'
Sep 30 19:16:18 ubuntu-xps13 systemd-udevd[565]: passed device to netlink monitor 0x55a3a1b8c570
Sep 30 19:16:18 ubuntu-xps13 systemd-udevd[567]: seq 2509 running
Sep 30 19:16:18 ubuntu-xps13 systemd-udevd[558]: seq 2506 processed
Sep 30 19:16:18 ubuntu-xps13 systemd-udevd[567]: value '[dmi/id]sys_vendor' is 'Dell Inc.'
Sep 30 19:16:18 ubuntu-xps13 systemd-udevd[563]: passed device to netlink monitor 0x55a3a1bcadc0
Sep 30 19:16:18 ubuntu-xps13 systemd-udevd[563]: seq 2504 processed
Sep 30 19:16:18 ubuntu-xps13 systemd-udevd[565]: seq 2507 processed
Sep 30 19:16:18 ubuntu-xps13 systemd-udevd[567]: value '[dmi/id]sys_vendor' is 'Dell Inc.'
Sep 30 19:16:18 ubuntu-xps13 systemd-udevd[563]: seq 2510 running
Sep 30 19:16:18 ubuntu-xps13 systemd-udevd[567]: passed device to netlink monitor 0x55a3a1bad4b0
Sep 30 19:16:18 ubuntu-xps13 systemd-udevd[567]: seq 2509 processed
Sep 30 19:16:18 ubuntu-xps13 systemd-udevd[563]: value '[dmi/id]sys_vendor' is 'Dell Inc.'
Sep 30 19:16:18 ubuntu-xps13 systemd-udevd[563]: value '[dmi/id]sys_vendor' is 'Dell Inc.'
Sep 30 19:16:18 ubuntu-xps13 systemd-udevd[563]: passed device to netlink monitor 0x55a3a1bcadc0
Sep 30 19:16:18 ubuntu-xps13 systemd-udevd[563]: seq 2510 processed
Sep 30 19:16:18 ubuntu-xps13 systemd-udevd[555]: value '[dmi/id]sys_vendor' is 'Dell Inc.'
Sep 30 19:16:18 ubuntu-xps13 systemd-udevd[555]: value '[dmi/id]sys_vendor' is 'Dell Inc.'
Sep 30 19:16:18 ubuntu-xps13 systemd-udevd[555]: passed device to netlink monitor 0x55a3a1bcd880
Sep 30 19:16:18 ubuntu-xps13 systemd-udevd[555]: seq 2508 processed
Sep 30 19:16:18 ubuntu-xps13 systemd-udevd[563]: seq 2511 running
Sep 30 19:16:18 ubuntu-xps13 systemd-udevd[563]: value '[dmi/id]sys_vendor' is 'Dell Inc.'
Sep 30 19:16:18 ubuntu-xps13 systemd-udevd[563]: value '[dmi/id]sys_vendor' is 'Dell Inc.'
Sep 30 19:16:18 ubuntu-xps13 systemd-udevd[563]: passed device to netlink monitor 0x55a3a1bcadc0
Sep 30 19:16:18 ubuntu-xps13 systemd-udevd[563]: seq 2511 processed
Sep 30 19:16:18 ubuntu-xps13 systemd-udevd[558]: Unload module index
Sep 30 19:16:18 ubuntu-xps13 systemd-udevd[570]: Unload module index
Sep 30 19:16:18 ubuntu-xps13 systemd-udevd[563]: Unload module index
Sep 30 19:16:18 ubuntu-xps13 systemd-udevd[570]: Unloaded link configuration context.
Sep 30 19:16:18 ubuntu-xps13 systemd-udevd[563]: Unloaded link configuration context.
Sep 30 19:16:18 ubuntu-xps13 systemd-udevd[558]: Unloaded link configuration context.
Sep 30 19:16:18 ubuntu-xps13 systemd-udevd[555]: Unload module index
Sep 30 19:16:18 ubuntu-xps13 systemd-udevd[565]: Unload module index
Sep 30 19:16:18 ubuntu-xps13 systemd-udevd[555]: Unloaded link configuration context.
Sep 30 19:16:18 ubuntu-xps13 systemd-udevd[565]: Unloaded link configuration context.
Sep 30 19:16:18 ubuntu-xps13 systemd-udevd[568]: Unload module index
Sep 30 19:16:18 ubuntu-xps13 systemd-udevd[567]: Unload module index
Sep 30 19:16:18 ubuntu-xps13 systemd-udevd[568]: Unloaded link configuration context.
Sep 30 19:16:18 ubuntu-xps13 systemd-udevd[567]: Unloaded link configuration context.
Sep 30 19:16:18 ubuntu-xps13 systemd-udevd[554]: Unload module index
Sep 30 19:16:18 ubuntu-xps13 systemd-udevd[557]: Unload module index
Sep 30 19:16:18 ubuntu-xps13 systemd-udevd[557]: Unloaded link configuration context.
Sep 30 19:16:18 ubuntu-xps13 systemd-udevd[554]: Unloaded link configuration context.
Sep 30 19:16:18 ubuntu-xps13 systemd-udevd[566]: Unload module index
Sep 30 19:16:18 ubuntu-xps13 systemd-udevd[571]: Unload module index
Sep 30 19:16:18 ubuntu-xps13 systemd-udevd[560]: Unload module index
Sep 30 19:16:18 ubuntu-xps13 systemd-udevd[566]: Unloaded link configuration context.
Sep 30 19:16:18 ubuntu-xps13 systemd-udevd[571]: Unloaded link configuration context.
Sep 30 19:16:18 ubuntu-xps13 systemd-udevd[560]: Unloaded link configuration context.
Sep 30 19:16:18 ubuntu-xps13 systemd-udevd[559]: Unload module index
Sep 30 19:16:18 ubuntu-xps13 systemd-udevd[561]: Unload module index
Sep 30 19:16:18 ubuntu-xps13 systemd-udevd[564]: Unload module index
Sep 30 19:16:18 ubuntu-xps13 systemd-udevd[559]: Unloaded link configuration context.
Sep 30 19:16:18 ubuntu-xps13 systemd-udevd[561]: Unloaded link configuration context.
Sep 30 19:16:18 ubuntu-xps13 systemd-udevd[564]: Unloaded link configuration context.
Sep 30 19:16:18 ubuntu-xps13 systemd-udevd[569]: Unload module index
Sep 30 19:16:18 ubuntu-xps13 systemd-udevd[569]: Unloaded link configuration context.
Sep 30 19:17:45 ubuntu-xps13 systemd-journald[332]: Forwarding to syslog missed 4010 messages. -- Subject: One or more messages could not be forwarded to syslog -- Defined-By: systemd -- Support: http://www.ubuntu.com/support -- -- One or more messages could not be forwarded to the syslog service -- running side-by-side with journald. This usually indicates that the -- syslog implementation has not been able to keep up with the speed of -- messages queued.
Sep 30 19:17:45 ubuntu-xps13 systemd[1]: dev-disk-by\x2duuid-63cd6483\x2ddf95\x2d4426\x2d916e\x2d8c28becbfd8f.device: Job dev-disk-by\x2duuid-63cd6483\x2ddf95\x2d4426\x2d916e\x2d8c28becbfd8f.device/start timed out.
Sep 30 19:17:45 ubuntu-xps13 systemd[1]: Timed out waiting for device dev-disk-by\x2duuid-63cd6483\x2ddf95\x2d4426\x2d916e\x2d8c28becbfd8f.device. -- Subject: Unit dev-disk-by\x2duuid-63cd6483\x2ddf95\x2d4426\x2d916e\x2d8c28becbfd8f.device has failed -- Defined-By: systemd -- Support: http://www.ubuntu.com/support -- -- Unit dev-disk-by\x2duuid-63cd6483\x2ddf95\x2d4426\x2d916e\x2d8c28becbfd8f.device has failed. -- -- The result is timeout.
Sep 30 19:17:45 ubuntu-xps13 systemd[1]: Dependency failed for /dev/disk/by-uuid/63cd6483-df95-4426-916e-8c28becbfd8f. -- Subject: Unit dev-disk-by\x2duuid-63cd6483\x2ddf95\x2d4426\x2d916e\x2d8c28becbfd8f.swap has failed -- Defined-By: systemd -- Support: http://www.ubuntu.com/support -- -- Unit dev-disk-by\x2duuid-63cd6483\x2ddf95\x2d4426\x2d916e\x2d8c28becbfd8f.swap has failed. -- -- The result is dependency.
Sep 30 19:17:45 ubuntu-xps13 systemd[1]: Dependency failed for Swap. -- Subject: Unit swap.target has failed -- Defined-By: systemd -- Support: http://www.ubuntu.com/support -- -- Unit swap.target has failed. -- -- The result is dependency.
Sep 30 19:17:45 ubuntu-xps13 systemd[1]: swap.target: Job swap.target/start failed with result 'dependency'.
Sep 30 19:17:45 ubuntu-xps13 systemd[1]: dev-disk-by\x2duuid-63cd6483\x2ddf95\x2d4426\x2d916e\x2d8c28becbfd8f.swap: Job dev-disk-by\x2duuid-63cd6483\x2ddf95\x2d4426\x2d916e\x2d8c28becbfd8f.swap/start failed with result 'dependency'.
Sep 30 19:17:45 ubuntu-xps13 systemd[1]: dev-disk-by\x2duuid-63cd6483\x2ddf95\x2d4426\x2d916e\x2d8c28becbfd8f.device: Job dev-disk-by\x2duuid-63cd6483\x2ddf95\x2d4426\x2d916e\x2d8c28becbfd8f.device/start failed with result 'timeout'.
Sep 30 19:17:45 ubuntu-xps13 systemd[1]: dev-sda8.device: Job dev-sda8.device/start timed out.
Sep 30 19:17:45 ubuntu-xps13 systemd[1]: Timed out waiting for device dev-sda8.device. -- Subject: Unit dev-sda8.device has failed -- Defined-By: systemd -- Support: http://www.ubuntu.com/support -- -- Unit dev-sda8.device has failed. -- -- The result is timeout.
Sep 30 19:17:45 ubuntu-xps13 systemd[1]: Dependency failed for Swap Partition. -- Subject: Unit dev-sda8.swap has failed -- Defined-By: systemd -- Support: http://www.ubuntu.com/support -- -- Unit dev-sda8.swap has failed. -- -- The result is dependency.
Sep 30 19:17:45 ubuntu-xps13 systemd[1]: dev-sda8.swap: Job dev-sda8.swap/start failed with result 'dependency'.
Sep 30 19:17:45 ubuntu-xps13 systemd[1]: dev-sda8.device: Job dev-sda8.device/start failed with result 'timeout'.
Sep 30 19:17:45 ubuntu-xps13 systemd[1]: dev-disk-by\x2duuid-5858\x2d5164.device: Job dev-disk-by\x2duuid-5858\x2d5164.device/start timed out.
Sep 30 19:17:45 ubuntu-xps13 systemd[1]: Timed out waiting for device dev-disk-by\x2duuid-5858\x2d5164.device. -- Subject: Unit dev-disk-by\x2duuid-5858\x2d5164.device has failed -- Defined-By: systemd -- Support: http://www.ubuntu.com/support -- -- Unit dev-disk-by\x2duuid-5858\x2d5164.device has failed. -- -- The result is timeout.
Sep 30 19:17:45 ubuntu-xps13 systemd[1]: Dependency failed for File System Check on /dev/disk/by-uuid/5858-5164. -- Subject: Unit systemd-fsck@dev-disk-by\x2duuid-5858\x2d5164.service has failed -- Defined-By: systemd -- Support: http://www.ubuntu.com/support -- -- Unit systemd-fsck@dev-disk-by\x2duuid-5858\x2d5164.service has failed. -- -- The result is dependency.
