Sep 30 19:17:45 ubuntu-xps13 systemd[1]: Dependency failed for /boot/efi. -- Subject: Unit boot-efi.mount has failed -- Defined-By: systemd -- Support: http://www.ubuntu.com/support -- -- Unit boot-efi.mount has failed. -- -- The result is dependency.
Sep 30 19:17:45 ubuntu-xps13 systemd[1]: Dependency failed for Local File Systems. -- Subject: Unit local-fs.target has failed -- Defined-By: systemd -- Support: http://www.ubuntu.com/support -- -- Unit local-fs.target has failed. -- -- The result is dependency.
Sep 30 19:17:45 ubuntu-xps13 systemd-journald[332]: Suppressed 3115 messages from /system.slice/systemd-udevd.service -- Subject: Messages from a service have been suppressed -- Defined-By: systemd -- Support: http://www.ubuntu.com/support -- Documentation: man:journald.conf(5) -- -- A service has logged too many messages within a time period. Messages -- from the service have been dropped. -- -- Note that only messages from the service in question have been -- dropped, other services' messages are unaffected. -- -- The limits controlling when messages are dropped may be configured -- with RateLimitIntervalSec= and RateLimitBurst= in -- /etc/systemd/journald.conf. See journald.conf(5) for details.
Sep 30 19:17:45 ubuntu-xps13 systemd-udevd[553]: seq 2512 queued, 'add' 'cgroup'
Sep 30 19:17:45 ubuntu-xps13 systemd[1]: Dependency failed for Clean up any mess left by 0dns-up. -- Subject: Unit dns-clean.service has failed -- Defined-By: systemd -- Support: http://www.ubuntu.com/support -- -- Unit dns-clean.service has failed. -- -- The result is dependency.
Sep 30 19:17:45 ubuntu-xps13 systemd-udevd[553]: Validate module index
Sep 30 19:17:45 ubuntu-xps13 systemd-udevd[553]: Check if link configuration needs reloading.
Sep 30 19:17:45 ubuntu-xps13 systemd[1]: dns-clean.service: Job dns-clean.service/start failed with result 'dependency'.
Sep 30 19:17:45 ubuntu-xps13 systemd[1]: local-fs.target: Job local-fs.target/start failed with result 'dependency'.
Sep 30 19:17:45 ubuntu-xps13 systemd[1]: local-fs.target: Triggering OnFailure= dependencies.
Sep 30 19:17:45 ubuntu-xps13 systemd-udevd[553]: seq 2512 forked new worker [635]
Sep 30 19:17:45 ubuntu-xps13 systemd-udevd[635]: seq 2512 running
Sep 30 19:17:45 ubuntu-xps13 systemd-udevd[635]: value '[dmi/id]sys_vendor' is 'Dell Inc.'
Sep 30 19:17:45 ubuntu-xps13 systemd-udevd[635]: value '[dmi/id]sys_vendor' is 'Dell Inc.'
Sep 30 19:17:45 ubuntu-xps13 systemd[1]: boot-efi.mount: Job boot-efi.mount/start failed with result 'dependency'.
Sep 30 19:17:45 ubuntu-xps13 systemd[1]: systemd-fsck@dev-disk-by\x2duuid-5858\x2d5164.service: Job systemd-fsck@dev-disk-by\x2duuid-5858\x2d5164.service/start failed with result 'dependency'.
Sep 30 19:17:45 ubuntu-xps13 systemd[1]: dev-disk-by\x2duuid-5858\x2d5164.device: Job dev-disk-by\x2duuid-5858\x2d5164.device/start failed with result 'timeout'.
Sep 30 19:17:45 ubuntu-xps13 systemd-udevd[635]: passed device to netlink monitor 0x55a3a1bc5400
Sep 30 19:17:45 ubuntu-xps13 systemd-udevd[635]: seq 2512 processed
Sep 30 19:17:45 ubuntu-xps13 systemd-udevd[553]: cleanup idle workers
Sep 30 19:17:45 ubuntu-xps13 systemd-udevd[635]: Unload module index
Sep 30 19:17:45 ubuntu-xps13 systemd-udevd[635]: Unloaded link configuration context.
Sep 30 19:17:45 ubuntu-xps13 systemd-udevd[553]: worker [635] exited
Sep 30 19:17:45 ubuntu-xps13 systemd[1]: Starting Enable support for additional executable binary formats... -- Subject: Unit binfmt-support.service has begun start-up -- Defined-By: systemd -- Support: http://www.ubuntu.com/support -- -- Unit binfmt-support.service has begun starting up.
Sep 30 19:17:45 ubuntu-xps13 systemd-udevd[553]: seq 2513 queued, 'add' 'cgroup'
Sep 30 19:17:45 ubuntu-xps13 systemd-udevd[553]: seq 2513 forked new worker [637]
Sep 30 19:17:45 ubuntu-xps13 systemd-udevd[553]: seq 2514 queued, 'add' 'cgroup'
Sep 30 19:17:45 ubuntu-xps13 systemd-udevd[637]: seq 2513 running
Sep 30 19:17:45 ubuntu-xps13 systemd-udevd[553]: seq 2514 forked new worker [638]
Sep 30 19:17:45 ubuntu-xps13 systemd-udevd[553]: seq 2515 queued, 'add' 'cgroup'
Sep 30 19:17:45 ubuntu-xps13 systemd[1]: Starting ebtables ruleset management... -- Subject: Unit ebtables.service has begun start-up -- Defined-By: systemd -- Support: http://www.ubuntu.com/support -- -- Unit ebtables.service has begun starting up.
Sep 30 19:17:45 ubuntu-xps13 systemd-udevd[637]: value '[dmi/id]sys_vendor' is 'Dell Inc.'
Sep 30 19:17:45 ubuntu-xps13 systemd-udevd[637]: value '[dmi/id]sys_vendor' is 'Dell Inc.'
Sep 30 19:17:45 ubuntu-xps13 systemd-udevd[553]: seq 2515 forked new worker [640]
Sep 30 19:17:45 ubuntu-xps13 systemd-udevd[637]: passed device to netlink monitor 0x55a3a1bc53c0
Sep 30 19:17:45 ubuntu-xps13 systemd-udevd[637]: seq 2513 processed
Sep 30 19:17:45 ubuntu-xps13 systemd-udevd[553]: seq 2516 queued, 'add' 'cgroup'
Sep 30 19:17:45 ubuntu-xps13 systemd-udevd[553]: passed 184 byte device to netlink monitor 0x55a3a1bceb90
Sep 30 19:17:45 ubuntu-xps13 systemd-udevd[553]: seq 2517 queued, 'add' 'cgroup'
Sep 30 19:17:45 ubuntu-xps13 systemd[1]: Starting Set console font and keymap... -- Subject: Unit console-setup.service has begun start-up -- Defined-By: systemd -- Support: http://www.ubuntu.com/support -- -- Unit console-setup.service has begun starting up.
Sep 30 19:17:45 ubuntu-xps13 systemd[1]: Reached target Timers. -- Subject: Unit timers.target has finished start-up -- Defined-By: systemd -- Support: http://www.ubuntu.com/support -- -- Unit timers.target has finished starting up. -- -- The start-up result is done.
Sep 30 19:17:45 ubuntu-xps13 systemd-udevd[637]: seq 2516 running
Sep 30 19:17:45 ubuntu-xps13 systemd-udevd[637]: value '[dmi/id]sys_vendor' is 'Dell Inc.'
Sep 30 19:17:45 ubuntu-xps13 systemd-udevd[637]: value '[dmi/id]sys_vendor' is 'Dell Inc.'
Sep 30 19:17:45 ubuntu-xps13 systemd-udevd[637]: passed device to netlink monitor 0x55a3a1bc53c0
Sep 30 19:17:45 ubuntu-xps13 systemd-udevd[637]: seq 2516 processed
Sep 30 19:17:45 ubuntu-xps13 systemd-udevd[638]: seq 2514 running
Sep 30 19:17:45 ubuntu-xps13 systemd-udevd[640]: seq 2515 running
Sep 30 19:17:45 ubuntu-xps13 systemd-udevd[638]: value '[dmi/id]sys_vendor' is 'Dell Inc.'
Sep 30 19:17:45 ubuntu-xps13 systemd-udevd[638]: value '[dmi/id]sys_vendor' is 'Dell Inc.'
Sep 30 19:17:45 ubuntu-xps13 systemd-udevd[640]: value '[dmi/id]sys_vendor' is 'Dell Inc.'
Sep 30 19:17:45 ubuntu-xps13 systemd-udevd[638]: passed device to netlink monitor 0x55a3a1b8a6d0
Sep 30 19:17:45 ubuntu-xps13 systemd-udevd[638]: seq 2514 processed
Sep 30 19:17:45 ubuntu-xps13 systemd-udevd[640]: value '[dmi/id]sys_vendor' is 'Dell Inc.'
Sep 30 19:17:45 ubuntu-xps13 systemd-udevd[640]: passed device to netlink monitor 0x55a3a1bc1bb0
Sep 30 19:17:45 ubuntu-xps13 systemd-udevd[640]: seq 2515 processed
Sep 30 19:17:45 ubuntu-xps13 systemd[1]: Starting Run snappy firstboot setup... -- Subject: Unit snapd.firstboot.service has begun start-up -- Defined-By: systemd -- Support: http://www.ubuntu.com/support -- -- Unit snapd.firstboot.service has begun starting up.
Sep 30 19:17:45 ubuntu-xps13 systemd-udevd[643]: seq 2517 running
Sep 30 19:17:45 ubuntu-xps13 systemd[1]: Closed Syslog Socket. -- Subject: Unit syslog.socket has finished shutting down -- Defined-By: systemd -- Support: http://www.ubuntu.com/support -- -- Unit syslog.socket has finished shutting down.
Sep 30 19:17:45 ubuntu-xps13 systemd[1]: Reached target Login Prompts. -- Subject: Unit getty.target has finished start-up -- Defined-By: systemd -- Support: http://www.ubuntu.com/support -- -- Unit getty.target has finished starting up. -- -- The start-up result is done.
Sep 30 19:17:45 ubuntu-xps13 kernel: random: crng init done
Sep 30 19:17:45 ubuntu-xps13 systemd-udevd[643]: value '[dmi/id]sys_vendor' is 'Dell Inc.'
Sep 30 19:17:45 ubuntu-xps13 systemd-udevd[643]: value '[dmi/id]sys_vendor' is 'Dell Inc.'
Sep 30 19:17:45 ubuntu-xps13 systemd-udevd[643]: passed device to netlink monitor 0x55a3a1b8aba0
Sep 30 19:17:45 ubuntu-xps13 systemd-udevd[643]: seq 2517 processed
Sep 30 19:17:45 ubuntu-xps13 systemd-udevd[553]: seq 2517 forked new worker [643]
Sep 30 19:17:45 ubuntu-xps13 systemd-udevd[553]: seq 2518 queued, 'add' 'cgroup'
Sep 30 19:17:45 ubuntu-xps13 systemd-udevd[553]: passed 189 byte device to netlink monitor 0x55a3a1bceb90
Sep 30 19:17:45 ubuntu-xps13 systemd-udevd[553]: seq 2519 queued, 'add' 'cgroup'
Sep 30 19:17:45 ubuntu-xps13 systemd-udevd[553]: passed 180 byte device to netlink monitor 0x55a3a1bceb90
Sep 30 19:17:45 ubuntu-xps13 systemd-udevd[553]: seq 2520 queued, 'add' 'cgroup'
Sep 30 19:17:45 ubuntu-xps13 systemd-udevd[553]: passed 176 byte device to netlink monitor 0x55a3a1bceb90
Sep 30 19:17:45 ubuntu-xps13 systemd-udevd[553]: seq 2521 queued, 'add' 'cgroup'
Sep 30 19:17:45 ubuntu-xps13 systemd-udevd[553]: passed 180 byte device to netlink monitor 0x55a3a1bceb90
Sep 30 19:17:45 ubuntu-xps13 systemd-udevd[553]: seq 2522 queued, 'add' 'cgroup'
Sep 30 19:17:45 ubuntu-xps13 systemd-udevd[553]: seq 2522 forked new worker [646]
Sep 30 19:17:45 ubuntu-xps13 systemd-udevd[553]: seq 2523 queued, 'add' 'cgroup'
Sep 30 19:17:45 ubuntu-xps13 systemd[1]: Starting Set console scheme... -- Subject: Unit setvtrgb.service has begun start-up -- Defined-By: systemd -- Support: http://www.ubuntu.com/support -- -- Unit setvtrgb.service has begun starting up.
Sep 30 19:17:45 ubuntu-xps13 systemd-udevd[553]: seq 2523 forked new worker [648]
Sep 30 19:17:45 ubuntu-xps13 systemd-udevd[553]: seq 2524 queued, 'add' 'cgroup'
Sep 30 19:17:45 ubuntu-xps13 systemd[1]: Reached target Sockets. -- Subject: Unit sockets.target has finished start-up -- Defined-By: systemd -- Support: http://www.ubuntu.com/support -- -- Unit sockets.target has finished starting up. -- -- The start-up result is done.
Sep 30 19:17:45 ubuntu-xps13 systemd[1]: Reached target Paths. -- Subject: Unit paths.target has finished start-up -- Defined-By: systemd -- Support: http://www.ubuntu.com/support -- -- Unit paths.target has finished starting up. -- -- The start-up result is done.
Sep 30 19:17:45 ubuntu-xps13 systemd-udevd[553]: seq 2524 forked new worker [649]
Sep 30 19:17:45 ubuntu-xps13 systemd-udevd[553]: seq 2525 queued, 'add' 'cgroup'
Sep 30 19:17:45 ubuntu-xps13 systemd-udevd[553]: seq 2525 forked new worker [650]
Sep 30 19:17:45 ubuntu-xps13 systemd-udevd[553]: seq 2526 queued, 'add' 'cgroup'
Sep 30 19:17:45 ubuntu-xps13 systemd-udevd[646]: seq 2522 running
Sep 30 19:17:45 ubuntu-xps13 systemd-udevd[649]: seq 2524 running
Sep 30 19:17:45 ubuntu-xps13 systemd-udevd[646]: value '[dmi/id]sys_vendor' is 'Dell Inc.'
Sep 30 19:17:45 ubuntu-xps13 systemd-udevd[646]: value '[dmi/id]sys_vendor' is 'Dell Inc.'
Sep 30 19:17:45 ubuntu-xps13 systemd-udevd[649]: value '[dmi/id]sys_vendor' is 'Dell Inc.'
Sep 30 19:17:45 ubuntu-xps13 systemd-udevd[649]: value '[dmi/id]sys_vendor' is 'Dell Inc.'
Sep 30 19:17:45 ubuntu-xps13 systemd-udevd[646]: passed device to netlink monitor 0x55a3a1b7f2d0
Sep 30 19:17:45 ubuntu-xps13 systemd-udevd[646]: seq 2522 processed
Sep 30 19:17:45 ubuntu-xps13 systemd[1]: Started Emergency Shell. -- Subject: Unit emergency.service has finished start-up -- Defined-By: systemd -- Support: http://www.ubuntu.com/support -- -- Unit emergency.service has finished starting up. -- -- The start-up result is done.
Sep 30 19:17:45 ubuntu-xps13 systemd-udevd[650]: seq 2525 running
Sep 30 19:17:45 ubuntu-xps13 systemd[1]: Reached target Emergency Mode. -- Subject: Unit emergency.target has finished start-up -- Defined-By: systemd -- Support: http://www.ubuntu.com/support -- -- Unit emergency.target has finished starting up. -- -- The start-up result is done.
Sep 30 19:17:45 ubuntu-xps13 systemd-udevd[650]: value '[dmi/id]sys_vendor' is 'Dell Inc.'
Sep 30 19:17:45 ubuntu-xps13 systemd-udevd[637]: seq 2521 running
Sep 30 19:17:45 ubuntu-xps13 systemd-udevd[650]: value '[dmi/id]sys_vendor' is 'Dell Inc.'
Sep 30 19:17:45 ubuntu-xps13 systemd-udevd[637]: value '[dmi/id]sys_vendor' is 'Dell Inc.'
Sep 30 19:17:45 ubuntu-xps13 systemd-udevd[637]: value '[dmi/id]sys_vendor' is 'Dell Inc.'
Sep 30 19:17:45 ubuntu-xps13 systemd-udevd[650]: passed device to netlink monitor 0x55a3a1bb0860
Sep 30 19:17:45 ubuntu-xps13 systemd-udevd[650]: seq 2525 processed
Sep 30 19:17:45 ubuntu-xps13 systemd-udevd[649]: passed device to netlink monitor 0x55a3a1bc8940
Sep 30 19:17:45 ubuntu-xps13 systemd-udevd[649]: seq 2524 processed
Sep 30 19:17:45 ubuntu-xps13 systemd-udevd[637]: passed device to netlink monitor 0x55a3a1bc53c0
Sep 30 19:17:45 ubuntu-xps13 systemd-udevd[637]: seq 2521 processed
Sep 30 19:17:45 ubuntu-xps13 systemd-udevd[643]: seq 2520 running
Sep 30 19:17:45 ubuntu-xps13 systemd-udevd[643]: value '[dmi/id]sys_vendor' is 'Dell Inc.'
Sep 30 19:17:45 ubuntu-xps13 systemd-udevd[643]: value '[dmi/id]sys_vendor' is 'Dell Inc.'
Sep 30 19:17:45 ubuntu-xps13 systemd-udevd[643]: passed device to netlink monitor 0x55a3a1b8aba0
Sep 30 19:17:45 ubuntu-xps13 systemd-udevd[643]: seq 2520 processed
Sep 30 19:17:45 ubuntu-xps13 systemd-udevd[638]: seq 2518 running
Sep 30 19:17:45 ubuntu-xps13 systemd-udevd[638]: value '[dmi/id]sys_vendor' is 'Dell Inc.'
Sep 30 19:17:45 ubuntu-xps13 systemd[1]: Starting AppArmor initialization... -- Subject: Unit apparmor.service has begun start-up -- Defined-By: systemd -- Support: http://www.ubuntu.com/support -- -- Unit apparmor.service has begun starting up.
Sep 30 19:17:45 ubuntu-xps13 systemd-udevd[638]: value '[dmi/id]sys_vendor' is 'Dell Inc.'
Sep 30 19:17:45 ubuntu-xps13 systemd-udevd[553]: seq 2526 forked new worker [653]
Sep 30 19:17:45 ubuntu-xps13 systemd-udevd[553]: seq 2527 queued, 'add' 'cgroup'
Sep 30 19:17:45 ubuntu-xps13 systemd-udevd[553]: passed 174 byte device to netlink monitor 0x55a3a1bceb90
Sep 30 19:17:45 ubuntu-xps13 systemd-udevd[638]: passed device to netlink monitor 0x55a3a1b8a6d0
Sep 30 19:17:45 ubuntu-xps13 systemd-udevd[638]: seq 2518 processed
Sep 30 19:17:45 ubuntu-xps13 systemd-udevd[553]: seq 2528 queued, 'add' 'cgroup'
Sep 30 19:17:45 ubuntu-xps13 systemd-udevd[553]: passed 196 byte device to netlink monitor 0x55a3a1bceb90
Sep 30 19:17:45 ubuntu-xps13 systemd-udevd[640]: seq 2519 running
Sep 30 19:17:45 ubuntu-xps13 systemd-udevd[553]: seq 2529 queued, 'add' 'cgroup'
Sep 30 19:17:45 ubuntu-xps13 systemd-udevd[553]: passed 194 byte device to netlink monitor 0x55a3a1bceb90
Sep 30 19:17:45 ubuntu-xps13 systemd-udevd[553]: seq 2530 queued, 'add' 'cgroup'
Sep 30 19:17:45 ubuntu-xps13 systemd-udevd[640]: value '[dmi/id]sys_vendor' is 'Dell Inc.'
Sep 30 19:17:45 ubuntu-xps13 systemd-udevd[646]: seq 2530 running
Sep 30 19:17:45 ubuntu-xps13 systemd-udevd[640]: value '[dmi/id]sys_vendor' is 'Dell Inc.'
Sep 30 19:17:45 ubuntu-xps13 systemd-udevd[646]: value '[dmi/id]sys_vendor' is 'Dell Inc.'
Sep 30 19:17:45 ubuntu-xps13 systemd-udevd[640]: passed device to netlink monitor 0x55a3a1bc1bb0
Sep 30 19:17:45 ubuntu-xps13 systemd-udevd[640]: seq 2519 processed
Sep 30 19:17:45 ubuntu-xps13 systemd-udevd[648]: seq 2523 running
Sep 30 19:17:45 ubuntu-xps13 systemd[1]: Starting Tell Plymouth To Write Out Runtime Data... -- Subject: Unit plymouth-read-write.service has begun start-up -- Defined-By: systemd -- Support: http://www.ubuntu.com/support -- -- Unit plymouth-read-write.service has begun starting up.
Sep 30 19:17:45 ubuntu-xps13 systemd-udevd[648]: value '[dmi/id]sys_vendor' is 'Dell Inc.'
Sep 30 19:17:45 ubuntu-xps13 systemd-udevd[648]: value '[dmi/id]sys_vendor' is 'Dell Inc.'
Sep 30 19:17:45 ubuntu-xps13 systemd-udevd[648]: passed device to netlink monitor 0x55a3a1b951b0
Sep 30 19:17:45 ubuntu-xps13 systemd-udevd[648]: seq 2523 processed
Sep 30 19:17:45 ubuntu-xps13 systemd-udevd[653]: seq 2526 running
Sep 30 19:17:45 ubuntu-xps13 systemd-udevd[653]: value '[dmi/id]sys_vendor' is 'Dell Inc.'
Sep 30 19:17:45 ubuntu-xps13 systemd-udevd[653]: value '[dmi/id]sys_vendor' is 'Dell Inc.'
Sep 30 19:17:45 ubuntu-xps13 systemd-udevd[653]: passed device to netlink monitor 0x55a3a1bb1a40
Sep 30 19:17:45 ubuntu-xps13 systemd-udevd[653]: seq 2526 processed
Sep 30 19:17:45 ubuntu-xps13 systemd[1]: Starting Create Volatile Files and Directories... -- Subject: Unit systemd-tmpfiles-setup.service has begun start-up -- Defined-By: systemd -- Support: http://www.ubuntu.com/support -- -- Unit systemd-tmpfiles-setup.service has begun starting up.
Sep 30 19:17:45 ubuntu-xps13 systemd[1]: Started Stop ureadahead data collection 45s after completed startup. -- Subject: Unit ureadahead-stop.timer has finished start-up -- Defined-By: systemd -- Support: http://www.ubuntu.com/support -- -- Unit ureadahead-stop.timer has finished starting up. -- -- The start-up result is done.
Sep 30 19:17:45 ubuntu-xps13 systemd[1]: Starting Nameserver information manager... -- Subject: Unit resolvconf.service has begun start-up -- Defined-By: systemd -- Support: http://www.ubuntu.com/support -- -- Unit resolvconf.service has begun starting up.
Sep 30 19:17:45 ubuntu-xps13 systemd[1]: Started Set console font and keymap. -- Subject: Unit console-setup.service has finished start-up -- Defined-By: systemd -- Support: http://www.ubuntu.com/support -- -- Unit console-setup.service has finished starting up. -- -- The start-up result is done.
Sep 30 19:17:45 ubuntu-xps13 systemd[1]: proc-sys-fs-binfmt_misc.automount: Got automount request for /proc/sys/fs/binfmt_misc, triggered by 636 (update-binfmts)
Sep 30 19:17:45 ubuntu-xps13 systemd[1]: Mounting Arbitrary Executable File Formats File System... -- Subject: Unit proc-sys-fs-binfmt_misc.mount has begun start-up -- Defined-By: systemd -- Support: http://www.ubuntu.com/support -- -- Unit proc-sys-fs-binfmt_misc.mount has begun starting up.
Sep 30 19:17:45 ubuntu-xps13 systemd[1]: Started Set console scheme. -- Subject: Unit setvtrgb.service has finished start-up -- Defined-By: systemd -- Support: http://www.ubuntu.com/support -- -- Unit setvtrgb.service has finished starting up. -- -- The start-up result is done.
Sep 30 19:17:45 ubuntu-xps13 systemd-udevd[646]: value '[dmi/id]sys_vendor' is 'Dell Inc.'
Sep 30 19:17:45 ubuntu-xps13 systemd-udevd[646]: passed device to netlink monitor 0x55a3a1b7f2d0
Sep 30 19:17:45 ubuntu-xps13 systemd-udevd[646]: seq 2530 processed
Sep 30 19:17:45 ubuntu-xps13 systemd-udevd[637]: seq 2528 running
Sep 30 19:17:45 ubuntu-xps13 systemd-tmpfiles[656]: [/usr/lib/tmpfiles.d/var.conf:14] Duplicate line for path "/var/log", ignoring.
Sep 30 19:17:45 ubuntu-xps13 systemd-udevd[553]: passed 185 byte device to netlink monitor 0x55a3a1bceb90
Sep 30 19:17:45 ubuntu-xps13 systemd-udevd[553]: seq 2531 queued, 'add' 'cgroup'
Sep 30 19:17:45 ubuntu-xps13 systemd-udevd[640]: seq 2531 running
Sep 30 19:17:45 ubuntu-xps13 systemd-udevd[640]: value '[dmi/id]sys_vendor' is 'Dell Inc.'
Sep 30 19:17:45 ubuntu-xps13 systemd-udevd[640]: value '[dmi/id]sys_vendor' is 'Dell Inc.'
Sep 30 19:17:45 ubuntu-xps13 systemd-udevd[637]: value '[dmi/id]sys_vendor' is 'Dell Inc.'
Sep 30 19:17:45 ubuntu-xps13 systemd-udevd[637]: value '[dmi/id]sys_vendor' is 'Dell Inc.'
Sep 30 19:17:45 ubuntu-xps13 systemd-udevd[637]: passed device to netlink monitor 0x55a3a1bc53c0
Sep 30 19:17:45 ubuntu-xps13 systemd-udevd[637]: seq 2528 processed
Sep 30 19:17:45 ubuntu-xps13 systemd-udevd[643]: seq 2527 running
Sep 30 19:17:45 ubuntu-xps13 systemd-udevd[643]: value '[dmi/id]sys_vendor' is 'Dell Inc.'
Sep 30 19:17:45 ubuntu-xps13 systemd-udevd[643]: value '[dmi/id]sys_vendor' is 'Dell Inc.'
Sep 30 19:17:45 ubuntu-xps13 systemd-udevd[643]: passed device to netlink monitor 0x55a3a1b8aba0
Sep 30 19:17:45 ubuntu-xps13 systemd-udevd[643]: seq 2527 processed
Sep 30 19:17:45 ubuntu-xps13 systemd-udevd[553]: passed 182 byte device to netlink monitor 0x55a3a1bceb90
Sep 30 19:17:45 ubuntu-xps13 systemd-udevd[553]: seq 2532 queued, 'add' 'cgroup'
Sep 30 19:17:45 ubuntu-xps13 systemd-udevd[553]: passed 183 byte device to netlink monitor 0x55a3a1bceb90
Sep 30 19:17:45 ubuntu-xps13 systemd-udevd[553]: seq 2533 queued, 'add' 'cgroup'
Sep 30 19:17:45 ubuntu-xps13 systemd-udevd[553]: passed 188 byte device to netlink monitor 0x55a3a1bceb90
Sep 30 19:17:45 ubuntu-xps13 systemd-udevd[553]: seq 2534 queued, 'add' 'cgroup'
Sep 30 19:17:45 ubuntu-xps13 systemd-udevd[648]: seq 2534 running
Sep 30 19:17:45 ubuntu-xps13 systemd-udevd[648]: value '[dmi/id]sys_vendor' is 'Dell Inc.'
Sep 30 19:17:45 ubuntu-xps13 systemd[1]: Started Nameserver information manager. -- Subject: Unit resolvconf.service has finished start-up -- Defined-By: systemd -- Support: http://www.ubuntu.com/support -- -- Unit resolvconf.service has finished starting up. -- -- The start-up result is done.
Sep 30 19:17:45 ubuntu-xps13 systemd-udevd[648]: value '[dmi/id]sys_vendor' is 'Dell Inc.'
Sep 30 19:17:45 ubuntu-xps13 systemd-udevd[648]: passed device to netlink monitor 0x55a3a1b951b0
Sep 30 19:17:45 ubuntu-xps13 systemd-udevd[648]: seq 2534 processed
Sep 30 19:17:45 ubuntu-xps13 systemd-udevd[653]: seq 2532 running
Sep 30 19:17:45 ubuntu-xps13 systemd[1]: Created slice system-getty.slice. -- Subject: Unit system-getty.slice has finished start-up -- Defined-By: systemd -- Support: http://www.ubuntu.com/support -- -- Unit system-getty.slice has finished starting up. -- -- The start-up result is done.
Sep 30 19:17:45 ubuntu-xps13 systemd-udevd[640]: passed device to netlink monitor 0x55a3a1bc1bb0
Sep 30 19:17:45 ubuntu-xps13 systemd-udevd[640]: seq 2531 processed
Sep 30 19:17:45 ubuntu-xps13 systemd-udevd[553]: passed 188 byte device to netlink monitor 0x55a3a1bceb90
Sep 30 19:17:45 ubuntu-xps13 systemd-udevd[553]: seq 2535 queued, 'add' 'cgroup'
Sep 30 19:17:45 ubuntu-xps13 systemd-udevd[640]: seq 2535 running
Sep 30 19:17:45 ubuntu-xps13 systemd-udevd[640]: value '[dmi/id]sys_vendor' is 'Dell Inc.'
Sep 30 19:17:45 ubuntu-xps13 systemd-udevd[640]: value '[dmi/id]sys_vendor' is 'Dell Inc.'
Sep 30 19:17:45 ubuntu-xps13 systemd-udevd[640]: passed device to netlink monitor 0x55a3a1bc1bb0
Sep 30 19:17:45 ubuntu-xps13 systemd-udevd[640]: seq 2535 processed
Sep 30 19:17:45 ubuntu-xps13 systemd-udevd[553]: passed 179 byte device to netlink monitor 0x55a3a1bceb90
Sep 30 19:17:45 ubuntu-xps13 systemd-udevd[553]: seq 2536 queued, 'add' 'cgroup'
Sep 30 19:17:45 ubuntu-xps13 systemd-udevd[640]: seq 2536 running
Sep 30 19:17:45 ubuntu-xps13 systemd-udevd[640]: value '[dmi/id]sys_vendor' is 'Dell Inc.'
Sep 30 19:17:45 ubuntu-xps13 systemd-udevd[640]: value '[dmi/id]sys_vendor' is 'Dell Inc.'
Sep 30 19:17:45 ubuntu-xps13 systemd-udevd[640]: passed device to netlink monitor 0x55a3a1bc1bb0
Sep 30 19:17:45 ubuntu-xps13 systemd-udevd[640]: seq 2536 processed
Sep 30 19:17:45 ubuntu-xps13 systemd-udevd[638]: seq 2529 running
Sep 30 19:17:45 ubuntu-xps13 systemd-udevd[553]: passed 188 byte device to netlink monitor 0x55a3a1bceb90
Sep 30 19:17:45 ubuntu-xps13 systemd-udevd[553]: seq 2537 queued, 'add' 'cgroup'
Sep 30 19:17:45 ubuntu-xps13 systemd-udevd[638]: value '[dmi/id]sys_vendor' is 'Dell Inc.'
Sep 30 19:17:45 ubuntu-xps13 systemd-udevd[640]: seq 2537 running
Sep 30 19:17:45 ubuntu-xps13 systemd-udevd[638]: value '[dmi/id]sys_vendor' is 'Dell Inc.'
Sep 30 19:17:45 ubuntu-xps13 systemd-udevd[640]: value '[dmi/id]sys_vendor' is 'Dell Inc.'
Sep 30 19:17:45 ubuntu-xps13 systemd-udevd[638]: passed device to netlink monitor 0x55a3a1b8a6d0
Sep 30 19:17:45 ubuntu-xps13 systemd-udevd[638]: seq 2529 processed
Sep 30 19:17:45 ubuntu-xps13 systemd-udevd[643]: seq 2533 running
Sep 30 19:17:45 ubuntu-xps13 systemd-udevd[643]: value '[dmi/id]sys_vendor' is 'Dell Inc.'
Sep 30 19:17:45 ubuntu-xps13 systemd-udevd[643]: value '[dmi/id]sys_vendor' is 'Dell Inc.'
Sep 30 19:17:45 ubuntu-xps13 systemd-udevd[643]: passed device to netlink monitor 0x55a3a1b8aba0
Sep 30 19:17:45 ubuntu-xps13 systemd-udevd[643]: seq 2533 processed
Sep 30 19:17:45 ubuntu-xps13 systemd-udevd[653]: value '[dmi/id]sys_vendor' is 'Dell Inc.'
Sep 30 19:17:45 ubuntu-xps13 systemd-udevd[653]: value '[dmi/id]sys_vendor' is 'Dell Inc.'
Sep 30 19:17:45 ubuntu-xps13 systemd-udevd[653]: passed device to netlink monitor 0x55a3a1bb1a40
Sep 30 19:17:45 ubuntu-xps13 systemd[1]: Started Tell Plymouth To Write Out Runtime Data. -- Subject: Unit plymouth-read-write.service has finished start-up -- Defined-By: systemd -- Support: http://www.ubuntu.com/support -- -- Unit plymouth-read-write.service has finished starting up. -- -- The start-up result is done.
Sep 30 19:17:45 ubuntu-xps13 systemd-udevd[653]: seq 2532 processed
Sep 30 19:17:45 ubuntu-xps13 systemd-udevd[640]: value '[dmi/id]sys_vendor' is 'Dell Inc.'
Sep 30 19:17:45 ubuntu-xps13 systemd-udevd[640]: passed device to netlink monitor 0x55a3a1bc1bb0
Sep 30 19:17:45 ubuntu-xps13 systemd-udevd[640]: seq 2537 processed
Sep 30 19:17:45 ubuntu-xps13 systemd-udevd[553]: passed 184 byte device to netlink monitor 0x55a3a1bceb90
Sep 30 19:17:45 ubuntu-xps13 systemd-udevd[553]: seq 2538 queued, 'add' 'cgroup'
Sep 30 19:17:45 ubuntu-xps13 systemd-udevd[553]: passed 185 byte device to netlink monitor 0x55a3a1bceb90
Sep 30 19:17:45 ubuntu-xps13 systemd-udevd[553]: seq 2539 queued, 'add' 'cgroup'
Sep 30 19:17:45 ubuntu-xps13 systemd-udevd[640]: seq 2539 running
Sep 30 19:17:45 ubuntu-xps13 systemd-udevd[640]: value '[dmi/id]sys_vendor' is 'Dell Inc.'
Sep 30 19:17:45 ubuntu-xps13 systemd-udevd[640]: value '[dmi/id]sys_vendor' is 'Dell Inc.'
Sep 30 19:17:45 ubuntu-xps13 systemd-udevd[640]: passed device to netlink monitor 0x55a3a1bc1bb0
Sep 30 19:17:45 ubuntu-xps13 systemd-udevd[640]: seq 2539 processed
Sep 30 19:17:45 ubuntu-xps13 systemd-udevd[638]: seq 2538 running
Sep 30 19:17:45 ubuntu-xps13 systemd-udevd[638]: value '[dmi/id]sys_vendor' is 'Dell Inc.'
Sep 30 19:17:45 ubuntu-xps13 systemd-udevd[638]: value '[dmi/id]sys_vendor' is 'Dell Inc.'
Sep 30 19:17:45 ubuntu-xps13 systemd-udevd[638]: passed device to netlink monitor 0x55a3a1b8a6d0
Sep 30 19:17:45 ubuntu-xps13 systemd-udevd[638]: seq 2538 processed
Sep 30 19:17:45 ubuntu-xps13 systemd-udevd[553]: passed 185 byte device to netlink monitor 0x55a3a1bceb90
Sep 30 19:17:45 ubuntu-xps13 systemd-udevd[553]: seq 2540 queued, 'add' 'cgroup'
Sep 30 19:17:45 ubuntu-xps13 systemd-udevd[553]: passed 185 byte device to netlink monitor 0x55a3a1bceb90
Sep 30 19:17:45 ubuntu-xps13 systemd-udevd[553]: seq 2541 queued, 'add' 'cgroup'
Sep 30 19:17:45 ubuntu-xps13 systemd-udevd[640]: seq 2541 running
Sep 30 19:17:45 ubuntu-xps13 systemd-udevd[640]: value '[dmi/id]sys_vendor' is 'Dell Inc.'
Sep 30 19:17:45 ubuntu-xps13 systemd-udevd[640]: value '[dmi/id]sys_vendor' is 'Dell Inc.'
Sep 30 19:17:45 ubuntu-xps13 systemd-udevd[640]: passed device to netlink monitor 0x55a3a1bc1bb0
Sep 30 19:17:45 ubuntu-xps13 systemd-udevd[640]: seq 2541 processed
Sep 30 19:17:45 ubuntu-xps13 systemd-udevd[553]: passed 189 byte device to netlink monitor 0x55a3a1bceb90
Sep 30 19:17:45 ubuntu-xps13 systemd-udevd[553]: seq 2542 queued, 'add' 'cgroup'
Sep 30 19:17:45 ubuntu-xps13 systemd-udevd[640]: seq 2542 running
Sep 30 19:17:45 ubuntu-xps13 systemd-udevd[640]: value '[dmi/id]sys_vendor' is 'Dell Inc.'
Sep 30 19:17:45 ubuntu-xps13 systemd-udevd[640]: value '[dmi/id]sys_vendor' is 'Dell Inc.'
Sep 30 19:17:45 ubuntu-xps13 systemd-udevd[640]: passed device to netlink monitor 0x55a3a1bc1bb0
Sep 30 19:17:45 ubuntu-xps13 systemd-udevd[640]: seq 2542 processed
Sep 30 19:17:45 ubuntu-xps13 systemd-udevd[553]: passed 186 byte device to netlink monitor 0x55a3a1bceb90
Sep 30 19:17:45 ubuntu-xps13 systemd-udevd[553]: seq 2543 queued, 'add' 'cgroup'
Sep 30 19:17:45 ubuntu-xps13 systemd-udevd[640]: seq 2543 running
Sep 30 19:17:45 ubuntu-xps13 systemd-udevd[640]: value '[dmi/id]sys_vendor' is 'Dell Inc.'
Sep 30 19:17:45 ubuntu-xps13 systemd-udevd[640]: value '[dmi/id]sys_vendor' is 'Dell Inc.'
Sep 30 19:17:45 ubuntu-xps13 systemd-udevd[640]: passed device to netlink monitor 0x55a3a1bc1bb0
Sep 30 19:17:45 ubuntu-xps13 systemd-udevd[640]: seq 2543 processed
Sep 30 19:17:45 ubuntu-xps13 systemd-udevd[553]: passed 177 byte device to netlink monitor 0x55a3a1bceb90
Sep 30 19:17:45 ubuntu-xps13 systemd-udevd[553]: seq 2544 queued, 'add' 'cgroup'
Sep 30 19:17:45 ubuntu-xps13 systemd-udevd[640]: seq 2544 running
Sep 30 19:17:45 ubuntu-xps13 systemd-udevd[640]: value '[dmi/id]sys_vendor' is 'Dell Inc.'
Sep 30 19:17:45 ubuntu-xps13 systemd-udevd[640]: value '[dmi/id]sys_vendor' is 'Dell Inc.'
Sep 30 19:17:45 ubuntu-xps13 systemd[1]: Mounted Arbitrary Executable File Formats File System. -- Subject: Unit proc-sys-fs-binfmt_misc.mount has finished start-up -- Defined-By: systemd -- Support: http://www.ubuntu.com/support -- -- Unit proc-sys-fs-binfmt_misc.mount has finished starting up. -- -- The start-up result is done.
Sep 30 19:17:45 ubuntu-xps13 systemd-udevd[553]: passed 196 byte device to netlink monitor 0x55a3a1bceb90
Sep 30 19:17:45 ubuntu-xps13 systemd-udevd[553]: seq 2545 queued, 'add' 'cgroup'
Sep 30 19:17:45 ubuntu-xps13 systemd-udevd[640]: passed device to netlink monitor 0x55a3a1bc1bb0
Sep 30 19:17:45 ubuntu-xps13 systemd-udevd[640]: seq 2544 processed
Sep 30 19:17:45 ubuntu-xps13 systemd-udevd[553]: passed 183 byte device to netlink monitor 0x55a3a1bceb90
Sep 30 19:17:45 ubuntu-xps13 systemd-udevd[553]: seq 2546 queued, 'add' 'cgroup'
Sep 30 19:17:45 ubuntu-xps13 systemd-udevd[638]: seq 2540 running
Sep 30 19:17:45 ubuntu-xps13 systemd-udevd[640]: seq 2546 running
Sep 30 19:17:45 ubuntu-xps13 systemd-udevd[640]: value '[dmi/id]sys_vendor' is 'Dell Inc.'
Sep 30 19:17:45 ubuntu-xps13 systemd-udevd[640]: value '[dmi/id]sys_vendor' is 'Dell Inc.'
Sep 30 19:17:45 ubuntu-xps13 systemd-udevd[653]: seq 2545 running
Sep 30 19:17:45 ubuntu-xps13 systemd-udevd[640]: passed device to netlink monitor 0x55a3a1bc1bb0
Sep 30 19:17:45 ubuntu-xps13 systemd-udevd[640]: seq 2546 processed
Sep 30 19:17:45 ubuntu-xps13 systemd-udevd[553]: passed 187 byte device to netlink monitor 0x55a3a1bceb90
Sep 30 19:17:45 ubuntu-xps13 systemd-udevd[653]: value '[dmi/id]sys_vendor' is 'Dell Inc.'
Sep 30 19:17:45 ubuntu-xps13 systemd-udevd[553]: seq 2547 queued, 'add' 'cgroup'
Sep 30 19:17:45 ubuntu-xps13 systemd-udevd[653]: value '[dmi/id]sys_vendor' is 'Dell Inc.'
Sep 30 19:17:45 ubuntu-xps13 systemd-udevd[640]: seq 2547 running
Sep 30 19:17:45 ubuntu-xps13 systemd-udevd[640]: value '[dmi/id]sys_vendor' is 'Dell Inc.'
Sep 30 19:17:45 ubuntu-xps13 systemd-udevd[640]: value '[dmi/id]sys_vendor' is 'Dell Inc.'
Sep 30 19:17:45 ubuntu-xps13 systemd-udevd[653]: passed device to netlink monitor 0x55a3a1bb1a40
Sep 30 19:17:45 ubuntu-xps13 systemd-udevd[653]: seq 2545 processed
Sep 30 19:17:45 ubuntu-xps13 systemd-udevd[638]: value '[dmi/id]sys_vendor' is 'Dell Inc.'
Sep 30 19:17:45 ubuntu-xps13 systemd-udevd[638]: value '[dmi/id]sys_vendor' is 'Dell Inc.'
Sep 30 19:17:45 ubuntu-xps13 systemd-udevd[640]: passed device to netlink monitor 0x55a3a1bc1bb0
Sep 30 19:17:45 ubuntu-xps13 systemd-udevd[640]: seq 2547 processed
Sep 30 19:17:45 ubuntu-xps13 systemd-udevd[553]: passed 195 byte device to netlink monitor 0x55a3a1bceb90
Sep 30 19:17:45 ubuntu-xps13 systemd-udevd[553]: seq 2548 queued, 'add' 'cgroup'
Sep 30 19:17:45 ubuntu-xps13 systemd-udevd[640]: seq 2548 running
Sep 30 19:17:45 ubuntu-xps13 systemd-udevd[638]: passed device to netlink monitor 0x55a3a1b8a6d0
Sep 30 19:17:45 ubuntu-xps13 systemd-udevd[638]: seq 2540 processed
Sep 30 19:17:45 ubuntu-xps13 systemd-udevd[640]: value '[dmi/id]sys_vendor' is 'Dell Inc.'
Sep 30 19:17:45 ubuntu-xps13 systemd-udevd[640]: value '[dmi/id]sys_vendor' is 'Dell Inc.'
Sep 30 19:17:45 ubuntu-xps13 systemd-udevd[640]: passed device to netlink monitor 0x55a3a1bc1bb0
Sep 30 19:17:45 ubuntu-xps13 systemd-udevd[640]: seq 2548 processed
Sep 30 19:17:45 ubuntu-xps13 systemd-udevd[553]: passed 197 byte device to netlink monitor 0x55a3a1bceb90
Sep 30 19:17:45 ubuntu-xps13 systemd-udevd[553]: seq 2549 queued, 'add' 'cgroup'
Sep 30 19:17:45 ubuntu-xps13 systemd-udevd[553]: passed 195 byte device to netlink monitor 0x55a3a1bceb90
Sep 30 19:17:45 ubuntu-xps13 systemd-udevd[638]: seq 2549 running
Sep 30 19:17:45 ubuntu-xps13 systemd-udevd[553]: seq 2550 queued, 'add' 'cgroup'
Sep 30 19:17:45 ubuntu-xps13 systemd-udevd[640]: seq 2550 running
Sep 30 19:17:45 ubuntu-xps13 systemd-udevd[640]: value '[dmi/id]sys_vendor' is 'Dell Inc.'
Sep 30 19:17:45 ubuntu-xps13 systemd-udevd[640]: value '[dmi/id]sys_vendor' is 'Dell Inc.'
Sep 30 19:17:45 ubuntu-xps13 systemd-udevd[638]: value '[dmi/id]sys_vendor' is 'Dell Inc.'
Sep 30 19:17:45 ubuntu-xps13 systemd-udevd[638]: value '[dmi/id]sys_vendor' is 'Dell Inc.'
Sep 30 19:17:45 ubuntu-xps13 systemd-udevd[640]: passed device to netlink monitor 0x55a3a1bc1bb0
Sep 30 19:17:45 ubuntu-xps13 systemd-udevd[640]: seq 2550 processed
Sep 30 19:17:45 ubuntu-xps13 systemd-udevd[553]: passed 184 byte device to netlink monitor 0x55a3a1bceb90
Sep 30 19:17:45 ubuntu-xps13 systemd-udevd[553]: seq 2551 queued, 'add' 'cgroup'
Sep 30 19:17:45 ubuntu-xps13 systemd-udevd[638]: passed device to netlink monitor 0x55a3a1b8a6d0
Sep 30 19:17:45 ubuntu-xps13 systemd-udevd[638]: seq 2549 processed
Sep 30 19:17:45 ubuntu-xps13 systemd-udevd[640]: seq 2551 running
Sep 30 19:17:45 ubuntu-xps13 systemd-udevd[640]: value '[dmi/id]sys_vendor' is 'Dell Inc.'
Sep 30 19:17:45 ubuntu-xps13 systemd-udevd[640]: value '[dmi/id]sys_vendor' is 'Dell Inc.'
Sep 30 19:17:45 ubuntu-xps13 systemd-udevd[640]: passed device to netlink monitor 0x55a3a1bc1bb0
Sep 30 19:17:45 ubuntu-xps13 systemd-udevd[640]: seq 2551 processed
Sep 30 19:17:45 ubuntu-xps13 systemd-udevd[553]: passed 185 byte device to netlink monitor 0x55a3a1bceb90
Sep 30 19:17:45 ubuntu-xps13 systemd-udevd[553]: seq 2552 queued, 'add' 'cgroup'
Sep 30 19:17:45 ubuntu-xps13 systemd-udevd[553]: passed 190 byte device to netlink monitor 0x55a3a1bceb90
Sep 30 19:17:45 ubuntu-xps13 systemd-udevd[638]: seq 2552 running
Sep 30 19:17:46 ubuntu-xps13 apparmor[652]: * Starting AppArmor profiles
Sep 30 19:17:45 ubuntu-xps13 systemd-udevd[553]: seq 2553 queued, 'add' 'cgroup'
Sep 30 19:17:45 ubuntu-xps13 systemd-udevd[640]: seq 2553 running
Sep 30 19:17:45 ubuntu-xps13 systemd-udevd[638]: value '[dmi/id]sys_vendor' is 'Dell Inc.'
Sep 30 19:17:45 ubuntu-xps13 systemd-udevd[640]: value '[dmi/id]sys_vendor' is 'Dell Inc.'
Sep 30 19:17:45 ubuntu-xps13 systemd-udevd[640]: value '[dmi/id]sys_vendor' is 'Dell Inc.'
Sep 30 19:17:45 ubuntu-xps13 systemd-udevd[638]: value '[dmi/id]sys_vendor' is 'Dell Inc.'
Sep 30 19:17:45 ubuntu-xps13 systemd-udevd[640]: passed device to netlink monitor 0x55a3a1bc1bb0
Sep 30 19:17:45 ubuntu-xps13 systemd-udevd[638]: passed device to netlink monitor 0x55a3a1b8a6d0
Sep 30 19:17:45 ubuntu-xps13 systemd-udevd[640]: seq 2553 processed
Sep 30 19:17:45 ubuntu-xps13 systemd-udevd[638]: seq 2552 processed
Sep 30 19:17:45 ubuntu-xps13 systemd-udevd[553]: passed 190 byte device to netlink monitor 0x55a3a1bceb90
Sep 30 19:17:45 ubuntu-xps13 systemd-udevd[553]: seq 2554 queued, 'add' 'cgroup'
Sep 30 19:17:45 ubuntu-xps13 systemd-udevd[553]: passed 181 byte device to netlink monitor 0x55a3a1bceb90
Sep 30 19:17:45 ubuntu-xps13 systemd-udevd[638]: seq 2554 running
Sep 30 19:17:45 ubuntu-xps13 systemd-udevd[553]: seq 2555 queued, 'add' 'cgroup'
Sep 30 19:17:45 ubuntu-xps13 systemd-udevd[640]: seq 2555 running
Sep 30 19:17:45 ubuntu-xps13 systemd-udevd[638]: value '[dmi/id]sys_vendor' is 'Dell Inc.'
Sep 30 19:17:45 ubuntu-xps13 systemd-udevd[640]: value '[dmi/id]sys_vendor' is 'Dell Inc.'
Sep 30 19:17:47 ubuntu-xps13 kernel: audit: type=1400 audit(1475281066.873:2): apparmor="STATUS" operation="profile_load" profile="unconfined" name="/sbin/dhclient" pid=761 comm="apparmor_parser"
Sep 30 19:17:47 ubuntu-xps13 kernel: audit: type=1400 audit(1475281066.873:3): apparmor="STATUS" operation="profile_load" profile="unconfined" name="/usr/lib/NetworkManager/nm-dhcp-client.action" pid=761 comm="apparmor_parser"
Sep 30 19:17:47 ubuntu-xps13 kernel: audit: type=1400 audit(1475281066.873:4): apparmor="STATUS" operation="profile_load" profile="unconfined" name="/usr/lib/NetworkManager/nm-dhcp-helper" pid=761 comm="apparmor_parser"
Sep 30 19:17:47 ubuntu-xps13 kernel: audit: type=1400 audit(1475281066.873:5): apparmor="STATUS" operation="profile_load" profile="unconfined" name="/usr/lib/connman/scripts/dhclient-script" pid=761 comm="apparmor_parser"
Sep 30 19:17:47 ubuntu-xps13 kernel: audit: type=1400 audit(1475281066.873:6): apparmor="STATUS" operation="profile_load" profile="unconfined" name="/usr/lib/lightdm/lightdm-guest-session" pid=759 comm="apparmor_parser"
Sep 30 19:17:47 ubuntu-xps13 kernel: audit: type=1400 audit(1475281066.873:7): apparmor="STATUS" operation="profile_load" profile="unconfined" name="/usr/lib/lightdm/lightdm-guest-session//chromium" pid=759 comm="apparmor_parser"
Sep 30 19:17:47 ubuntu-xps13 kernel: audit: type=1400 audit(1475281066.873:8): apparmor="STATUS" operation="profile_load" profile="unconfined" name="lxc-container-default" pid=760 comm="apparmor_parser"
Sep 30 19:17:47 ubuntu-xps13 kernel: audit: type=1400 audit(1475281066.873:9): apparmor="STATUS" operation="profile_load" profile="unconfined" name="lxc-container-default-cgns" pid=760 comm="apparmor_parser"
Sep 30 19:17:47 ubuntu-xps13 kernel: audit: type=1400 audit(1475281066.873:10): apparmor="STATUS" operation="profile_load" profile="unconfined" name="lxc-container-default-with-mounting" pid=760 comm="apparmor_parser"
Sep 30 19:17:47 ubuntu-xps13 kernel: audit: type=1400 audit(1475281066.873:11): apparmor="STATUS" operation="profile_load" profile="unconfined" name="lxc-container-default-with-nesting" pid=760 comm="apparmor_parser"
Sep 30 19:17:46 ubuntu-xps13 audit[761]: AVC apparmor="STATUS" operation="profile_load" profile="unconfined" name="/sbin/dhclient" pid=761 comm="apparmor_parser"
Sep 30 19:17:46 ubuntu-xps13 audit[761]: AVC apparmor="STATUS" operation="profile_load" profile="unconfined" name="/usr/lib/NetworkManager/nm-dhcp-client.action" pid=761 comm="apparmor_parser"
Sep 30 19:17:46 ubuntu-xps13 audit[761]: AVC apparmor="STATUS" operation="profile_load" profile="unconfined" name="/usr/lib/NetworkManager/nm-dhcp-helper" pid=761 comm="apparmor_parser"
Sep 30 19:17:46 ubuntu-xps13 audit[761]: AVC apparmor="STATUS" operation="profile_load" profile="unconfined" name="/usr/lib/connman/scripts/dhclient-script" pid=761 comm="apparmor_parser"
Sep 30 19:17:46 ubuntu-xps13 audit[759]: AVC apparmor="STATUS" operation="profile_load" profile="unconfined" name="/usr/lib/lightdm/lightdm-guest-session" pid=759 comm="apparmor_parser"
Sep 30 19:17:46 ubuntu-xps13 audit[759]: AVC apparmor="STATUS" operation="profile_load" profile="unconfined" name="/usr/lib/lightdm/lightdm-guest-session//chromium" pid=759 comm="apparmor_parser"
Sep 30 19:17:46 ubuntu-xps13 audit[760]: AVC apparmor="STATUS" operation="profile_load" profile="unconfined" name="lxc-container-default" pid=760 comm="apparmor_parser"
Sep 30 19:17:46 ubuntu-xps13 audit[760]: AVC apparmor="STATUS" operation="profile_load" profile="unconfined" name="lxc-container-default-cgns" pid=760 comm="apparmor_parser"
Sep 30 19:17:46 ubuntu-xps13 audit[760]: AVC apparmor="STATUS" operation="profile_load" profile="unconfined" name="lxc-container-default-with-mounting" pid=760 comm="apparmor_parser"
Sep 30 19:17:46 ubuntu-xps13 audit[760]: AVC apparmor="STATUS" operation="profile_load" profile="unconfined" name="lxc-container-default-with-nesting" pid=760 comm="apparmor_parser"
Sep 30 19:17:46 ubuntu-xps13 audit[764]: AVC apparmor="STATUS" operation="profile_load" profile="unconfined" name="/usr/bin/lxc-start" pid=764 comm="apparmor_parser"
Sep 30 19:17:46 ubuntu-xps13 audit[766]: AVC apparmor="STATUS" operation="profile_load" profile="unconfined" name="/usr/lib/libvirt/virt-aa-helper" pid=766 comm="apparmor_parser"
Sep 30 19:17:46 ubuntu-xps13 audit[767]: AVC apparmor="STATUS" operation="profile_load" profile="unconfined" name="/usr/lib/lxd/lxd-bridge-proxy" pid=767 comm="apparmor_parser"
Sep 30 19:17:46 ubuntu-xps13 audit[768]: AVC apparmor="STATUS" operation="profile_load" profile="unconfined" name="/usr/lib/snapd/snap-confine" pid=768 comm="apparmor_parser"
Sep 30 19:17:46 ubuntu-xps13 audit[768]: AVC apparmor="STATUS" operation="profile_load" profile="unconfined" name="/usr/lib/snapd/snap-confine//mount-namespace-capture-helper" pid=768 comm="apparmor_parser"
Sep 30 19:17:46 ubuntu-xps13 audit[770]: AVC apparmor="STATUS" operation="profile_load" profile="unconfined" name="/usr/sbin/cups-browsed" pid=770 comm="apparmor_parser"
Sep 30 19:17:46 ubuntu-xps13 audit[769]: AVC apparmor="STATUS" operation="profile_load" profile="unconfined" name="/usr/lib/telepathy/mission-control-5" pid=769 comm="apparmor_parser"
Sep 30 19:17:46 ubuntu-xps13 audit[769]: AVC apparmor="STATUS" operation="profile_load" profile="unconfined" name="/usr/lib/telepathy/telepathy-*" pid=769 comm="apparmor_parser"
Sep 30 19:17:46 ubuntu-xps13 audit[769]: AVC apparmor="STATUS" operation="profile_load" profile="unconfined" name="/usr/lib/telepathy/telepathy-*//pxgsettings" pid=769 comm="apparmor_parser"
Sep 30 19:17:46 ubuntu-xps13 audit[769]: AVC apparmor="STATUS" operation="profile_load" profile="unconfined" name="/usr/lib/telepathy/telepathy-*//sanitized_helper" pid=769 comm="apparmor_parser"
Sep 30 19:17:46 ubuntu-xps13 audit[769]: AVC apparmor="STATUS" operation="profile_load" profile="unconfined" name="/usr/lib/telepathy/telepathy-ofono" pid=769 comm="apparmor_parser"
Sep 30 19:17:46 ubuntu-xps13 audit[771]: AVC apparmor="STATUS" operation="profile_load" profile="unconfined" name="/usr/lib/cups/backend/cups-pdf" pid=771 comm="apparmor_parser"
Sep 30 19:17:46 ubuntu-xps13 audit[771]: AVC apparmor="STATUS" operation="profile_load" profile="unconfined" name="/usr/sbin/cupsd" pid=771 comm="apparmor_parser"
Sep 30 19:17:46 ubuntu-xps13 audit[771]: AVC apparmor="STATUS" operation="profile_load" profile="unconfined" name="/usr/sbin/cupsd//third_party" pid=771 comm="apparmor_parser"
Sep 30 19:17:46 ubuntu-xps13 audit[762]: AVC apparmor="STATUS" operation="profile_load" profile="unconfined" name="/usr/bin/evince" pid=762 comm="apparmor_parser"
Sep 30 19:17:46 ubuntu-xps13 audit[762]: AVC apparmor="STATUS" operation="profile_load" profile="unconfined" name="/usr/bin/evince//sanitized_helper" pid=762 comm="apparmor_parser"
Sep 30 19:17:46 ubuntu-xps13 audit[762]: AVC apparmor="STATUS" operation="profile_load" profile="unconfined" name="/usr/bin/evince-previewer" pid=762 comm="apparmor_parser"
Sep 30 19:17:46 ubuntu-xps13 audit[762]: AVC apparmor="STATUS" operation="profile_load" profile="unconfined" name="/usr/bin/evince-previewer//sanitized_helper" pid=762 comm="apparmor_parser"
Sep 30 19:17:46 ubuntu-xps13 audit[762]: AVC apparmor="STATUS" operation="profile_load" profile="unconfined" name="/usr/bin/evince-thumbnailer" pid=762 comm="apparmor_parser"
Sep 30 19:17:46 ubuntu-xps13 audit[762]: AVC apparmor="STATUS" operation="profile_load" profile="unconfined" name="/usr/bin/evince-thumbnailer//sanitized_helper" pid=762 comm="apparmor_parser"
Sep 30 19:17:46 ubuntu-xps13 audit[772]: AVC apparmor="STATUS" operation="profile_load" profile="unconfined" name="/usr/sbin/ippusbxd" pid=772 comm="apparmor_parser"
Sep 30 19:17:46 ubuntu-xps13 audit[773]: AVC apparmor="STATUS" operation="profile_load" profile="unconfined" name="/usr/sbin/libvirtd" pid=773 comm="apparmor_parser"
Sep 30 19:17:46 ubuntu-xps13 audit[765]: AVC apparmor="STATUS" operation="profile_load" profile="unconfined" name="webbrowser-app" pid=765 comm="apparmor_parser"
Sep 30 19:17:46 ubuntu-xps13 audit[765]: AVC apparmor="STATUS" operation="profile_load" profile="unconfined" name="webbrowser-app//oxide_helper" pid=765 comm="apparmor_parser"
Sep 30 19:17:46 ubuntu-xps13 audit[775]: AVC apparmor="STATUS" operation="profile_load" profile="unconfined" name="/usr/sbin/tcpdump" pid=775 comm="apparmor_parser"
Sep 30 19:17:47 ubuntu-xps13 apparmor[652]: Skipping profile in /etc/apparmor.d/disable: usr.bin.firefox
Sep 30 19:17:45 ubuntu-xps13 systemd-udevd[638]: value '[dmi/id]sys_vendor' is 'Dell Inc.'
Sep 30 19:17:47 ubuntu-xps13 apparmor[652]: Skipping profile in /etc/apparmor.d/disable: usr.sbin.rsyslogd
Sep 30 19:17:45 ubuntu-xps13 systemd-udevd[640]: value '[dmi/id]sys_vendor' is 'Dell Inc.'
Sep 30 19:17:47 ubuntu-xps13 apparmor[652]: ...done.
Sep 30 19:17:45 ubuntu-xps13 systemd-udevd[638]: passed device to netlink monitor 0x55a3a1b8a6d0
Sep 30 19:17:45 ubuntu-xps13 systemd-udevd[638]: seq 2554 processed
Sep 30 19:17:45 ubuntu-xps13 systemd-udevd[640]: passed device to netlink monitor 0x55a3a1bc1bb0
Sep 30 19:17:45 ubuntu-xps13 systemd-udevd[640]: seq 2555 processed
Sep 30 19:17:45 ubuntu-xps13 systemd-udevd[553]: passed 176 byte device to netlink monitor 0x55a3a1bceb90
Sep 30 19:17:45 ubuntu-xps13 systemd-udevd[553]: seq 2556 queued, 'add' 'cgroup'
Sep 30 19:17:45 ubuntu-xps13 systemd-udevd[553]: passed 180 byte device to netlink monitor 0x55a3a1bceb90
Sep 30 19:17:45 ubuntu-xps13 systemd-udevd[638]: seq 2556 running
Sep 30 19:17:45 ubuntu-xps13 systemd-udevd[553]: seq 2557 queued, 'add' 'cgroup'
Sep 30 19:17:45 ubuntu-xps13 systemd-udevd[640]: seq 2557 running
Sep 30 19:17:45 ubuntu-xps13 systemd-udevd[638]: value '[dmi/id]sys_vendor' is 'Dell Inc.'
Sep 30 19:17:45 ubuntu-xps13 systemd-udevd[640]: value '[dmi/id]sys_vendor' is 'Dell Inc.'
Sep 30 19:17:45 ubuntu-xps13 systemd-udevd[638]: value '[dmi/id]sys_vendor' is 'Dell Inc.'
Sep 30 19:17:45 ubuntu-xps13 systemd-udevd[640]: value '[dmi/id]sys_vendor' is 'Dell Inc.'
Sep 30 19:17:45 ubuntu-xps13 systemd-udevd[638]: passed device to netlink monitor 0x55a3a1b8a6d0
Sep 30 19:17:45 ubuntu-xps13 systemd-udevd[638]: seq 2556 processed
Sep 30 19:17:45 ubuntu-xps13 systemd-udevd[640]: passed device to netlink monitor 0x55a3a1bc1bb0
Sep 30 19:17:45 ubuntu-xps13 systemd-udevd[640]: seq 2557 processed
Sep 30 19:17:45 ubuntu-xps13 systemd-udevd[553]: passed 177 byte device to netlink monitor 0x55a3a1bceb90
Sep 30 19:17:45 ubuntu-xps13 systemd-udevd[553]: seq 2558 queued, 'add' 'cgroup'
Sep 30 19:17:45 ubuntu-xps13 systemd-udevd[553]: passed 195 byte device to netlink monitor 0x55a3a1bceb90
Sep 30 19:17:45 ubuntu-xps13 systemd-udevd[638]: seq 2558 running
Sep 30 19:17:45 ubuntu-xps13 systemd-udevd[553]: seq 2559 queued, 'add' 'cgroup'
Sep 30 19:17:45 ubuntu-xps13 systemd-udevd[640]: seq 2559 running
Sep 30 19:17:45 ubuntu-xps13 systemd-udevd[638]: value '[dmi/id]sys_vendor' is 'Dell Inc.'
Sep 30 19:17:45 ubuntu-xps13 systemd-udevd[638]: value '[dmi/id]sys_vendor' is 'Dell Inc.'
Sep 30 19:17:45 ubuntu-xps13 systemd-udevd[640]: value '[dmi/id]sys_vendor' is 'Dell Inc.'
Sep 30 19:17:45 ubuntu-xps13 systemd-udevd[640]: value '[dmi/id]sys_vendor' is 'Dell Inc.'
Sep 30 19:17:45 ubuntu-xps13 systemd-udevd[638]: passed device to netlink monitor 0x55a3a1b8a6d0
Sep 30 19:17:45 ubuntu-xps13 systemd-udevd[638]: seq 2558 processed
Sep 30 19:17:45 ubuntu-xps13 systemd-udevd[640]: passed device to netlink monitor 0x55a3a1bc1bb0
Sep 30 19:17:45 ubuntu-xps13 systemd-udevd[640]: seq 2559 processed
Sep 30 19:17:45 ubuntu-xps13 systemd-udevd[553]: passed 178 byte device to netlink monitor 0x55a3a1bceb90
Sep 30 19:17:45 ubuntu-xps13 systemd-udevd[553]: seq 2560 queued, 'add' 'cgroup'
Sep 30 19:17:45 ubuntu-xps13 systemd-udevd[553]: passed 183 byte device to netlink monitor 0x55a3a1bceb90
Sep 30 19:17:45 ubuntu-xps13 systemd-udevd[553]: seq 2561 queued, 'add' 'cgroup'
Sep 30 19:17:45 ubuntu-xps13 systemd-udevd[553]: passed 183 byte device to netlink monitor 0x55a3a1bceb90
Sep 30 19:17:45 ubuntu-xps13 systemd-udevd[553]: seq 2562 queued, 'add' 'cgroup'
Sep 30 19:17:45 ubuntu-xps13 systemd-udevd[553]: passed 174 byte device to netlink monitor 0x55a3a1bceb90
Sep 30 19:17:45 ubuntu-xps13 systemd-udevd[553]: seq 2563 queued, 'add' 'cgroup'
Sep 30 19:17:45 ubuntu-xps13 systemd-udevd[653]: seq 2562 running
Sep 30 19:17:45 ubuntu-xps13 systemd-udevd[553]: passed 193 byte device to netlink monitor 0x55a3a1bceb90
Sep 30 19:17:45 ubuntu-xps13 systemd-udevd[553]: seq 2564 queued, 'add' 'cgroup'
Sep 30 19:17:45 ubuntu-xps13 systemd-udevd[648]: seq 2564 running
Sep 30 19:17:45 ubuntu-xps13 systemd-udevd[653]: value '[dmi/id]sys_vendor' is 'Dell Inc.'
Sep 30 19:17:45 ubuntu-xps13 systemd-udevd[648]: value '[dmi/id]sys_vendor' is 'Dell Inc.'
Sep 30 19:17:45 ubuntu-xps13 systemd-udevd[653]: value '[dmi/id]sys_vendor' is 'Dell Inc.'
Sep 30 19:17:45 ubuntu-xps13 systemd-udevd[648]: value '[dmi/id]sys_vendor' is 'Dell Inc.'
Sep 30 19:17:45 ubuntu-xps13 systemd-udevd[653]: passed device to netlink monitor 0x55a3a1bb1a40
Sep 30 19:17:45 ubuntu-xps13 systemd-udevd[653]: seq 2562 processed
Sep 30 19:17:45 ubuntu-xps13 systemd-udevd[648]: passed device to netlink monitor 0x55a3a1b951b0
Sep 30 19:17:45 ubuntu-xps13 systemd-udevd[648]: seq 2564 processed
Sep 30 19:17:45 ubuntu-xps13 systemd-udevd[640]: seq 2561 running
Sep 30 19:17:45 ubuntu-xps13 systemd-udevd[640]: value '[dmi/id]sys_vendor' is 'Dell Inc.'
Sep 30 19:17:45 ubuntu-xps13 systemd-udevd[640]: value '[dmi/id]sys_vendor' is 'Dell Inc.'
Sep 30 19:17:45 ubuntu-xps13 systemd-udevd[640]: passed device to netlink monitor 0x55a3a1bc1bb0
Sep 30 19:17:45 ubuntu-xps13 systemd-udevd[640]: seq 2561 processed
Sep 30 19:17:45 ubuntu-xps13 systemd-udevd[643]: seq 2563 running
Sep 30 19:17:45 ubuntu-xps13 systemd-udevd[643]: value '[dmi/id]sys_vendor' is 'Dell Inc.'
Sep 30 19:17:45 ubuntu-xps13 systemd-udevd[643]: value '[dmi/id]sys_vendor' is 'Dell Inc.'
Sep 30 19:17:45 ubuntu-xps13 systemd-udevd[643]: passed device to netlink monitor 0x55a3a1b8aba0
Sep 30 19:17:45 ubuntu-xps13 systemd-udevd[643]: seq 2563 processed
Sep 30 19:17:45 ubuntu-xps13 systemd-udevd[638]: seq 2560 running
Sep 30 19:17:45 ubuntu-xps13 systemd-udevd[638]: value '[dmi/id]sys_vendor' is 'Dell Inc.'
Sep 30 19:17:45 ubuntu-xps13 systemd-udevd[638]: value '[dmi/id]sys_vendor' is 'Dell Inc.'
Sep 30 19:17:45 ubuntu-xps13 systemd-udevd[638]: passed device to netlink monitor 0x55a3a1b8a6d0
