Sep 30 19:17:47 ubuntu-xps13 systemd-udevd[638]: seq 2639 processed
Sep 30 19:17:47 ubuntu-xps13 systemd-udevd[553]: passed 192 byte device to netlink monitor 0x55a3a1bceb90
Sep 30 19:17:47 ubuntu-xps13 systemd-udevd[640]: seq 2641 running
Sep 30 19:17:47 ubuntu-xps13 systemd-udevd[653]: value '[dmi/id]sys_vendor' is 'Dell Inc.'
Sep 30 19:17:47 ubuntu-xps13 systemd-udevd[553]: seq 2642 queued, 'add' 'cgroup'
Sep 30 19:17:47 ubuntu-xps13 systemd-udevd[640]: value '[dmi/id]sys_vendor' is 'Dell Inc.'
Sep 30 19:17:47 ubuntu-xps13 systemd-udevd[553]: passed 181 byte device to netlink monitor 0x55a3a1bceb90
Sep 30 19:17:47 ubuntu-xps13 systemd-udevd[653]: passed device to netlink monitor 0x55a3a1bb1a40
Sep 30 19:17:47 ubuntu-xps13 systemd-udevd[638]: seq 2642 running
Sep 30 19:17:47 ubuntu-xps13 systemd-udevd[640]: value '[dmi/id]sys_vendor' is 'Dell Inc.'
Sep 30 19:17:47 ubuntu-xps13 systemd-udevd[553]: seq 2643 queued, 'add' 'cgroup'
Sep 30 19:17:47 ubuntu-xps13 systemd-udevd[653]: seq 2640 processed
Sep 30 19:17:47 ubuntu-xps13 systemd-udevd[638]: value '[dmi/id]sys_vendor' is 'Dell Inc.'
Sep 30 19:17:47 ubuntu-xps13 systemd-udevd[553]: passed 182 byte device to netlink monitor 0x55a3a1bceb90
Sep 30 19:17:47 ubuntu-xps13 systemd-udevd[640]: passed device to netlink monitor 0x55a3a1bc1bb0
Sep 30 19:17:47 ubuntu-xps13 systemd-udevd[643]: seq 2643 running
Sep 30 19:17:47 ubuntu-xps13 systemd-udevd[638]: value '[dmi/id]sys_vendor' is 'Dell Inc.'
Sep 30 19:17:47 ubuntu-xps13 systemd-udevd[553]: seq 2644 queued, 'add' 'module'
Sep 30 19:17:47 ubuntu-xps13 systemd-udevd[640]: seq 2641 processed
Sep 30 19:17:47 ubuntu-xps13 systemd-udevd[643]: value '[dmi/id]sys_vendor' is 'Dell Inc.'
Sep 30 19:17:47 ubuntu-xps13 systemd-udevd[638]: passed device to netlink monitor 0x55a3a1b8a6d0
Sep 30 19:17:47 ubuntu-xps13 systemd-udevd[553]: passed 134 byte device to netlink monitor 0x55a3a1bceb90
Sep 30 19:17:47 ubuntu-xps13 systemd-udevd[653]: seq 2644 running
Sep 30 19:17:47 ubuntu-xps13 systemd-udevd[643]: value '[dmi/id]sys_vendor' is 'Dell Inc.'
Sep 30 19:17:47 ubuntu-xps13 systemd-udevd[638]: seq 2642 processed
Sep 30 19:17:47 ubuntu-xps13 systemd-udevd[553]: seq 2645 queued, 'add' 'cgroup'
Sep 30 19:17:47 ubuntu-xps13 systemd-udevd[653]: value '[dmi/id]sys_vendor' is 'Dell Inc.'
Sep 30 19:17:47 ubuntu-xps13 systemd-udevd[643]: passed device to netlink monitor 0x55a3a1b8aba0
Sep 30 19:17:47 ubuntu-xps13 systemd-udevd[553]: passed 192 byte device to netlink monitor 0x55a3a1bceb90
Sep 30 19:17:47 ubuntu-xps13 systemd-udevd[640]: seq 2645 running
Sep 30 19:17:47 ubuntu-xps13 systemd-udevd[653]: value '[dmi/id]sys_vendor' is 'Dell Inc.'
Sep 30 19:17:47 ubuntu-xps13 systemd-udevd[653]: passed device to netlink monitor 0x55a3a1bb1a40
Sep 30 19:17:47 ubuntu-xps13 systemd-udevd[553]: seq 2646 queued, 'add' 'cgroup'
Sep 30 19:17:47 ubuntu-xps13 systemd-udevd[640]: value '[dmi/id]sys_vendor' is 'Dell Inc.'
Sep 30 19:17:47 ubuntu-xps13 systemd-udevd[653]: seq 2644 processed
Sep 30 19:17:47 ubuntu-xps13 systemd-udevd[643]: seq 2643 processed
Sep 30 19:17:47 ubuntu-xps13 systemd-udevd[553]: passed 187 byte device to netlink monitor 0x55a3a1bceb90
Sep 30 19:17:47 ubuntu-xps13 systemd-udevd[638]: seq 2646 running
Sep 30 19:17:47 ubuntu-xps13 systemd-udevd[638]: value '[dmi/id]sys_vendor' is 'Dell Inc.'
Sep 30 19:17:47 ubuntu-xps13 systemd-udevd[553]: seq 2647 queued, 'add' 'cgroup'
Sep 30 19:17:47 ubuntu-xps13 systemd-udevd[640]: value '[dmi/id]sys_vendor' is 'Dell Inc.'
Sep 30 19:17:47 ubuntu-xps13 systemd-udevd[638]: value '[dmi/id]sys_vendor' is 'Dell Inc.'
Sep 30 19:17:47 ubuntu-xps13 systemd-udevd[553]: passed 179 byte device to netlink monitor 0x55a3a1bceb90
Sep 30 19:17:47 ubuntu-xps13 systemd-udevd[653]: seq 2647 running
Sep 30 19:17:47 ubuntu-xps13 systemd-udevd[640]: passed device to netlink monitor 0x55a3a1bc1bb0
Sep 30 19:17:47 ubuntu-xps13 systemd-udevd[638]: passed device to netlink monitor 0x55a3a1b8a6d0
Sep 30 19:17:47 ubuntu-xps13 systemd-udevd[553]: seq 2648 queued, 'add' 'cgroup'
Sep 30 19:17:47 ubuntu-xps13 systemd-udevd[653]: value '[dmi/id]sys_vendor' is 'Dell Inc.'
Sep 30 19:17:47 ubuntu-xps13 systemd-udevd[640]: seq 2645 processed
Sep 30 19:17:47 ubuntu-xps13 systemd-udevd[638]: seq 2646 processed
Sep 30 19:17:47 ubuntu-xps13 systemd-udevd[553]: passed 190 byte device to netlink monitor 0x55a3a1bceb90
Sep 30 19:17:47 ubuntu-xps13 systemd-udevd[643]: seq 2648 running
Sep 30 19:17:47 ubuntu-xps13 systemd-udevd[643]: value '[dmi/id]sys_vendor' is 'Dell Inc.'
Sep 30 19:17:47 ubuntu-xps13 systemd-udevd[553]: seq 2649 queued, 'add' 'cgroup'
Sep 30 19:17:47 ubuntu-xps13 systemd-udevd[653]: value '[dmi/id]sys_vendor' is 'Dell Inc.'
Sep 30 19:17:47 ubuntu-xps13 systemd-udevd[643]: value '[dmi/id]sys_vendor' is 'Dell Inc.'
Sep 30 19:17:47 ubuntu-xps13 systemd-udevd[553]: passed 180 byte device to netlink monitor 0x55a3a1bceb90
Sep 30 19:17:47 ubuntu-xps13 systemd-udevd[638]: seq 2649 running
Sep 30 19:17:47 ubuntu-xps13 systemd-udevd[653]: passed device to netlink monitor 0x55a3a1bb1a40
Sep 30 19:17:47 ubuntu-xps13 systemd-udevd[643]: passed device to netlink monitor 0x55a3a1b8aba0
Sep 30 19:17:47 ubuntu-xps13 systemd-udevd[553]: seq 2650 queued, 'add' 'cgroup'
Sep 30 19:17:47 ubuntu-xps13 systemd-udevd[638]: value '[dmi/id]sys_vendor' is 'Dell Inc.'
Sep 30 19:17:47 ubuntu-xps13 systemd-udevd[653]: seq 2647 processed
Sep 30 19:17:47 ubuntu-xps13 systemd-udevd[643]: seq 2648 processed
Sep 30 19:17:47 ubuntu-xps13 systemd-udevd[553]: passed 182 byte device to netlink monitor 0x55a3a1bceb90
Sep 30 19:17:47 ubuntu-xps13 systemd-udevd[640]: seq 2650 running
Sep 30 19:17:47 ubuntu-xps13 systemd-udevd[638]: value '[dmi/id]sys_vendor' is 'Dell Inc.'
Sep 30 19:17:47 ubuntu-xps13 systemd-udevd[553]: seq 2651 queued, 'add' 'cgroup'
Sep 30 19:17:47 ubuntu-xps13 systemd-udevd[640]: value '[dmi/id]sys_vendor' is 'Dell Inc.'
Sep 30 19:17:47 ubuntu-xps13 systemd-udevd[553]: passed 180 byte device to netlink monitor 0x55a3a1bceb90
Sep 30 19:17:47 ubuntu-xps13 systemd-udevd[638]: passed device to netlink monitor 0x55a3a1b8a6d0
Sep 30 19:17:47 ubuntu-xps13 systemd-udevd[653]: seq 2651 running
Sep 30 19:17:47 ubuntu-xps13 systemd-udevd[640]: value '[dmi/id]sys_vendor' is 'Dell Inc.'
Sep 30 19:17:47 ubuntu-xps13 systemd-udevd[553]: seq 2652 queued, 'add' 'cgroup'
Sep 30 19:17:47 ubuntu-xps13 systemd-udevd[638]: seq 2649 processed
Sep 30 19:17:47 ubuntu-xps13 systemd-udevd[653]: value '[dmi/id]sys_vendor' is 'Dell Inc.'
Sep 30 19:17:47 ubuntu-xps13 systemd-udevd[553]: passed 179 byte device to netlink monitor 0x55a3a1bceb90
Sep 30 19:17:47 ubuntu-xps13 systemd-udevd[640]: passed device to netlink monitor 0x55a3a1bc1bb0
Sep 30 19:17:47 ubuntu-xps13 systemd-udevd[643]: seq 2652 running
Sep 30 19:17:47 ubuntu-xps13 systemd-udevd[653]: value '[dmi/id]sys_vendor' is 'Dell Inc.'
Sep 30 19:17:47 ubuntu-xps13 systemd-udevd[553]: seq 2653 queued, 'add' 'cgroup'
Sep 30 19:17:47 ubuntu-xps13 systemd-udevd[640]: seq 2650 processed
Sep 30 19:17:47 ubuntu-xps13 systemd-udevd[643]: value '[dmi/id]sys_vendor' is 'Dell Inc.'
Sep 30 19:17:47 ubuntu-xps13 systemd-udevd[553]: passed 179 byte device to netlink monitor 0x55a3a1bceb90
Sep 30 19:17:47 ubuntu-xps13 systemd-udevd[653]: passed device to netlink monitor 0x55a3a1bb1a40
Sep 30 19:17:47 ubuntu-xps13 systemd-udevd[638]: seq 2653 running
Sep 30 19:17:47 ubuntu-xps13 systemd-udevd[643]: value '[dmi/id]sys_vendor' is 'Dell Inc.'
Sep 30 19:17:47 ubuntu-xps13 systemd-udevd[553]: seq 2654 queued, 'add' 'cgroup'
Sep 30 19:17:47 ubuntu-xps13 systemd-udevd[653]: seq 2651 processed
Sep 30 19:17:47 ubuntu-xps13 systemd-udevd[638]: value '[dmi/id]sys_vendor' is 'Dell Inc.'
Sep 30 19:17:47 ubuntu-xps13 systemd-udevd[553]: passed 190 byte device to netlink monitor 0x55a3a1bceb90
Sep 30 19:17:47 ubuntu-xps13 systemd-udevd[643]: passed device to netlink monitor 0x55a3a1b8aba0
Sep 30 19:17:47 ubuntu-xps13 systemd-udevd[640]: seq 2654 running
Sep 30 19:17:47 ubuntu-xps13 systemd-udevd[638]: value '[dmi/id]sys_vendor' is 'Dell Inc.'
Sep 30 19:17:47 ubuntu-xps13 systemd-udevd[553]: seq 2655 queued, 'add' 'cgroup'
Sep 30 19:17:47 ubuntu-xps13 systemd-udevd[643]: seq 2652 processed
Sep 30 19:17:47 ubuntu-xps13 systemd-udevd[640]: value '[dmi/id]sys_vendor' is 'Dell Inc.'
Sep 30 19:17:47 ubuntu-xps13 systemd-udevd[553]: passed 190 byte device to netlink monitor 0x55a3a1bceb90
Sep 30 19:17:47 ubuntu-xps13 systemd-udevd[638]: passed device to netlink monitor 0x55a3a1b8a6d0
Sep 30 19:17:47 ubuntu-xps13 systemd-udevd[653]: seq 2655 running
Sep 30 19:17:48 ubuntu-xps13 systemd-udevd[640]: value '[dmi/id]sys_vendor' is 'Dell Inc.'
Sep 30 19:17:48 ubuntu-xps13 systemd-udevd[553]: seq 2656 queued, 'add' 'cgroup'
Sep 30 19:17:48 ubuntu-xps13 systemd-udevd[638]: seq 2653 processed
Sep 30 19:17:48 ubuntu-xps13 systemd-udevd[653]: value '[dmi/id]sys_vendor' is 'Dell Inc.'
Sep 30 19:17:48 ubuntu-xps13 systemd-udevd[553]: passed 179 byte device to netlink monitor 0x55a3a1bceb90
Sep 30 19:17:48 ubuntu-xps13 systemd-udevd[640]: passed device to netlink monitor 0x55a3a1bc1bb0
Sep 30 19:17:48 ubuntu-xps13 systemd-udevd[643]: seq 2656 running
Sep 30 19:17:48 ubuntu-xps13 systemd-udevd[653]: value '[dmi/id]sys_vendor' is 'Dell Inc.'
Sep 30 19:17:48 ubuntu-xps13 systemd-udevd[553]: seq 2657 queued, 'add' 'cgroup'
Sep 30 19:17:48 ubuntu-xps13 systemd-udevd[640]: seq 2654 processed
Sep 30 19:17:48 ubuntu-xps13 systemd-udevd[643]: value '[dmi/id]sys_vendor' is 'Dell Inc.'
Sep 30 19:17:48 ubuntu-xps13 systemd-udevd[653]: passed device to netlink monitor 0x55a3a1bb1a40
Sep 30 19:17:48 ubuntu-xps13 systemd-udevd[553]: passed 179 byte device to netlink monitor 0x55a3a1bceb90
Sep 30 19:17:48 ubuntu-xps13 systemd-udevd[638]: seq 2657 running
Sep 30 19:17:48 ubuntu-xps13 systemd[1]: Reloading.
Sep 30 19:17:48 ubuntu-xps13 systemd-udevd[643]: value '[dmi/id]sys_vendor' is 'Dell Inc.'
Sep 30 19:17:48 ubuntu-xps13 systemd-udevd[653]: seq 2655 processed
Sep 30 19:17:48 ubuntu-xps13 systemd-udevd[553]: seq 2658 queued, 'add' 'cgroup'
Sep 30 19:17:48 ubuntu-xps13 systemd-udevd[638]: value '[dmi/id]sys_vendor' is 'Dell Inc.'
Sep 30 19:17:48 ubuntu-xps13 systemd-udevd[643]: passed device to netlink monitor 0x55a3a1b8aba0
Sep 30 19:17:48 ubuntu-xps13 systemd-udevd[553]: passed 187 byte device to netlink monitor 0x55a3a1bceb90
Sep 30 19:17:48 ubuntu-xps13 systemd-udevd[640]: seq 2658 running
Sep 30 19:17:48 ubuntu-xps13 systemd-udevd[638]: value '[dmi/id]sys_vendor' is 'Dell Inc.'
Sep 30 19:17:48 ubuntu-xps13 systemd-udevd[643]: seq 2656 processed
Sep 30 19:17:48 ubuntu-xps13 systemd-udevd[638]: passed device to netlink monitor 0x55a3a1b8a6d0
Sep 30 19:17:48 ubuntu-xps13 systemd-udevd[638]: seq 2657 processed
Sep 30 19:17:48 ubuntu-xps13 systemd-udevd[553]: seq 2659 queued, 'add' 'cgroup'
Sep 30 19:17:48 ubuntu-xps13 systemd-udevd[553]: passed 191 byte device to netlink monitor 0x55a3a1bceb90
Sep 30 19:17:48 ubuntu-xps13 systemd-udevd[553]: seq 2660 queued, 'add' 'cgroup'
Sep 30 19:17:48 ubuntu-xps13 systemd-udevd[653]: seq 2659 running
Sep 30 19:17:48 ubuntu-xps13 systemd-udevd[653]: value '[dmi/id]sys_vendor' is 'Dell Inc.'
Sep 30 19:17:48 ubuntu-xps13 systemd-udevd[638]: seq 2660 running
Sep 30 19:17:48 ubuntu-xps13 systemd-udevd[640]: value '[dmi/id]sys_vendor' is 'Dell Inc.'
Sep 30 19:17:48 ubuntu-xps13 systemd-udevd[653]: value '[dmi/id]sys_vendor' is 'Dell Inc.'
Sep 30 19:17:48 ubuntu-xps13 systemd-udevd[653]: passed device to netlink monitor 0x55a3a1bb1a40
Sep 30 19:17:48 ubuntu-xps13 systemd-udevd[653]: seq 2659 processed
Sep 30 19:17:48 ubuntu-xps13 systemd-udevd[640]: value '[dmi/id]sys_vendor' is 'Dell Inc.'
Sep 30 19:17:48 ubuntu-xps13 systemd-udevd[553]: passed 188 byte device to netlink monitor 0x55a3a1bceb90
Sep 30 19:17:48 ubuntu-xps13 systemd-udevd[638]: value '[dmi/id]sys_vendor' is 'Dell Inc.'
Sep 30 19:17:48 ubuntu-xps13 systemd-udevd[640]: passed device to netlink monitor 0x55a3a1bc1bb0
Sep 30 19:17:48 ubuntu-xps13 systemd-udevd[553]: seq 2661 queued, 'add' 'cgroup'
Sep 30 19:17:48 ubuntu-xps13 systemd-udevd[638]: value '[dmi/id]sys_vendor' is 'Dell Inc.'
Sep 30 19:17:48 ubuntu-xps13 systemd-udevd[640]: seq 2658 processed
Sep 30 19:17:48 ubuntu-xps13 systemd-udevd[553]: passed 173 byte device to netlink monitor 0x55a3a1bceb90
Sep 30 19:17:48 ubuntu-xps13 systemd-udevd[653]: seq 2661 running
Sep 30 19:17:48 ubuntu-xps13 systemd-udevd[653]: value '[dmi/id]sys_vendor' is 'Dell Inc.'
Sep 30 19:17:48 ubuntu-xps13 systemd-udevd[653]: value '[dmi/id]sys_vendor' is 'Dell Inc.'
Sep 30 19:17:48 ubuntu-xps13 systemd-udevd[653]: passed device to netlink monitor 0x55a3a1bb1a40
Sep 30 19:17:48 ubuntu-xps13 systemd-udevd[553]: seq 2662 queued, 'add' 'cgroup'
Sep 30 19:17:48 ubuntu-xps13 systemd-udevd[553]: passed 189 byte device to netlink monitor 0x55a3a1bceb90
Sep 30 19:17:48 ubuntu-xps13 systemd-udevd[638]: passed device to netlink monitor 0x55a3a1b8a6d0
Sep 30 19:17:48 ubuntu-xps13 systemd-udevd[653]: seq 2661 processed
Sep 30 19:17:48 ubuntu-xps13 systemd-udevd[640]: seq 2662 running
Sep 30 19:17:48 ubuntu-xps13 systemd-udevd[553]: seq 2663 queued, 'add' 'cgroup'
Sep 30 19:17:48 ubuntu-xps13 systemd-udevd[638]: seq 2660 processed
Sep 30 19:17:48 ubuntu-xps13 systemd-udevd[640]: value '[dmi/id]sys_vendor' is 'Dell Inc.'
Sep 30 19:17:48 ubuntu-xps13 systemd-udevd[553]: passed 194 byte device to netlink monitor 0x55a3a1bceb90
Sep 30 19:17:48 ubuntu-xps13 systemd-udevd[643]: seq 2663 running
Sep 30 19:17:48 ubuntu-xps13 systemd-udevd[640]: value '[dmi/id]sys_vendor' is 'Dell Inc.'
Sep 30 19:17:48 ubuntu-xps13 systemd-udevd[553]: seq 2664 queued, 'add' 'cgroup'
Sep 30 19:17:48 ubuntu-xps13 systemd-udevd[643]: value '[dmi/id]sys_vendor' is 'Dell Inc.'
Sep 30 19:17:48 ubuntu-xps13 systemd-udevd[640]: passed device to netlink monitor 0x55a3a1bc1bb0
Sep 30 19:17:48 ubuntu-xps13 systemd-udevd[553]: passed 194 byte device to netlink monitor 0x55a3a1bceb90
Sep 30 19:17:48 ubuntu-xps13 systemd-udevd[638]: seq 2664 running
Sep 30 19:17:48 ubuntu-xps13 systemd-udevd[643]: value '[dmi/id]sys_vendor' is 'Dell Inc.'
Sep 30 19:17:48 ubuntu-xps13 systemd-udevd[643]: passed device to netlink monitor 0x55a3a1b8aba0
Sep 30 19:17:48 ubuntu-xps13 systemd-udevd[553]: seq 2665 queued, 'add' 'cgroup'
Sep 30 19:17:48 ubuntu-xps13 systemd-udevd[638]: value '[dmi/id]sys_vendor' is 'Dell Inc.'
Sep 30 19:17:48 ubuntu-xps13 systemd-udevd[643]: seq 2663 processed
Sep 30 19:17:48 ubuntu-xps13 systemd-udevd[640]: seq 2662 processed
Sep 30 19:17:48 ubuntu-xps13 systemd-udevd[553]: passed 185 byte device to netlink monitor 0x55a3a1bceb90
Sep 30 19:17:48 ubuntu-xps13 systemd-udevd[653]: seq 2665 running
Sep 30 19:17:48 ubuntu-xps13 systemd-udevd[638]: value '[dmi/id]sys_vendor' is 'Dell Inc.'
Sep 30 19:17:48 ubuntu-xps13 systemd-udevd[638]: passed device to netlink monitor 0x55a3a1b8a6d0
Sep 30 19:17:48 ubuntu-xps13 systemd-udevd[553]: seq 2666 queued, 'add' 'cgroup'
Sep 30 19:17:48 ubuntu-xps13 systemd-udevd[638]: seq 2664 processed
Sep 30 19:17:48 ubuntu-xps13 systemd-udevd[553]: passed 201 byte device to netlink monitor 0x55a3a1bceb90
Sep 30 19:17:48 ubuntu-xps13 systemd-udevd[653]: value '[dmi/id]sys_vendor' is 'Dell Inc.'
Sep 30 19:17:48 ubuntu-xps13 systemd-udevd[553]: seq 2667 queued, 'add' 'cgroup'
Sep 30 19:17:48 ubuntu-xps13 systemd-udevd[553]: passed 201 byte device to netlink monitor 0x55a3a1bceb90
Sep 30 19:17:48 ubuntu-xps13 systemd-udevd[653]: value '[dmi/id]sys_vendor' is 'Dell Inc.'
Sep 30 19:17:48 ubuntu-xps13 systemd-udevd[553]: seq 2668 queued, 'add' 'cgroup'
Sep 30 19:17:48 ubuntu-xps13 systemd-udevd[553]: passed 190 byte device to netlink monitor 0x55a3a1bceb90
Sep 30 19:17:48 ubuntu-xps13 systemd-udevd[553]: seq 2669 queued, 'add' 'cgroup'
Sep 30 19:17:48 ubuntu-xps13 systemd-udevd[648]: seq 2669 running
Sep 30 19:17:48 ubuntu-xps13 systemd-udevd[653]: passed device to netlink monitor 0x55a3a1bb1a40
Sep 30 19:17:48 ubuntu-xps13 systemd-udevd[648]: value '[dmi/id]sys_vendor' is 'Dell Inc.'
Sep 30 19:17:48 ubuntu-xps13 systemd-udevd[643]: seq 2668 running
Sep 30 19:17:48 ubuntu-xps13 systemd-udevd[553]: passed 190 byte device to netlink monitor 0x55a3a1bceb90
Sep 30 19:17:48 ubuntu-xps13 systemd-udevd[640]: seq 2666 running
Sep 30 19:17:48 ubuntu-xps13 systemd-udevd[638]: seq 2667 running
Sep 30 19:17:48 ubuntu-xps13 systemd[1]: Started Raise network interfaces. -- Subject: Unit networking.service has finished start-up -- Defined-By: systemd -- Support: http://www.ubuntu.com/support -- -- Unit networking.service has finished starting up. -- -- The start-up result is done.
Sep 30 19:17:48 ubuntu-xps13 systemd-udevd[653]: seq 2665 processed
Sep 30 19:17:48 ubuntu-xps13 systemd-udevd[648]: value '[dmi/id]sys_vendor' is 'Dell Inc.'
Sep 30 19:17:48 ubuntu-xps13 systemd-udevd[643]: value '[dmi/id]sys_vendor' is 'Dell Inc.'
Sep 30 19:17:48 ubuntu-xps13 systemd-udevd[553]: seq 2670 queued, 'add' 'cgroup'
Sep 30 19:17:48 ubuntu-xps13 systemd-udevd[640]: value '[dmi/id]sys_vendor' is 'Dell Inc.'
Sep 30 19:17:48 ubuntu-xps13 systemd-udevd[638]: value '[dmi/id]sys_vendor' is 'Dell Inc.'
Sep 30 19:17:48 ubuntu-xps13 systemd[1]: Reached target Network. -- Subject: Unit network.target has finished start-up -- Defined-By: systemd -- Support: http://www.ubuntu.com/support -- -- Unit network.target has finished starting up. -- -- The start-up result is done.
Sep 30 19:17:48 ubuntu-xps13 systemd-udevd[648]: passed device to netlink monitor 0x55a3a1b951b0
Sep 30 19:17:48 ubuntu-xps13 systemd-udevd[643]: value '[dmi/id]sys_vendor' is 'Dell Inc.'
Sep 30 19:17:48 ubuntu-xps13 systemd-udevd[553]: Validate module index
Sep 30 19:17:48 ubuntu-xps13 systemd-udevd[640]: value '[dmi/id]sys_vendor' is 'Dell Inc.'
Sep 30 19:17:48 ubuntu-xps13 systemd-udevd[638]: value '[dmi/id]sys_vendor' is 'Dell Inc.'
Sep 30 19:17:48 ubuntu-xps13 systemd[1]: Reached target Network is Online. -- Subject: Unit network-online.target has finished start-up -- Defined-By: systemd -- Support: http://www.ubuntu.com/support -- -- Unit network-online.target has finished starting up. -- -- The start-up result is done.
Sep 30 19:17:48 ubuntu-xps13 systemd-udevd[648]: seq 2669 processed
Sep 30 19:17:48 ubuntu-xps13 systemd-udevd[553]: Check if link configuration needs reloading.
Sep 30 19:17:48 ubuntu-xps13 systemd-udevd[643]: passed device to netlink monitor 0x55a3a1b8aba0
Sep 30 19:17:48 ubuntu-xps13 systemd-udevd[640]: passed device to netlink monitor 0x55a3a1bc1bb0
Sep 30 19:17:48 ubuntu-xps13 systemd-udevd[638]: passed device to netlink monitor 0x55a3a1b8a6d0
Sep 30 19:17:48 ubuntu-xps13 systemd-udevd[637]: seq 2670 running
Sep 30 19:17:48 ubuntu-xps13 systemd-udevd[637]: value '[dmi/id]sys_vendor' is 'Dell Inc.'
Sep 30 19:17:48 ubuntu-xps13 systemd-udevd[643]: seq 2668 processed
Sep 30 19:17:48 ubuntu-xps13 systemd-udevd[640]: seq 2666 processed
Sep 30 19:17:48 ubuntu-xps13 systemd-udevd[638]: seq 2667 processed
Sep 30 19:17:48 ubuntu-xps13 systemd-udevd[553]: passed 185 byte device to netlink monitor 0x55a3a1bceb90
Sep 30 19:17:48 ubuntu-xps13 systemd-udevd[637]: value '[dmi/id]sys_vendor' is 'Dell Inc.'
Sep 30 19:17:48 ubuntu-xps13 systemd-udevd[553]: seq 2671 queued, 'add' 'cgroup'
Sep 30 19:17:48 ubuntu-xps13 systemd-udevd[637]: passed device to netlink monitor 0x55a3a1bc53c0
Sep 30 19:17:48 ubuntu-xps13 systemd-udevd[553]: passed 189 byte device to netlink monitor 0x55a3a1bceb90
Sep 30 19:17:48 ubuntu-xps13 systemd-udevd[638]: seq 2671 running
Sep 30 19:17:48 ubuntu-xps13 systemd-udevd[637]: seq 2670 processed
Sep 30 19:17:48 ubuntu-xps13 systemd-udevd[553]: seq 2672 queued, 'add' 'cgroup'
Sep 30 19:17:48 ubuntu-xps13 systemd-udevd[638]: value '[dmi/id]sys_vendor' is 'Dell Inc.'
Sep 30 19:17:48 ubuntu-xps13 systemd-udevd[553]: passed 199 byte device to netlink monitor 0x55a3a1bceb90
Sep 30 19:17:48 ubuntu-xps13 systemd-udevd[640]: seq 2672 running
Sep 30 19:17:48 ubuntu-xps13 systemd-udevd[638]: value '[dmi/id]sys_vendor' is 'Dell Inc.'
Sep 30 19:17:48 ubuntu-xps13 systemd-udevd[553]: seq 2673 queued, 'add' 'cgroup'
Sep 30 19:17:48 ubuntu-xps13 systemd-udevd[640]: value '[dmi/id]sys_vendor' is 'Dell Inc.'
Sep 30 19:17:48 ubuntu-xps13 systemd-udevd[553]: passed 197 byte device to netlink monitor 0x55a3a1bceb90
Sep 30 19:17:48 ubuntu-xps13 systemd-udevd[653]: seq 2673 running
Sep 30 19:17:48 ubuntu-xps13 systemd-udevd[638]: passed device to netlink monitor 0x55a3a1b8a6d0
Sep 30 19:17:48 ubuntu-xps13 systemd-udevd[640]: value '[dmi/id]sys_vendor' is 'Dell Inc.'
Sep 30 19:17:48 ubuntu-xps13 systemd-udevd[553]: seq 2674 queued, 'add' 'cgroup'
Sep 30 19:17:48 ubuntu-xps13 systemd-udevd[638]: seq 2671 processed
Sep 30 19:17:48 ubuntu-xps13 systemd-udevd[653]: value '[dmi/id]sys_vendor' is 'Dell Inc.'
Sep 30 19:17:48 ubuntu-xps13 systemd-udevd[640]: passed device to netlink monitor 0x55a3a1bc1bb0
Sep 30 19:17:48 ubuntu-xps13 systemd-udevd[553]: passed 201 byte device to netlink monitor 0x55a3a1bceb90
Sep 30 19:17:48 ubuntu-xps13 systemd-udevd[643]: seq 2674 running
Sep 30 19:17:48 ubuntu-xps13 systemd-udevd[653]: value '[dmi/id]sys_vendor' is 'Dell Inc.'
Sep 30 19:17:48 ubuntu-xps13 systemd-udevd[640]: seq 2672 processed
Sep 30 19:17:48 ubuntu-xps13 systemd-udevd[553]: seq 2675 queued, 'add' 'cgroup'
Sep 30 19:17:48 ubuntu-xps13 systemd-udevd[643]: value '[dmi/id]sys_vendor' is 'Dell Inc.'
Sep 30 19:17:48 ubuntu-xps13 systemd-udevd[653]: passed device to netlink monitor 0x55a3a1bb1a40
Sep 30 19:17:48 ubuntu-xps13 systemd-udevd[553]: passed 186 byte device to netlink monitor 0x55a3a1bceb90
Sep 30 19:17:48 ubuntu-xps13 systemd-udevd[638]: seq 2675 running
Sep 30 19:17:48 ubuntu-xps13 systemd-udevd[643]: value '[dmi/id]sys_vendor' is 'Dell Inc.'
Sep 30 19:17:48 ubuntu-xps13 systemd-udevd[653]: seq 2673 processed
Sep 30 19:17:48 ubuntu-xps13 systemd-udevd[553]: seq 2676 queued, 'add' 'cgroup'
Sep 30 19:17:48 ubuntu-xps13 systemd-udevd[638]: value '[dmi/id]sys_vendor' is 'Dell Inc.'
Sep 30 19:17:48 ubuntu-xps13 systemd-udevd[643]: passed device to netlink monitor 0x55a3a1b8aba0
Sep 30 19:17:48 ubuntu-xps13 systemd-udevd[553]: passed 199 byte device to netlink monitor 0x55a3a1bceb90
Sep 30 19:17:48 ubuntu-xps13 systemd-udevd[640]: seq 2676 running
Sep 30 19:17:48 ubuntu-xps13 systemd-udevd[638]: value '[dmi/id]sys_vendor' is 'Dell Inc.'
Sep 30 19:17:48 ubuntu-xps13 systemd-udevd[643]: seq 2674 processed
Sep 30 19:17:48 ubuntu-xps13 systemd-udevd[553]: seq 2677 queued, 'add' 'cgroup'
Sep 30 19:17:48 ubuntu-xps13 systemd-udevd[640]: value '[dmi/id]sys_vendor' is 'Dell Inc.'
Sep 30 19:17:48 ubuntu-xps13 systemd-udevd[638]: passed device to netlink monitor 0x55a3a1b8a6d0
Sep 30 19:17:48 ubuntu-xps13 systemd-udevd[553]: passed 174 byte device to netlink monitor 0x55a3a1bceb90
Sep 30 19:17:48 ubuntu-xps13 systemd-udevd[653]: seq 2677 running
Sep 30 19:17:48 ubuntu-xps13 systemd-udevd[640]: value '[dmi/id]sys_vendor' is 'Dell Inc.'
Sep 30 19:17:48 ubuntu-xps13 systemd-udevd[638]: seq 2675 processed
Sep 30 19:17:48 ubuntu-xps13 systemd-udevd[553]: seq 2678 queued, 'add' 'cgroup'
Sep 30 19:17:48 ubuntu-xps13 systemd-udevd[653]: value '[dmi/id]sys_vendor' is 'Dell Inc.'
Sep 30 19:17:48 ubuntu-xps13 systemd-udevd[640]: passed device to netlink monitor 0x55a3a1bc1bb0
Sep 30 19:17:48 ubuntu-xps13 systemd-udevd[553]: passed 191 byte device to netlink monitor 0x55a3a1bceb90
Sep 30 19:17:48 ubuntu-xps13 systemd-udevd[643]: seq 2678 running
Sep 30 19:17:48 ubuntu-xps13 systemd-udevd[653]: value '[dmi/id]sys_vendor' is 'Dell Inc.'
Sep 30 19:17:48 ubuntu-xps13 systemd-udevd[640]: seq 2676 processed
Sep 30 19:17:48 ubuntu-xps13 systemd-udevd[553]: seq 2679 queued, 'add' 'cgroup'
Sep 30 19:17:48 ubuntu-xps13 systemd-udevd[643]: value '[dmi/id]sys_vendor' is 'Dell Inc.'
Sep 30 19:17:48 ubuntu-xps13 systemd-udevd[653]: passed device to netlink monitor 0x55a3a1bb1a40
Sep 30 19:17:48 ubuntu-xps13 systemd-udevd[553]: passed 199 byte device to netlink monitor 0x55a3a1bceb90
Sep 30 19:17:48 ubuntu-xps13 systemd-udevd[638]: seq 2679 running
Sep 30 19:17:48 ubuntu-xps13 systemd-udevd[643]: value '[dmi/id]sys_vendor' is 'Dell Inc.'
Sep 30 19:17:48 ubuntu-xps13 systemd-udevd[653]: seq 2677 processed
Sep 30 19:17:48 ubuntu-xps13 systemd-udevd[553]: seq 2680 queued, 'add' 'cgroup'
Sep 30 19:17:48 ubuntu-xps13 systemd-udevd[638]: value '[dmi/id]sys_vendor' is 'Dell Inc.'
Sep 30 19:17:48 ubuntu-xps13 systemd-udevd[643]: passed device to netlink monitor 0x55a3a1b8aba0
Sep 30 19:17:48 ubuntu-xps13 systemd-udevd[553]: passed 196 byte device to netlink monitor 0x55a3a1bceb90
Sep 30 19:17:48 ubuntu-xps13 systemd-udevd[640]: seq 2680 running
Sep 30 19:17:48 ubuntu-xps13 systemd-udevd[638]: value '[dmi/id]sys_vendor' is 'Dell Inc.'
Sep 30 19:17:48 ubuntu-xps13 systemd-udevd[643]: seq 2678 processed
Sep 30 19:17:48 ubuntu-xps13 systemd-udevd[553]: seq 2681 queued, 'add' 'cgroup'
Sep 30 19:17:48 ubuntu-xps13 systemd-udevd[640]: value '[dmi/id]sys_vendor' is 'Dell Inc.'
Sep 30 19:17:48 ubuntu-xps13 systemd-udevd[638]: passed device to netlink monitor 0x55a3a1b8a6d0
Sep 30 19:17:48 ubuntu-xps13 systemd-udevd[553]: passed 200 byte device to netlink monitor 0x55a3a1bceb90
Sep 30 19:17:48 ubuntu-xps13 systemd-udevd[653]: seq 2681 running
Sep 30 19:17:48 ubuntu-xps13 systemd-udevd[640]: value '[dmi/id]sys_vendor' is 'Dell Inc.'
Sep 30 19:17:48 ubuntu-xps13 systemd-udevd[638]: seq 2679 processed
Sep 30 19:17:48 ubuntu-xps13 systemd-udevd[553]: seq 2682 queued, 'add' 'cgroup'
Sep 30 19:17:48 ubuntu-xps13 systemd-udevd[653]: value '[dmi/id]sys_vendor' is 'Dell Inc.'
Sep 30 19:17:48 ubuntu-xps13 systemd-udevd[640]: passed device to netlink monitor 0x55a3a1bc1bb0
Sep 30 19:17:48 ubuntu-xps13 systemd-udevd[553]: passed 197 byte device to netlink monitor 0x55a3a1bceb90
Sep 30 19:17:48 ubuntu-xps13 systemd-udevd[643]: seq 2682 running
Sep 30 19:17:48 ubuntu-xps13 systemd-udevd[653]: value '[dmi/id]sys_vendor' is 'Dell Inc.'
Sep 30 19:17:48 ubuntu-xps13 systemd-udevd[653]: passed device to netlink monitor 0x55a3a1bb1a40
Sep 30 19:17:48 ubuntu-xps13 systemd-udevd[553]: seq 2683 queued, 'add' 'cgroup'
Sep 30 19:17:48 ubuntu-xps13 systemd-udevd[643]: value '[dmi/id]sys_vendor' is 'Dell Inc.'
Sep 30 19:17:48 ubuntu-xps13 systemd-udevd[653]: seq 2681 processed
Sep 30 19:17:48 ubuntu-xps13 systemd-udevd[640]: seq 2680 processed
Sep 30 19:17:48 ubuntu-xps13 systemd-udevd[553]: passed 198 byte device to netlink monitor 0x55a3a1bceb90
Sep 30 19:17:48 ubuntu-xps13 systemd-udevd[638]: seq 2683 running
Sep 30 19:17:48 ubuntu-xps13 systemd-udevd[638]: value '[dmi/id]sys_vendor' is 'Dell Inc.'
Sep 30 19:17:48 ubuntu-xps13 systemd-udevd[553]: seq 2684 queued, 'add' 'cgroup'
Sep 30 19:17:48 ubuntu-xps13 systemd-udevd[643]: value '[dmi/id]sys_vendor' is 'Dell Inc.'
Sep 30 19:17:48 ubuntu-xps13 systemd-udevd[638]: value '[dmi/id]sys_vendor' is 'Dell Inc.'
Sep 30 19:17:48 ubuntu-xps13 systemd-udevd[553]: passed 203 byte device to netlink monitor 0x55a3a1bceb90
Sep 30 19:17:48 ubuntu-xps13 systemd-udevd[640]: seq 2684 running
Sep 30 19:17:48 ubuntu-xps13 systemd-udevd[643]: passed device to netlink monitor 0x55a3a1b8aba0
Sep 30 19:17:48 ubuntu-xps13 systemd-udevd[638]: passed device to netlink monitor 0x55a3a1b8a6d0
Sep 30 19:17:48 ubuntu-xps13 systemd-udevd[553]: seq 2685 queued, 'add' 'cgroup'
Sep 30 19:17:48 ubuntu-xps13 systemd-udevd[640]: value '[dmi/id]sys_vendor' is 'Dell Inc.'
Sep 30 19:17:48 ubuntu-xps13 systemd-udevd[643]: seq 2682 processed
Sep 30 19:17:48 ubuntu-xps13 systemd-udevd[638]: seq 2683 processed
Sep 30 19:17:48 ubuntu-xps13 systemd-udevd[553]: passed 203 byte device to netlink monitor 0x55a3a1bceb90
Sep 30 19:17:48 ubuntu-xps13 systemd-udevd[653]: seq 2685 running
Sep 30 19:17:48 ubuntu-xps13 systemd-udevd[640]: value '[dmi/id]sys_vendor' is 'Dell Inc.'
Sep 30 19:17:48 ubuntu-xps13 systemd-udevd[553]: seq 2686 queued, 'add' 'cgroup'
Sep 30 19:17:48 ubuntu-xps13 systemd-udevd[653]: value '[dmi/id]sys_vendor' is 'Dell Inc.'
Sep 30 19:17:48 ubuntu-xps13 systemd-udevd[640]: passed device to netlink monitor 0x55a3a1bc1bb0
Sep 30 19:17:48 ubuntu-xps13 systemd-udevd[553]: passed 194 byte device to netlink monitor 0x55a3a1bceb90
Sep 30 19:17:48 ubuntu-xps13 systemd-udevd[638]: seq 2686 running
Sep 30 19:17:48 ubuntu-xps13 systemd-udevd[653]: value '[dmi/id]sys_vendor' is 'Dell Inc.'
Sep 30 19:17:48 ubuntu-xps13 systemd-udevd[640]: seq 2684 processed
Sep 30 19:17:48 ubuntu-xps13 systemd-udevd[553]: seq 2687 queued, 'add' 'cgroup'
Sep 30 19:17:48 ubuntu-xps13 systemd-udevd[638]: value '[dmi/id]sys_vendor' is 'Dell Inc.'
Sep 30 19:17:48 ubuntu-xps13 systemd-udevd[653]: passed device to netlink monitor 0x55a3a1bb1a40
Sep 30 19:17:48 ubuntu-xps13 systemd-udevd[553]: passed 190 byte device to netlink monitor 0x55a3a1bceb90
Sep 30 19:17:48 ubuntu-xps13 systemd-udevd[643]: seq 2687 running
Sep 30 19:17:48 ubuntu-xps13 systemd-udevd[638]: value '[dmi/id]sys_vendor' is 'Dell Inc.'
Sep 30 19:17:48 ubuntu-xps13 systemd-udevd[653]: seq 2685 processed
Sep 30 19:17:48 ubuntu-xps13 systemd-udevd[553]: seq 2688 queued, 'add' 'cgroup'
Sep 30 19:17:48 ubuntu-xps13 systemd-udevd[643]: value '[dmi/id]sys_vendor' is 'Dell Inc.'
Sep 30 19:17:48 ubuntu-xps13 systemd-udevd[638]: passed device to netlink monitor 0x55a3a1b8a6d0
Sep 30 19:17:48 ubuntu-xps13 systemd-udevd[553]: passed 210 byte device to netlink monitor 0x55a3a1bceb90
Sep 30 19:17:48 ubuntu-xps13 systemd-udevd[640]: seq 2688 running
Sep 30 19:17:48 ubuntu-xps13 systemd-udevd[643]: value '[dmi/id]sys_vendor' is 'Dell Inc.'
Sep 30 19:17:48 ubuntu-xps13 systemd-udevd[638]: seq 2686 processed
Sep 30 19:17:48 ubuntu-xps13 systemd-udevd[553]: seq 2689 queued, 'add' 'cgroup'
Sep 30 19:17:48 ubuntu-xps13 systemd-udevd[640]: value '[dmi/id]sys_vendor' is 'Dell Inc.'
Sep 30 19:17:48 ubuntu-xps13 systemd[1]: Received SIGRTMIN+21 from PID 247 (plymouthd).
Sep 30 19:17:48 ubuntu-xps13 systemd-udevd[643]: passed device to netlink monitor 0x55a3a1b8aba0
Sep 30 19:17:48 ubuntu-xps13 systemd-udevd[553]: passed 210 byte device to netlink monitor 0x55a3a1bceb90
Sep 30 19:17:48 ubuntu-xps13 systemd-udevd[653]: seq 2689 running
Sep 30 19:17:48 ubuntu-xps13 systemd-udevd[640]: value '[dmi/id]sys_vendor' is 'Dell Inc.'
Sep 30 19:17:48 ubuntu-xps13 systemd-udevd[643]: seq 2687 processed
Sep 30 19:17:48 ubuntu-xps13 systemd-udevd[553]: seq 2690 queued, 'add' 'cgroup'
Sep 30 19:17:48 ubuntu-xps13 systemd-udevd[653]: value '[dmi/id]sys_vendor' is 'Dell Inc.'
Sep 30 19:17:48 ubuntu-xps13 systemd-udevd[640]: passed device to netlink monitor 0x55a3a1bc1bb0
Sep 30 19:17:48 ubuntu-xps13 systemd-udevd[553]: passed 199 byte device to netlink monitor 0x55a3a1bceb90
Sep 30 19:17:48 ubuntu-xps13 systemd-udevd[638]: seq 2690 running
Sep 30 19:17:48 ubuntu-xps13 systemd-udevd[653]: value '[dmi/id]sys_vendor' is 'Dell Inc.'
Sep 30 19:17:48 ubuntu-xps13 systemd-udevd[640]: seq 2688 processed
Sep 30 19:17:48 ubuntu-xps13 systemd-udevd[553]: seq 2691 queued, 'add' 'cgroup'
Sep 30 19:17:48 ubuntu-xps13 systemd-udevd[638]: value '[dmi/id]sys_vendor' is 'Dell Inc.'
Sep 30 19:17:48 ubuntu-xps13 systemd-udevd[653]: passed device to netlink monitor 0x55a3a1bb1a40
Sep 30 19:17:48 ubuntu-xps13 systemd-udevd[553]: passed 199 byte device to netlink monitor 0x55a3a1bceb90
Sep 30 19:17:48 ubuntu-xps13 systemd-udevd[643]: seq 2691 running
Sep 30 19:17:48 ubuntu-xps13 systemd-udevd[638]: value '[dmi/id]sys_vendor' is 'Dell Inc.'
Sep 30 19:17:48 ubuntu-xps13 systemd-udevd[653]: seq 2689 processed
Sep 30 19:17:48 ubuntu-xps13 systemd-udevd[553]: seq 2692 queued, 'add' 'cgroup'
Sep 30 19:17:48 ubuntu-xps13 systemd-udevd[643]: value '[dmi/id]sys_vendor' is 'Dell Inc.'
Sep 30 19:17:48 ubuntu-xps13 systemd-udevd[638]: passed device to netlink monitor 0x55a3a1b8a6d0
Sep 30 19:17:48 ubuntu-xps13 systemd-udevd[553]: passed 200 byte device to netlink monitor 0x55a3a1bceb90
Sep 30 19:17:48 ubuntu-xps13 systemd-udevd[640]: seq 2692 running
Sep 30 19:17:48 ubuntu-xps13 systemd-udevd[643]: value '[dmi/id]sys_vendor' is 'Dell Inc.'
Sep 30 19:17:48 ubuntu-xps13 systemd-udevd[638]: seq 2690 processed
Sep 30 19:17:48 ubuntu-xps13 systemd-udevd[553]: seq 2693 queued, 'remove' 'cgroup'
Sep 30 19:17:48 ubuntu-xps13 systemd-udevd[640]: value '[dmi/id]sys_vendor' is 'Dell Inc.'
Sep 30 19:17:48 ubuntu-xps13 systemd-udevd[643]: passed device to netlink monitor 0x55a3a1b8aba0
Sep 30 19:17:48 ubuntu-xps13 systemd-udevd[553]: passed 190 byte device to netlink monitor 0x55a3a1bceb90
Sep 30 19:17:48 ubuntu-xps13 systemd-udevd[653]: seq 2693 running
Sep 30 19:17:48 ubuntu-xps13 systemd-udevd[640]: value '[dmi/id]sys_vendor' is 'Dell Inc.'
Sep 30 19:17:48 ubuntu-xps13 systemd-udevd[643]: seq 2691 processed
Sep 30 19:17:48 ubuntu-xps13 systemd-udevd[553]: seq 2694 queued, 'remove' 'cgroup'
Sep 30 19:17:48 ubuntu-xps13 systemd-udevd[653]: value '[dmi/id]sys_vendor' is 'Dell Inc.'
Sep 30 19:17:48 ubuntu-xps13 systemd-udevd[640]: passed device to netlink monitor 0x55a3a1bc1bb0
Sep 30 19:17:48 ubuntu-xps13 systemd-udevd[553]: passed 194 byte device to netlink monitor 0x55a3a1bceb90
Sep 30 19:17:48 ubuntu-xps13 systemd-udevd[638]: seq 2694 running
Sep 30 19:17:48 ubuntu-xps13 systemd-udevd[653]: value '[dmi/id]sys_vendor' is 'Dell Inc.'
Sep 30 19:17:48 ubuntu-xps13 systemd-udevd[640]: seq 2692 processed
Sep 30 19:17:48 ubuntu-xps13 systemd-udevd[553]: seq 2695 queued, 'remove' 'cgroup'
Sep 30 19:17:48 ubuntu-xps13 systemd-udevd[553]: passed 191 byte device to netlink monitor 0x55a3a1bceb90
Sep 30 19:17:48 ubuntu-xps13 systemd-udevd[653]: passed device to netlink monitor 0x55a3a1bb1a40
Sep 30 19:17:48 ubuntu-xps13 systemd-udevd[643]: seq 2695 running
Sep 30 19:17:48 ubuntu-xps13 systemd-udevd[553]: seq 2696 queued, 'remove' 'cgroup'
Sep 30 19:17:48 ubuntu-xps13 systemd-udevd[638]: value '[dmi/id]sys_vendor' is 'Dell Inc.'
Sep 30 19:17:48 ubuntu-xps13 systemd-udevd[653]: seq 2693 processed
Sep 30 19:17:48 ubuntu-xps13 systemd-udevd[643]: value '[dmi/id]sys_vendor' is 'Dell Inc.'
Sep 30 19:17:48 ubuntu-xps13 systemd-udevd[553]: passed 192 byte device to netlink monitor 0x55a3a1bceb90
Sep 30 19:17:48 ubuntu-xps13 systemd-udevd[640]: seq 2696 running
Sep 30 19:17:48 ubuntu-xps13 systemd-udevd[638]: value '[dmi/id]sys_vendor' is 'Dell Inc.'
Sep 30 19:17:48 ubuntu-xps13 systemd-udevd[638]: passed device to netlink monitor 0x55a3a1b8a6d0
Sep 30 19:17:48 ubuntu-xps13 systemd-udevd[553]: seq 2697 queued, 'remove' 'cgroup'
Sep 30 19:17:48 ubuntu-xps13 systemd-udevd[640]: value '[dmi/id]sys_vendor' is 'Dell Inc.'
Sep 30 19:17:48 ubuntu-xps13 systemd-udevd[643]: value '[dmi/id]sys_vendor' is 'Dell Inc.'
Sep 30 19:17:48 ubuntu-xps13 systemd-udevd[638]: seq 2694 processed
Sep 30 19:17:48 ubuntu-xps13 systemd-udevd[553]: passed 197 byte device to netlink monitor 0x55a3a1bceb90
Sep 30 19:17:48 ubuntu-xps13 systemd-udevd[653]: seq 2697 running
Sep 30 19:17:48 ubuntu-xps13 systemd-udevd[640]: value '[dmi/id]sys_vendor' is 'Dell Inc.'
Sep 30 19:17:48 ubuntu-xps13 systemd-udevd[643]: passed device to netlink monitor 0x55a3a1b8aba0
Sep 30 19:17:48 ubuntu-xps13 systemd-udevd[553]: seq 2698 queued, 'remove' 'cgroup'
Sep 30 19:17:48 ubuntu-xps13 systemd-udevd[653]: value '[dmi/id]sys_vendor' is 'Dell Inc.'
Sep 30 19:17:48 ubuntu-xps13 systemd-udevd[640]: passed device to netlink monitor 0x55a3a1bc1bb0
Sep 30 19:17:48 ubuntu-xps13 systemd-udevd[643]: seq 2695 processed
Sep 30 19:17:48 ubuntu-xps13 systemd-udevd[553]: passed 197 byte device to netlink monitor 0x55a3a1bceb90
Sep 30 19:17:48 ubuntu-xps13 systemd-udevd[638]: seq 2698 running
Sep 30 19:17:48 ubuntu-xps13 systemd-udevd[653]: value '[dmi/id]sys_vendor' is 'Dell Inc.'
Sep 30 19:17:48 ubuntu-xps13 systemd-udevd[640]: seq 2696 processed
Sep 30 19:17:48 ubuntu-xps13 systemd-udevd[553]: seq 2699 queued, 'remove' 'cgroup'
Sep 30 19:17:48 ubuntu-xps13 systemd-udevd[638]: value '[dmi/id]sys_vendor' is 'Dell Inc.'
Sep 30 19:17:48 ubuntu-xps13 systemd-udevd[653]: passed device to netlink monitor 0x55a3a1bb1a40
Sep 30 19:17:48 ubuntu-xps13 systemd-udevd[553]: passed 188 byte device to netlink monitor 0x55a3a1bceb90
Sep 30 19:17:48 ubuntu-xps13 systemd-udevd[643]: seq 2699 running
Sep 30 19:17:48 ubuntu-xps13 systemd-udevd[638]: value '[dmi/id]sys_vendor' is 'Dell Inc.'
Sep 30 19:17:48 ubuntu-xps13 systemd-udevd[653]: seq 2697 processed
Sep 30 19:17:48 ubuntu-xps13 systemd-udevd[553]: seq 2700 queued, 'remove' 'cgroup'
Sep 30 19:17:48 ubuntu-xps13 systemd-udevd[643]: value '[dmi/id]sys_vendor' is 'Dell Inc.'
Sep 30 19:17:48 ubuntu-xps13 systemd-udevd[638]: passed device to netlink monitor 0x55a3a1b8a6d0
Sep 30 19:17:48 ubuntu-xps13 systemd-udevd[553]: passed 193 byte device to netlink monitor 0x55a3a1bceb90
Sep 30 19:17:48 ubuntu-xps13 systemd-udevd[640]: seq 2700 running
Sep 30 19:17:48 ubuntu-xps13 systemd-udevd[643]: value '[dmi/id]sys_vendor' is 'Dell Inc.'
Sep 30 19:17:48 ubuntu-xps13 systemd-udevd[638]: seq 2698 processed
Sep 30 19:17:48 ubuntu-xps13 systemd-udevd[553]: seq 2701 queued, 'remove' 'cgroup'
Sep 30 19:17:48 ubuntu-xps13 systemd-udevd[640]: value '[dmi/id]sys_vendor' is 'Dell Inc.'
Sep 30 19:17:48 ubuntu-xps13 systemd-udevd[643]: passed device to netlink monitor 0x55a3a1b8aba0
Sep 30 19:17:48 ubuntu-xps13 systemd-udevd[553]: passed 194 byte device to netlink monitor 0x55a3a1bceb90
Sep 30 19:17:48 ubuntu-xps13 systemd-udevd[653]: seq 2701 running
Sep 30 19:17:48 ubuntu-xps13 systemd-udevd[640]: value '[dmi/id]sys_vendor' is 'Dell Inc.'
Sep 30 19:17:48 ubuntu-xps13 systemd-udevd[640]: passed device to netlink monitor 0x55a3a1bc1bb0
Sep 30 19:17:48 ubuntu-xps13 systemd-udevd[553]: seq 2702 queued, 'remove' 'cgroup'
Sep 30 19:17:48 ubuntu-xps13 systemd-udevd[653]: value '[dmi/id]sys_vendor' is 'Dell Inc.'
Sep 30 19:17:48 ubuntu-xps13 systemd-udevd[640]: seq 2700 processed
Sep 30 19:17:48 ubuntu-xps13 systemd-udevd[643]: seq 2699 processed
Sep 30 19:17:48 ubuntu-xps13 systemd-udevd[553]: passed 204 byte device to netlink monitor 0x55a3a1bceb90
Sep 30 19:17:48 ubuntu-xps13 systemd-udevd[638]: seq 2702 running
Sep 30 19:17:48 ubuntu-xps13 systemd-udevd[653]: value '[dmi/id]sys_vendor' is 'Dell Inc.'
Sep 30 19:17:48 ubuntu-xps13 systemd-udevd[553]: seq 2703 queued, 'remove' 'cgroup'
Sep 30 19:17:48 ubuntu-xps13 systemd-udevd[638]: value '[dmi/id]sys_vendor' is 'Dell Inc.'
Sep 30 19:17:48 ubuntu-xps13 systemd-udevd[653]: passed device to netlink monitor 0x55a3a1bb1a40
Sep 30 19:17:48 ubuntu-xps13 systemd-udevd[553]: passed 204 byte device to netlink monitor 0x55a3a1bceb90
Sep 30 19:17:48 ubuntu-xps13 systemd-udevd[640]: seq 2703 running
Sep 30 19:17:48 ubuntu-xps13 systemd-udevd[638]: value '[dmi/id]sys_vendor' is 'Dell Inc.'
Sep 30 19:17:48 ubuntu-xps13 systemd-udevd[653]: seq 2701 processed
Sep 30 19:17:48 ubuntu-xps13 systemd-udevd[553]: seq 2704 queued, 'remove' 'cgroup'
Sep 30 19:17:48 ubuntu-xps13 systemd-udevd[640]: value '[dmi/id]sys_vendor' is 'Dell Inc.'
Sep 30 19:17:48 ubuntu-xps13 systemd-udevd[638]: passed device to netlink monitor 0x55a3a1b8a6d0
Sep 30 19:17:48 ubuntu-xps13 systemd-udevd[553]: passed 193 byte device to netlink monitor 0x55a3a1bceb90
Sep 30 19:17:48 ubuntu-xps13 systemd-udevd[643]: seq 2704 running
Sep 30 19:17:48 ubuntu-xps13 systemd-udevd[640]: value '[dmi/id]sys_vendor' is 'Dell Inc.'
Sep 30 19:17:48 ubuntu-xps13 systemd-udevd[638]: seq 2702 processed
Sep 30 19:17:48 ubuntu-xps13 systemd-udevd[553]: seq 2705 queued, 'remove' 'cgroup'
Sep 30 19:17:48 ubuntu-xps13 systemd-udevd[643]: value '[dmi/id]sys_vendor' is 'Dell Inc.'
Sep 30 19:17:48 ubuntu-xps13 systemd-udevd[640]: passed device to netlink monitor 0x55a3a1bc1bb0
Sep 30 19:17:48 ubuntu-xps13 systemd-udevd[553]: passed 193 byte device to netlink monitor 0x55a3a1bceb90
Sep 30 19:17:48 ubuntu-xps13 systemd-udevd[653]: seq 2705 running
Sep 30 19:17:48 ubuntu-xps13 systemd-udevd[643]: value '[dmi/id]sys_vendor' is 'Dell Inc.'
Sep 30 19:17:48 ubuntu-xps13 systemd-udevd[640]: seq 2703 processed
Sep 30 19:17:48 ubuntu-xps13 systemd-udevd[553]: seq 2706 queued, 'add' 'cgroup'
Sep 30 19:17:48 ubuntu-xps13 systemd-udevd[653]: value '[dmi/id]sys_vendor' is 'Dell Inc.'
Sep 30 19:17:48 ubuntu-xps13 systemd-udevd[643]: passed device to netlink monitor 0x55a3a1b8aba0
Sep 30 19:17:48 ubuntu-xps13 systemd-udevd[553]: passed 178 byte device to netlink monitor 0x55a3a1bceb90
Sep 30 19:17:48 ubuntu-xps13 systemd-udevd[638]: seq 2706 running
Sep 30 19:17:48 ubuntu-xps13 systemd-udevd[653]: value '[dmi/id]sys_vendor' is 'Dell Inc.'
Sep 30 19:17:48 ubuntu-xps13 systemd-udevd[643]: seq 2704 processed
Sep 30 19:17:48 ubuntu-xps13 systemd-udevd[553]: seq 2707 queued, 'add' 'cgroup'
Sep 30 19:17:48 ubuntu-xps13 systemd-udevd[638]: value '[dmi/id]sys_vendor' is 'Dell Inc.'
Sep 30 19:17:48 ubuntu-xps13 systemd-udevd[653]: passed device to netlink monitor 0x55a3a1bb1a40
Sep 30 19:17:48 ubuntu-xps13 systemd-udevd[553]: passed 187 byte device to netlink monitor 0x55a3a1bceb90
Sep 30 19:17:48 ubuntu-xps13 systemd-udevd[640]: seq 2707 running
Sep 30 19:17:48 ubuntu-xps13 systemd-udevd[638]: value '[dmi/id]sys_vendor' is 'Dell Inc.'
Sep 30 19:17:48 ubuntu-xps13 systemd-udevd[653]: seq 2705 processed
Sep 30 19:17:48 ubuntu-xps13 systemd-udevd[553]: seq 2708 queued, 'add' 'cgroup'
Sep 30 19:17:48 ubuntu-xps13 systemd-udevd[640]: value '[dmi/id]sys_vendor' is 'Dell Inc.'
Sep 30 19:17:48 ubuntu-xps13 systemd-udevd[638]: passed device to netlink monitor 0x55a3a1b8a6d0
Sep 30 19:17:48 ubuntu-xps13 systemd-udevd[553]: passed 192 byte device to netlink monitor 0x55a3a1bceb90
Sep 30 19:17:48 ubuntu-xps13 systemd-udevd[643]: seq 2708 running
Sep 30 19:17:48 ubuntu-xps13 systemd-udevd[640]: value '[dmi/id]sys_vendor' is 'Dell Inc.'
Sep 30 19:17:48 ubuntu-xps13 systemd-udevd[638]: seq 2706 processed
Sep 30 19:17:48 ubuntu-xps13 systemd-udevd[553]: seq 2709 queued, 'add' 'cgroup'
Sep 30 19:17:48 ubuntu-xps13 systemd-udevd[643]: value '[dmi/id]sys_vendor' is 'Dell Inc.'
Sep 30 19:17:48 ubuntu-xps13 systemd-udevd[640]: passed device to netlink monitor 0x55a3a1bc1bb0
Sep 30 19:17:48 ubuntu-xps13 systemd-udevd[553]: passed 192 byte device to netlink monitor 0x55a3a1bceb90
Sep 30 19:17:48 ubuntu-xps13 systemd-udevd[653]: seq 2709 running
Sep 30 19:17:48 ubuntu-xps13 systemd-udevd[643]: value '[dmi/id]sys_vendor' is 'Dell Inc.'
Sep 30 19:17:48 ubuntu-xps13 systemd-udevd[640]: seq 2707 processed
Sep 30 19:17:48 ubuntu-xps13 systemd-udevd[553]: seq 2710 queued, 'add' 'cgroup'
Sep 30 19:17:48 ubuntu-xps13 systemd-udevd[653]: value '[dmi/id]sys_vendor' is 'Dell Inc.'
Sep 30 19:17:48 ubuntu-xps13 systemd-udevd[643]: passed device to netlink monitor 0x55a3a1b8aba0
Sep 30 19:17:48 ubuntu-xps13 systemd-udevd[553]: passed 183 byte device to netlink monitor 0x55a3a1bceb90
Sep 30 19:17:48 ubuntu-xps13 systemd-udevd[638]: seq 2710 running
Sep 30 19:17:48 ubuntu-xps13 systemd-udevd[653]: value '[dmi/id]sys_vendor' is 'Dell Inc.'
Sep 30 19:17:48 ubuntu-xps13 systemd-udevd[643]: seq 2708 processed
Sep 30 19:17:48 ubuntu-xps13 systemd-udevd[553]: seq 2711 queued, 'add' 'cgroup'
Sep 30 19:17:48 ubuntu-xps13 systemd-udevd[638]: value '[dmi/id]sys_vendor' is 'Dell Inc.'
Sep 30 19:17:48 ubuntu-xps13 systemd-udevd[653]: passed device to netlink monitor 0x55a3a1bb1a40
Sep 30 19:17:48 ubuntu-xps13 systemd-udevd[553]: passed 199 byte device to netlink monitor 0x55a3a1bceb90
Sep 30 19:17:48 ubuntu-xps13 systemd-udevd[640]: seq 2711 running
Sep 30 19:17:48 ubuntu-xps13 systemd-udevd[638]: value '[dmi/id]sys_vendor' is 'Dell Inc.'
Sep 30 19:17:48 ubuntu-xps13 systemd-udevd[653]: seq 2709 processed
Sep 30 19:17:48 ubuntu-xps13 systemd-udevd[553]: seq 2712 queued, 'add' 'cgroup'
Sep 30 19:17:48 ubuntu-xps13 systemd-udevd[640]: value '[dmi/id]sys_vendor' is 'Dell Inc.'
Sep 30 19:17:48 ubuntu-xps13 systemd-udevd[638]: passed device to netlink monitor 0x55a3a1b8a6d0
Sep 30 19:17:48 ubuntu-xps13 systemd-udevd[553]: passed 188 byte device to netlink monitor 0x55a3a1bceb90
Sep 30 19:17:48 ubuntu-xps13 systemd-udevd[643]: seq 2712 running
Sep 30 19:17:48 ubuntu-xps13 systemd-udevd[640]: value '[dmi/id]sys_vendor' is 'Dell Inc.'
Sep 30 19:17:48 ubuntu-xps13 systemd-udevd[638]: seq 2710 processed
Sep 30 19:17:48 ubuntu-xps13 systemd-udevd[553]: seq 2713 queued, 'add' 'cgroup'
Sep 30 19:17:48 ubuntu-xps13 systemd-udevd[643]: value '[dmi/id]sys_vendor' is 'Dell Inc.'
Sep 30 19:17:48 ubuntu-xps13 systemd-udevd[640]: passed device to netlink monitor 0x55a3a1bc1bb0
Sep 30 19:17:48 ubuntu-xps13 systemd-udevd[553]: passed 188 byte device to netlink monitor 0x55a3a1bceb90
Sep 30 19:17:48 ubuntu-xps13 systemd-udevd[653]: seq 2713 running
Sep 30 19:17:48 ubuntu-xps13 systemd-udevd[643]: value '[dmi/id]sys_vendor' is 'Dell Inc.'
Sep 30 19:17:48 ubuntu-xps13 systemd-udevd[643]: passed device to netlink monitor 0x55a3a1b8aba0
Sep 30 19:17:48 ubuntu-xps13 systemd-udevd[553]: seq 2714 queued, 'add' 'cgroup'
Sep 30 19:17:48 ubuntu-xps13 systemd-udevd[653]: value '[dmi/id]sys_vendor' is 'Dell Inc.'
Sep 30 19:17:48 ubuntu-xps13 systemd-udevd[640]: seq 2711 processed
Sep 30 19:17:48 ubuntu-xps13 systemd-udevd[643]: seq 2712 processed
Sep 30 19:17:48 ubuntu-xps13 systemd-udevd[553]: passed 189 byte device to netlink monitor 0x55a3a1bceb90
Sep 30 19:17:48 ubuntu-xps13 systemd-udevd[638]: seq 2714 running
Sep 30 19:17:48 ubuntu-xps13 systemd-udevd[653]: value '[dmi/id]sys_vendor' is 'Dell Inc.'
Sep 30 19:17:48 ubuntu-xps13 systemd-udevd[553]: seq 2715 queued, 'add' 'cgroup'
Sep 30 19:17:48 ubuntu-xps13 systemd-udevd[638]: value '[dmi/id]sys_vendor' is 'Dell Inc.'
Sep 30 19:17:48 ubuntu-xps13 systemd-udevd[553]: passed 189 byte device to netlink monitor 0x55a3a1bceb90
Sep 30 19:17:48 ubuntu-xps13 systemd-udevd[653]: passed device to netlink monitor 0x55a3a1bb1a40
Sep 30 19:17:48 ubuntu-xps13 systemd-udevd[640]: seq 2715 running
Sep 30 19:17:48 ubuntu-xps13 systemd-udevd[638]: value '[dmi/id]sys_vendor' is 'Dell Inc.'
Sep 30 19:17:48 ubuntu-xps13 systemd-udevd[553]: seq 2716 queued, 'add' 'cgroup'
Sep 30 19:17:48 ubuntu-xps13 systemd-udevd[653]: seq 2713 processed
Sep 30 19:17:48 ubuntu-xps13 systemd-udevd[640]: value '[dmi/id]sys_vendor' is 'Dell Inc.'
Sep 30 19:17:48 ubuntu-xps13 systemd-udevd[638]: passed device to netlink monitor 0x55a3a1b8a6d0
Sep 30 19:17:48 ubuntu-xps13 systemd-udevd[553]: passed 181 byte device to netlink monitor 0x55a3a1bceb90
Sep 30 19:17:48 ubuntu-xps13 systemd-udevd[643]: seq 2716 running
Sep 30 19:17:48 ubuntu-xps13 systemd-udevd[640]: value '[dmi/id]sys_vendor' is 'Dell Inc.'
Sep 30 19:17:48 ubuntu-xps13 systemd-udevd[638]: seq 2714 processed
Sep 30 19:17:48 ubuntu-xps13 systemd-udevd[553]: seq 2717 queued, 'add' 'cgroup'
Sep 30 19:17:48 ubuntu-xps13 systemd-udevd[643]: value '[dmi/id]sys_vendor' is 'Dell Inc.'
Sep 30 19:17:48 ubuntu-xps13 systemd-udevd[640]: passed device to netlink monitor 0x55a3a1bc1bb0
Sep 30 19:17:48 ubuntu-xps13 systemd-udevd[553]: passed 178 byte device to netlink monitor 0x55a3a1bceb90
Sep 30 19:17:48 ubuntu-xps13 systemd-udevd[653]: seq 2717 running
Sep 30 19:17:48 ubuntu-xps13 systemd-udevd[643]: value '[dmi/id]sys_vendor' is 'Dell Inc.'
Sep 30 19:17:48 ubuntu-xps13 systemd-udevd[640]: seq 2715 processed
Sep 30 19:17:48 ubuntu-xps13 systemd-udevd[553]: seq 2718 queued, 'add' 'cgroup'
Sep 30 19:17:48 ubuntu-xps13 systemd-udevd[653]: value '[dmi/id]sys_vendor' is 'Dell Inc.'
Sep 30 19:17:48 ubuntu-xps13 systemd-udevd[643]: passed device to netlink monitor 0x55a3a1b8aba0
Sep 30 19:17:48 ubuntu-xps13 systemd-udevd[553]: passed 182 byte device to netlink monitor 0x55a3a1bceb90
Sep 30 19:17:48 ubuntu-xps13 systemd-udevd[638]: seq 2718 running
Sep 30 19:17:48 ubuntu-xps13 systemd-udevd[653]: value '[dmi/id]sys_vendor' is 'Dell Inc.'
Sep 30 19:17:48 ubuntu-xps13 systemd-udevd[643]: seq 2716 processed
Sep 30 19:17:48 ubuntu-xps13 systemd-udevd[553]: seq 2719 queued, 'add' 'cgroup'
Sep 30 19:17:48 ubuntu-xps13 systemd-udevd[638]: value '[dmi/id]sys_vendor' is 'Dell Inc.'
Sep 30 19:17:48 ubuntu-xps13 systemd-udevd[653]: passed device to netlink monitor 0x55a3a1bb1a40
Sep 30 19:17:48 ubuntu-xps13 systemd-udevd[553]: passed 179 byte device to netlink monitor 0x55a3a1bceb90
Sep 30 19:17:48 ubuntu-xps13 systemd-udevd[640]: seq 2719 running
Sep 30 19:17:48 ubuntu-xps13 systemd-udevd[638]: value '[dmi/id]sys_vendor' is 'Dell Inc.'
Sep 30 19:17:48 ubuntu-xps13 systemd-udevd[653]: seq 2717 processed
Sep 30 19:17:48 ubuntu-xps13 systemd-udevd[553]: seq 2720 queued, 'add' 'cgroup'
Sep 30 19:17:48 ubuntu-xps13 systemd-udevd[640]: value '[dmi/id]sys_vendor' is 'Dell Inc.'
Sep 30 19:17:48 ubuntu-xps13 systemd-udevd[638]: passed device to netlink monitor 0x55a3a1b8a6d0
Sep 30 19:17:48 ubuntu-xps13 systemd-udevd[553]: passed 180 byte device to netlink monitor 0x55a3a1bceb90
Sep 30 19:17:48 ubuntu-xps13 systemd-udevd[643]: seq 2720 running
Sep 30 19:17:48 ubuntu-xps13 systemd-udevd[640]: value '[dmi/id]sys_vendor' is 'Dell Inc.'
Sep 30 19:17:48 ubuntu-xps13 systemd-udevd[638]: seq 2718 processed
Sep 30 19:17:48 ubuntu-xps13 systemd-udevd[553]: seq 2721 queued, 'add' 'cgroup'
Sep 30 19:17:48 ubuntu-xps13 systemd-udevd[643]: value '[dmi/id]sys_vendor' is 'Dell Inc.'
Sep 30 19:17:48 ubuntu-xps13 systemd-udevd[640]: passed device to netlink monitor 0x55a3a1bc1bb0
Sep 30 19:17:48 ubuntu-xps13 systemd-udevd[553]: passed 185 byte device to netlink monitor 0x55a3a1bceb90
Sep 30 19:17:48 ubuntu-xps13 systemd-udevd[653]: seq 2721 running
Sep 30 19:17:48 ubuntu-xps13 systemd-udevd[643]: value '[dmi/id]sys_vendor' is 'Dell Inc.'
Sep 30 19:17:48 ubuntu-xps13 systemd-udevd[640]: seq 2719 processed
Sep 30 19:17:48 ubuntu-xps13 systemd-udevd[553]: seq 2722 queued, 'add' 'cgroup'
Sep 30 19:17:48 ubuntu-xps13 systemd-udevd[653]: value '[dmi/id]sys_vendor' is 'Dell Inc.'
Sep 30 19:17:48 ubuntu-xps13 systemd-udevd[643]: passed device to netlink monitor 0x55a3a1b8aba0
Sep 30 19:17:48 ubuntu-xps13 systemd-udevd[553]: passed 185 byte device to netlink monitor 0x55a3a1bceb90
Sep 30 19:17:48 ubuntu-xps13 systemd-udevd[638]: seq 2722 running
