Sep 30 19:16:16 ubuntu-xps13 systemd-udevd[553]: seq 1977 queued, 'add' 'cgroup'
Sep 30 19:16:16 ubuntu-xps13 systemd-udevd[557]: value '[dmi/id]sys_vendor' is 'Dell Inc.'
Sep 30 19:16:16 ubuntu-xps13 systemd-udevd[555]: value '[dmi/id]sys_vendor' is 'Dell Inc.'
Sep 30 19:16:16 ubuntu-xps13 systemd-udevd[555]: value '[dmi/id]sys_vendor' is 'Dell Inc.'
Sep 30 19:16:16 ubuntu-xps13 systemd-udevd[553]: seq 1977 forked new worker [571]
Sep 30 19:16:16 ubuntu-xps13 systemd-udevd[557]: passed device to netlink monitor 0x55a3a1ba2550
Sep 30 19:16:16 ubuntu-xps13 systemd-udevd[557]: seq 1971 processed
Sep 30 19:16:16 ubuntu-xps13 systemd-udevd[561]: seq 1969 running
Sep 30 19:16:16 ubuntu-xps13 systemd-udevd[553]: seq 1978 queued, 'add' 'cgroup'
Sep 30 19:16:16 ubuntu-xps13 systemd-udevd[553]: maximum number (16) of children reached
Sep 30 19:16:16 ubuntu-xps13 systemd-udevd[555]: passed device to netlink monitor 0x55a3a1bcd880
Sep 30 19:16:16 ubuntu-xps13 systemd-udevd[555]: seq 1960 processed
Sep 30 19:16:16 ubuntu-xps13 systemd-udevd[553]: passed 194 byte device to netlink monitor 0x55a3a1bceb90
Sep 30 19:16:16 ubuntu-xps13 systemd-udevd[559]: seq 1952 running
Sep 30 19:16:16 ubuntu-xps13 systemd-udevd[553]: seq 1979 queued, 'add' 'cgroup'
Sep 30 19:16:16 ubuntu-xps13 systemd-udevd[553]: maximum number (16) of children reached
Sep 30 19:16:16 ubuntu-xps13 systemd-udevd[553]: passed 199 byte device to netlink monitor 0x55a3a1bceb90
Sep 30 19:16:16 ubuntu-xps13 systemd-udevd[561]: value '[dmi/id]sys_vendor' is 'Dell Inc.'
Sep 30 19:16:16 ubuntu-xps13 systemd-udevd[553]: seq 1980 queued, 'add' 'cgroup'
Sep 30 19:16:16 ubuntu-xps13 systemd-udevd[553]: maximum number (16) of children reached
Sep 30 19:16:16 ubuntu-xps13 systemd-udevd[561]: value '[dmi/id]sys_vendor' is 'Dell Inc.'
Sep 30 19:16:16 ubuntu-xps13 systemd-udevd[553]: seq 1981 queued, 'add' 'cgroup'
Sep 30 19:16:16 ubuntu-xps13 systemd-udevd[553]: maximum number (16) of children reached
Sep 30 19:16:16 ubuntu-xps13 systemd-udevd[553]: maximum number (16) of children reached
Sep 30 19:16:16 ubuntu-xps13 systemd-udevd[559]: value '[dmi/id]sys_vendor' is 'Dell Inc.'
Sep 30 19:16:16 ubuntu-xps13 systemd-udevd[553]: seq 1982 queued, 'add' 'cgroup'
Sep 30 19:16:16 ubuntu-xps13 systemd-udevd[553]: maximum number (16) of children reached
Sep 30 19:16:16 ubuntu-xps13 systemd-udevd[553]: maximum number (16) of children reached
Sep 30 19:16:16 ubuntu-xps13 systemd-udevd[553]: maximum number (16) of children reached
Sep 30 19:16:16 ubuntu-xps13 systemd-udevd[559]: value '[dmi/id]sys_vendor' is 'Dell Inc.'
Sep 30 19:16:16 ubuntu-xps13 systemd-udevd[553]: seq 1983 queued, 'add' 'cgroup'
Sep 30 19:16:16 ubuntu-xps13 systemd-udevd[553]: maximum number (16) of children reached
Sep 30 19:16:16 ubuntu-xps13 systemd-udevd[553]: maximum number (16) of children reached
Sep 30 19:16:16 ubuntu-xps13 systemd-udevd[553]: maximum number (16) of children reached
Sep 30 19:16:16 ubuntu-xps13 systemd-udevd[553]: maximum number (16) of children reached
Sep 30 19:16:16 ubuntu-xps13 systemd-udevd[553]: seq 1984 queued, 'add' 'cgroup'
Sep 30 19:16:16 ubuntu-xps13 systemd-udevd[553]: maximum number (16) of children reached
Sep 30 19:16:16 ubuntu-xps13 systemd-udevd[553]: maximum number (16) of children reached
Sep 30 19:16:16 ubuntu-xps13 systemd-udevd[561]: passed device to netlink monitor 0x55a3a1bccbf0
Sep 30 19:16:16 ubuntu-xps13 systemd-udevd[553]: maximum number (16) of children reached
Sep 30 19:16:16 ubuntu-xps13 systemd-udevd[561]: seq 1969 processed
Sep 30 19:16:16 ubuntu-xps13 systemd-udevd[553]: maximum number (16) of children reached
Sep 30 19:16:16 ubuntu-xps13 systemd-udevd[553]: maximum number (16) of children reached
Sep 30 19:16:16 ubuntu-xps13 systemd-udevd[553]: passed 183 byte device to netlink monitor 0x55a3a1bceb90
Sep 30 19:16:16 ubuntu-xps13 systemd-udevd[563]: seq 1974 running
Sep 30 19:16:16 ubuntu-xps13 systemd-udevd[553]: maximum number (16) of children reached
Sep 30 19:16:16 ubuntu-xps13 systemd-udevd[553]: maximum number (16) of children reached
Sep 30 19:16:16 ubuntu-xps13 systemd-udevd[553]: maximum number (16) of children reached
Sep 30 19:16:16 ubuntu-xps13 systemd-udevd[553]: maximum number (16) of children reached
Sep 30 19:16:16 ubuntu-xps13 systemd-udevd[559]: passed device to netlink monitor 0x55a3a1b949b0
Sep 30 19:16:16 ubuntu-xps13 systemd-udevd[559]: seq 1952 processed
Sep 30 19:16:16 ubuntu-xps13 systemd-udevd[553]: seq 1985 queued, 'add' 'cgroup'
Sep 30 19:16:16 ubuntu-xps13 systemd-udevd[553]: maximum number (16) of children reached
Sep 30 19:16:16 ubuntu-xps13 systemd-udevd[553]: maximum number (16) of children reached
Sep 30 19:16:16 ubuntu-xps13 systemd-udevd[553]: maximum number (16) of children reached
Sep 30 19:16:16 ubuntu-xps13 systemd-udevd[553]: maximum number (16) of children reached
Sep 30 19:16:16 ubuntu-xps13 systemd-udevd[558]: seq 1953 running
Sep 30 19:16:16 ubuntu-xps13 systemd-udevd[553]: maximum number (16) of children reached
Sep 30 19:16:16 ubuntu-xps13 systemd-udevd[553]: passed 187 byte device to netlink monitor 0x55a3a1bceb90
Sep 30 19:16:16 ubuntu-xps13 systemd-udevd[553]: maximum number (16) of children reached
Sep 30 19:16:16 ubuntu-xps13 systemd-udevd[553]: maximum number (16) of children reached
Sep 30 19:16:16 ubuntu-xps13 systemd-udevd[553]: maximum number (16) of children reached
Sep 30 19:16:16 ubuntu-xps13 systemd-udevd[553]: maximum number (16) of children reached
Sep 30 19:16:16 ubuntu-xps13 systemd-udevd[563]: value '[dmi/id]sys_vendor' is 'Dell Inc.'
Sep 30 19:16:16 ubuntu-xps13 systemd-udevd[553]: seq 1986 queued, 'add' 'cgroup'
Sep 30 19:16:16 ubuntu-xps13 systemd-udevd[553]: maximum number (16) of children reached
Sep 30 19:16:16 ubuntu-xps13 systemd-udevd[553]: maximum number (16) of children reached
Sep 30 19:16:16 ubuntu-xps13 systemd-udevd[553]: maximum number (16) of children reached
Sep 30 19:16:16 ubuntu-xps13 systemd-udevd[553]: maximum number (16) of children reached
Sep 30 19:16:16 ubuntu-xps13 systemd-udevd[553]: maximum number (16) of children reached
Sep 30 19:16:16 ubuntu-xps13 systemd-udevd[563]: value '[dmi/id]sys_vendor' is 'Dell Inc.'
Sep 30 19:16:16 ubuntu-xps13 systemd-udevd[553]: seq 1987 queued, 'add' 'cgroup'
Sep 30 19:16:16 ubuntu-xps13 systemd-udevd[553]: maximum number (16) of children reached
Sep 30 19:16:16 ubuntu-xps13 systemd-udevd[553]: maximum number (16) of children reached
Sep 30 19:16:16 ubuntu-xps13 systemd-udevd[553]: maximum number (16) of children reached
Sep 30 19:16:16 ubuntu-xps13 systemd-udevd[553]: maximum number (16) of children reached
Sep 30 19:16:16 ubuntu-xps13 systemd-udevd[553]: maximum number (16) of children reached
Sep 30 19:16:16 ubuntu-xps13 systemd-udevd[553]: maximum number (16) of children reached
Sep 30 19:16:16 ubuntu-xps13 systemd-udevd[558]: value '[dmi/id]sys_vendor' is 'Dell Inc.'
Sep 30 19:16:16 ubuntu-xps13 systemd-udevd[553]: seq 1988 queued, 'add' 'cgroup'
Sep 30 19:16:16 ubuntu-xps13 systemd-udevd[553]: maximum number (16) of children reached
Sep 30 19:16:16 ubuntu-xps13 systemd-udevd[553]: maximum number (16) of children reached
Sep 30 19:16:16 ubuntu-xps13 systemd-udevd[553]: maximum number (16) of children reached
Sep 30 19:16:16 ubuntu-xps13 systemd-udevd[553]: maximum number (16) of children reached
Sep 30 19:16:16 ubuntu-xps13 systemd-udevd[553]: maximum number (16) of children reached
Sep 30 19:16:16 ubuntu-xps13 systemd-udevd[553]: maximum number (16) of children reached
Sep 30 19:16:16 ubuntu-xps13 systemd-udevd[558]: value '[dmi/id]sys_vendor' is 'Dell Inc.'
Sep 30 19:16:16 ubuntu-xps13 systemd-udevd[553]: maximum number (16) of children reached
Sep 30 19:16:16 ubuntu-xps13 systemd-udevd[553]: seq 1989 queued, 'add' 'cgroup'
Sep 30 19:16:16 ubuntu-xps13 systemd-udevd[553]: maximum number (16) of children reached
Sep 30 19:16:16 ubuntu-xps13 systemd-udevd[553]: maximum number (16) of children reached
Sep 30 19:16:16 ubuntu-xps13 systemd-udevd[563]: passed device to netlink monitor 0x55a3a1bcadc0
Sep 30 19:16:16 ubuntu-xps13 systemd-udevd[553]: maximum number (16) of children reached
Sep 30 19:16:16 ubuntu-xps13 systemd-udevd[563]: seq 1974 processed
Sep 30 19:16:16 ubuntu-xps13 systemd-udevd[553]: maximum number (16) of children reached
Sep 30 19:16:16 ubuntu-xps13 systemd-udevd[553]: maximum number (16) of children reached
Sep 30 19:16:16 ubuntu-xps13 systemd-udevd[553]: maximum number (16) of children reached
Sep 30 19:16:16 ubuntu-xps13 systemd-udevd[553]: maximum number (16) of children reached
Sep 30 19:16:16 ubuntu-xps13 systemd-udevd[553]: maximum number (16) of children reached
Sep 30 19:16:16 ubuntu-xps13 systemd-udevd[553]: passed 184 byte device to netlink monitor 0x55a3a1bceb90
Sep 30 19:16:16 ubuntu-xps13 systemd-udevd[553]: maximum number (16) of children reached
Sep 30 19:16:16 ubuntu-xps13 systemd-udevd[554]: seq 1976 running
Sep 30 19:16:16 ubuntu-xps13 systemd-udevd[553]: maximum number (16) of children reached
Sep 30 19:16:16 ubuntu-xps13 systemd-udevd[553]: maximum number (16) of children reached
Sep 30 19:16:16 ubuntu-xps13 systemd-udevd[553]: maximum number (16) of children reached
Sep 30 19:16:16 ubuntu-xps13 systemd-udevd[553]: maximum number (16) of children reached
Sep 30 19:16:16 ubuntu-xps13 systemd-udevd[553]: maximum number (16) of children reached
Sep 30 19:16:16 ubuntu-xps13 systemd-udevd[553]: maximum number (16) of children reached
Sep 30 19:16:16 ubuntu-xps13 systemd-udevd[558]: passed device to netlink monitor 0x55a3a1b89bc0
Sep 30 19:16:16 ubuntu-xps13 systemd-udevd[553]: seq 1990 queued, 'add' 'cgroup'
Sep 30 19:16:16 ubuntu-xps13 systemd-udevd[558]: seq 1953 processed
Sep 30 19:16:16 ubuntu-xps13 systemd-udevd[553]: maximum number (16) of children reached
Sep 30 19:16:16 ubuntu-xps13 systemd-udevd[553]: maximum number (16) of children reached
Sep 30 19:16:16 ubuntu-xps13 systemd-udevd[553]: maximum number (16) of children reached
Sep 30 19:16:16 ubuntu-xps13 systemd-udevd[553]: maximum number (16) of children reached
Sep 30 19:16:16 ubuntu-xps13 systemd-udevd[553]: maximum number (16) of children reached
Sep 30 19:16:16 ubuntu-xps13 systemd-udevd[553]: maximum number (16) of children reached
Sep 30 19:16:16 ubuntu-xps13 systemd-udevd[553]: maximum number (16) of children reached
Sep 30 19:16:16 ubuntu-xps13 systemd-udevd[560]: seq 1959 running
Sep 30 19:16:16 ubuntu-xps13 systemd-udevd[553]: maximum number (16) of children reached
Sep 30 19:16:16 ubuntu-xps13 systemd-udevd[553]: passed 194 byte device to netlink monitor 0x55a3a1bceb90
Sep 30 19:16:16 ubuntu-xps13 systemd-udevd[553]: maximum number (16) of children reached
Sep 30 19:16:16 ubuntu-xps13 systemd-udevd[553]: maximum number (16) of children reached
Sep 30 19:16:16 ubuntu-xps13 systemd-udevd[553]: maximum number (16) of children reached
Sep 30 19:16:16 ubuntu-xps13 systemd-udevd[553]: maximum number (16) of children reached
Sep 30 19:16:16 ubuntu-xps13 systemd-udevd[553]: maximum number (16) of children reached
Sep 30 19:16:16 ubuntu-xps13 systemd-udevd[553]: maximum number (16) of children reached
Sep 30 19:16:16 ubuntu-xps13 systemd-udevd[553]: maximum number (16) of children reached
Sep 30 19:16:16 ubuntu-xps13 systemd-udevd[554]: value '[dmi/id]sys_vendor' is 'Dell Inc.'
Sep 30 19:16:16 ubuntu-xps13 systemd-udevd[553]: seq 1991 queued, 'add' 'cgroup'
Sep 30 19:16:16 ubuntu-xps13 systemd-udevd[553]: maximum number (16) of children reached
Sep 30 19:16:16 ubuntu-xps13 systemd-udevd[553]: maximum number (16) of children reached
Sep 30 19:16:16 ubuntu-xps13 systemd-udevd[553]: maximum number (16) of children reached
Sep 30 19:16:16 ubuntu-xps13 systemd-udevd[553]: maximum number (16) of children reached
Sep 30 19:16:16 ubuntu-xps13 systemd-udevd[553]: maximum number (16) of children reached
Sep 30 19:16:16 ubuntu-xps13 systemd-udevd[553]: maximum number (16) of children reached
Sep 30 19:16:16 ubuntu-xps13 systemd-udevd[553]: maximum number (16) of children reached
Sep 30 19:16:16 ubuntu-xps13 systemd-udevd[553]: maximum number (16) of children reached
Sep 30 19:16:16 ubuntu-xps13 systemd-udevd[554]: value '[dmi/id]sys_vendor' is 'Dell Inc.'
Sep 30 19:16:16 ubuntu-xps13 systemd-udevd[560]: value '[dmi/id]sys_vendor' is 'Dell Inc.'
Sep 30 19:16:16 ubuntu-xps13 systemd-udevd[553]: seq 1992 queued, 'add' 'cgroup'
Sep 30 19:16:16 ubuntu-xps13 systemd-udevd[553]: maximum number (16) of children reached
Sep 30 19:16:16 ubuntu-xps13 systemd-udevd[553]: maximum number (16) of children reached
Sep 30 19:16:16 ubuntu-xps13 systemd-udevd[553]: maximum number (16) of children reached
Sep 30 19:16:16 ubuntu-xps13 systemd-udevd[553]: maximum number (16) of children reached
Sep 30 19:16:16 ubuntu-xps13 systemd-udevd[553]: maximum number (16) of children reached
Sep 30 19:16:16 ubuntu-xps13 systemd-udevd[553]: maximum number (16) of children reached
Sep 30 19:16:16 ubuntu-xps13 systemd-udevd[553]: maximum number (16) of children reached
Sep 30 19:16:16 ubuntu-xps13 systemd-udevd[560]: value '[dmi/id]sys_vendor' is 'Dell Inc.'
Sep 30 19:16:16 ubuntu-xps13 systemd-udevd[553]: maximum number (16) of children reached
Sep 30 19:16:16 ubuntu-xps13 systemd-udevd[553]: maximum number (16) of children reached
Sep 30 19:16:16 ubuntu-xps13 systemd-udevd[553]: seq 1993 queued, 'add' 'cgroup'
Sep 30 19:16:16 ubuntu-xps13 systemd-udevd[553]: maximum number (16) of children reached
Sep 30 19:16:16 ubuntu-xps13 systemd-udevd[553]: maximum number (16) of children reached
Sep 30 19:16:16 ubuntu-xps13 systemd-udevd[553]: maximum number (16) of children reached
Sep 30 19:16:16 ubuntu-xps13 systemd-udevd[553]: maximum number (16) of children reached
Sep 30 19:16:16 ubuntu-xps13 systemd-udevd[553]: maximum number (16) of children reached
Sep 30 19:16:16 ubuntu-xps13 systemd-udevd[553]: maximum number (16) of children reached
Sep 30 19:16:16 ubuntu-xps13 systemd-udevd[553]: maximum number (16) of children reached
Sep 30 19:16:16 ubuntu-xps13 systemd-udevd[553]: maximum number (16) of children reached
Sep 30 19:16:16 ubuntu-xps13 systemd-udevd[553]: maximum number (16) of children reached
Sep 30 19:16:16 ubuntu-xps13 systemd-udevd[553]: maximum number (16) of children reached
Sep 30 19:16:16 ubuntu-xps13 systemd-udevd[554]: passed device to netlink monitor 0x55a3a1bc5400
Sep 30 19:16:16 ubuntu-xps13 systemd-udevd[554]: seq 1976 processed
Sep 30 19:16:16 ubuntu-xps13 systemd-udevd[553]: seq 1994 queued, 'add' 'cgroup'
Sep 30 19:16:16 ubuntu-xps13 systemd-udevd[553]: maximum number (16) of children reached
Sep 30 19:16:16 ubuntu-xps13 systemd-udevd[553]: maximum number (16) of children reached
Sep 30 19:16:16 ubuntu-xps13 systemd-udevd[553]: maximum number (16) of children reached
Sep 30 19:16:16 ubuntu-xps13 systemd-udevd[553]: maximum number (16) of children reached
Sep 30 19:16:16 ubuntu-xps13 systemd-udevd[553]: maximum number (16) of children reached
Sep 30 19:16:16 ubuntu-xps13 systemd-udevd[553]: maximum number (16) of children reached
Sep 30 19:16:16 ubuntu-xps13 systemd-udevd[557]: seq 1978 running
Sep 30 19:16:16 ubuntu-xps13 systemd-udevd[553]: maximum number (16) of children reached
Sep 30 19:16:16 ubuntu-xps13 systemd-udevd[553]: maximum number (16) of children reached
Sep 30 19:16:16 ubuntu-xps13 systemd-udevd[553]: maximum number (16) of children reached
Sep 30 19:16:16 ubuntu-xps13 systemd-udevd[560]: passed device to netlink monitor 0x55a3a1bb0ee0
Sep 30 19:16:16 ubuntu-xps13 systemd-udevd[553]: maximum number (16) of children reached
Sep 30 19:16:16 ubuntu-xps13 systemd-udevd[560]: seq 1959 processed
Sep 30 19:16:16 ubuntu-xps13 systemd-udevd[553]: maximum number (16) of children reached
Sep 30 19:16:16 ubuntu-xps13 systemd-udevd[553]: passed 185 byte device to netlink monitor 0x55a3a1bceb90
Sep 30 19:16:16 ubuntu-xps13 systemd-udevd[553]: passed 197 byte device to netlink monitor 0x55a3a1bceb90
Sep 30 19:16:16 ubuntu-xps13 systemd-udevd[553]: maximum number (16) of children reached
Sep 30 19:16:16 ubuntu-xps13 systemd-udevd[553]: maximum number (16) of children reached
Sep 30 19:16:16 ubuntu-xps13 systemd-udevd[553]: maximum number (16) of children reached
Sep 30 19:16:16 ubuntu-xps13 systemd-udevd[553]: maximum number (16) of children reached
Sep 30 19:16:16 ubuntu-xps13 systemd-udevd[553]: maximum number (16) of children reached
Sep 30 19:16:16 ubuntu-xps13 systemd-udevd[553]: maximum number (16) of children reached
Sep 30 19:16:16 ubuntu-xps13 systemd-udevd[553]: maximum number (16) of children reached
Sep 30 19:16:16 ubuntu-xps13 systemd-udevd[553]: maximum number (16) of children reached
Sep 30 19:16:16 ubuntu-xps13 systemd-udevd[553]: maximum number (16) of children reached
Sep 30 19:16:16 ubuntu-xps13 systemd-udevd[557]: value '[dmi/id]sys_vendor' is 'Dell Inc.'
Sep 30 19:16:16 ubuntu-xps13 systemd-udevd[553]: seq 1995 queued, 'add' 'cgroup'
Sep 30 19:16:16 ubuntu-xps13 systemd-udevd[553]: maximum number (16) of children reached
Sep 30 19:16:16 ubuntu-xps13 systemd-udevd[553]: maximum number (16) of children reached
Sep 30 19:16:16 ubuntu-xps13 systemd-udevd[553]: maximum number (16) of children reached
Sep 30 19:16:16 ubuntu-xps13 systemd-udevd[553]: maximum number (16) of children reached
Sep 30 19:16:16 ubuntu-xps13 systemd-udevd[553]: maximum number (16) of children reached
Sep 30 19:16:16 ubuntu-xps13 systemd-udevd[553]: maximum number (16) of children reached
Sep 30 19:16:16 ubuntu-xps13 systemd-udevd[553]: maximum number (16) of children reached
Sep 30 19:16:16 ubuntu-xps13 systemd-udevd[553]: maximum number (16) of children reached
Sep 30 19:16:16 ubuntu-xps13 systemd-udevd[557]: value '[dmi/id]sys_vendor' is 'Dell Inc.'
Sep 30 19:16:16 ubuntu-xps13 systemd-udevd[553]: maximum number (16) of children reached
Sep 30 19:16:16 ubuntu-xps13 systemd-udevd[553]: maximum number (16) of children reached
Sep 30 19:16:16 ubuntu-xps13 systemd-udevd[553]: seq 1996 queued, 'add' 'cgroup'
Sep 30 19:16:16 ubuntu-xps13 systemd-udevd[553]: maximum number (16) of children reached
Sep 30 19:16:16 ubuntu-xps13 systemd-udevd[553]: maximum number (16) of children reached
Sep 30 19:16:16 ubuntu-xps13 systemd-udevd[553]: maximum number (16) of children reached
Sep 30 19:16:16 ubuntu-xps13 systemd-udevd[553]: maximum number (16) of children reached
Sep 30 19:16:16 ubuntu-xps13 systemd-udevd[553]: maximum number (16) of children reached
Sep 30 19:16:16 ubuntu-xps13 systemd-udevd[553]: maximum number (16) of children reached
Sep 30 19:16:16 ubuntu-xps13 systemd-udevd[553]: maximum number (16) of children reached
Sep 30 19:16:16 ubuntu-xps13 systemd-udevd[553]: maximum number (16) of children reached
Sep 30 19:16:16 ubuntu-xps13 systemd-udevd[553]: maximum number (16) of children reached
Sep 30 19:16:16 ubuntu-xps13 systemd-udevd[553]: maximum number (16) of children reached
Sep 30 19:16:16 ubuntu-xps13 systemd-udevd[553]: maximum number (16) of children reached
Sep 30 19:16:16 ubuntu-xps13 systemd-udevd[565]: seq 1967 running
Sep 30 19:16:16 ubuntu-xps13 systemd-udevd[553]: seq 1997 queued, 'add' 'cgroup'
Sep 30 19:16:16 ubuntu-xps13 systemd-udevd[553]: maximum number (16) of children reached
Sep 30 19:16:16 ubuntu-xps13 systemd-udevd[553]: maximum number (16) of children reached
Sep 30 19:16:16 ubuntu-xps13 systemd-udevd[553]: maximum number (16) of children reached
Sep 30 19:16:16 ubuntu-xps13 systemd-udevd[553]: maximum number (16) of children reached
Sep 30 19:16:16 ubuntu-xps13 systemd-udevd[553]: maximum number (16) of children reached
Sep 30 19:16:16 ubuntu-xps13 systemd-udevd[553]: maximum number (16) of children reached
Sep 30 19:16:16 ubuntu-xps13 systemd-udevd[553]: maximum number (16) of children reached
Sep 30 19:16:16 ubuntu-xps13 systemd-udevd[553]: maximum number (16) of children reached
Sep 30 19:16:16 ubuntu-xps13 systemd-udevd[553]: maximum number (16) of children reached
Sep 30 19:16:16 ubuntu-xps13 systemd-udevd[557]: passed device to netlink monitor 0x55a3a1ba2550
Sep 30 19:16:16 ubuntu-xps13 systemd-udevd[553]: maximum number (16) of children reached
Sep 30 19:16:16 ubuntu-xps13 systemd-udevd[557]: seq 1978 processed
Sep 30 19:16:16 ubuntu-xps13 systemd-udevd[553]: maximum number (16) of children reached
Sep 30 19:16:16 ubuntu-xps13 systemd-udevd[553]: maximum number (16) of children reached
Sep 30 19:16:16 ubuntu-xps13 systemd-udevd[553]: passed 185 byte device to netlink monitor 0x55a3a1bceb90
Sep 30 19:16:16 ubuntu-xps13 systemd-udevd[555]: seq 1979 running
Sep 30 19:16:16 ubuntu-xps13 systemd-udevd[553]: maximum number (16) of children reached
Sep 30 19:16:16 ubuntu-xps13 systemd-udevd[553]: maximum number (16) of children reached
Sep 30 19:16:16 ubuntu-xps13 systemd-udevd[553]: maximum number (16) of children reached
Sep 30 19:16:16 ubuntu-xps13 systemd-udevd[553]: maximum number (16) of children reached
Sep 30 19:16:16 ubuntu-xps13 systemd-udevd[553]: maximum number (16) of children reached
Sep 30 19:16:16 ubuntu-xps13 systemd-udevd[553]: maximum number (16) of children reached
Sep 30 19:16:16 ubuntu-xps13 systemd-udevd[553]: maximum number (16) of children reached
Sep 30 19:16:16 ubuntu-xps13 systemd-udevd[553]: maximum number (16) of children reached
Sep 30 19:16:16 ubuntu-xps13 systemd-udevd[553]: maximum number (16) of children reached
Sep 30 19:16:16 ubuntu-xps13 systemd-udevd[553]: maximum number (16) of children reached
Sep 30 19:16:16 ubuntu-xps13 systemd-udevd[553]: maximum number (16) of children reached
Sep 30 19:16:16 ubuntu-xps13 systemd-udevd[565]: value '[dmi/id]sys_vendor' is 'Dell Inc.'
Sep 30 19:16:16 ubuntu-xps13 systemd-udevd[553]: seq 1998 queued, 'add' 'cgroup'
Sep 30 19:16:16 ubuntu-xps13 systemd-udevd[553]: maximum number (16) of children reached
Sep 30 19:16:16 ubuntu-xps13 systemd-udevd[553]: maximum number (16) of children reached
Sep 30 19:16:16 ubuntu-xps13 systemd-udevd[553]: maximum number (16) of children reached
Sep 30 19:16:16 ubuntu-xps13 systemd-udevd[553]: maximum number (16) of children reached
Sep 30 19:16:16 ubuntu-xps13 systemd-udevd[553]: maximum number (16) of children reached
Sep 30 19:16:16 ubuntu-xps13 systemd-udevd[553]: maximum number (16) of children reached
Sep 30 19:16:16 ubuntu-xps13 systemd-udevd[553]: maximum number (16) of children reached
Sep 30 19:16:16 ubuntu-xps13 systemd-udevd[553]: maximum number (16) of children reached
Sep 30 19:16:16 ubuntu-xps13 systemd-udevd[553]: maximum number (16) of children reached
Sep 30 19:16:16 ubuntu-xps13 systemd-udevd[565]: value '[dmi/id]sys_vendor' is 'Dell Inc.'
Sep 30 19:16:16 ubuntu-xps13 systemd-udevd[553]: maximum number (16) of children reached
Sep 30 19:16:16 ubuntu-xps13 systemd-udevd[553]: maximum number (16) of children reached
Sep 30 19:16:16 ubuntu-xps13 systemd-udevd[553]: maximum number (16) of children reached
Sep 30 19:16:16 ubuntu-xps13 systemd-udevd[555]: value '[dmi/id]sys_vendor' is 'Dell Inc.'
Sep 30 19:16:16 ubuntu-xps13 systemd-udevd[553]: seq 1999 queued, 'add' 'cgroup'
Sep 30 19:16:16 ubuntu-xps13 systemd-udevd[553]: maximum number (16) of children reached
Sep 30 19:16:16 ubuntu-xps13 systemd-udevd[553]: maximum number (16) of children reached
Sep 30 19:16:16 ubuntu-xps13 systemd-udevd[555]: value '[dmi/id]sys_vendor' is 'Dell Inc.'
Sep 30 19:16:16 ubuntu-xps13 systemd-udevd[553]: maximum number (16) of children reached
Sep 30 19:16:16 ubuntu-xps13 systemd-udevd[553]: maximum number (16) of children reached
Sep 30 19:16:16 ubuntu-xps13 systemd-udevd[553]: maximum number (16) of children reached
Sep 30 19:16:16 ubuntu-xps13 systemd-udevd[553]: maximum number (16) of children reached
Sep 30 19:16:16 ubuntu-xps13 systemd-udevd[553]: maximum number (16) of children reached
Sep 30 19:16:16 ubuntu-xps13 systemd-udevd[553]: maximum number (16) of children reached
Sep 30 19:16:16 ubuntu-xps13 systemd-udevd[553]: maximum number (16) of children reached
Sep 30 19:16:16 ubuntu-xps13 systemd-udevd[553]: maximum number (16) of children reached
Sep 30 19:16:16 ubuntu-xps13 systemd-udevd[553]: maximum number (16) of children reached
Sep 30 19:16:16 ubuntu-xps13 systemd-udevd[553]: maximum number (16) of children reached
Sep 30 19:16:16 ubuntu-xps13 systemd-udevd[553]: maximum number (16) of children reached
Sep 30 19:16:16 ubuntu-xps13 systemd-udevd[553]: seq 2000 queued, 'add' 'cgroup'
Sep 30 19:16:16 ubuntu-xps13 systemd-udevd[553]: maximum number (16) of children reached
Sep 30 19:16:16 ubuntu-xps13 systemd-udevd[553]: maximum number (16) of children reached
Sep 30 19:16:16 ubuntu-xps13 systemd-udevd[553]: maximum number (16) of children reached
Sep 30 19:16:16 ubuntu-xps13 systemd-udevd[553]: maximum number (16) of children reached
Sep 30 19:16:16 ubuntu-xps13 systemd-udevd[553]: maximum number (16) of children reached
Sep 30 19:16:16 ubuntu-xps13 systemd-udevd[553]: maximum number (16) of children reached
Sep 30 19:16:16 ubuntu-xps13 systemd-udevd[553]: maximum number (16) of children reached
Sep 30 19:16:16 ubuntu-xps13 systemd-udevd[563]: seq 1982 running
Sep 30 19:16:16 ubuntu-xps13 systemd-udevd[555]: passed device to netlink monitor 0x55a3a1bcd880
Sep 30 19:16:16 ubuntu-xps13 systemd-udevd[555]: seq 1979 processed
Sep 30 19:16:16 ubuntu-xps13 systemd-udevd[561]: seq 1980 running
Sep 30 19:16:16 ubuntu-xps13 systemd-udevd[563]: value '[dmi/id]sys_vendor' is 'Dell Inc.'
Sep 30 19:16:16 ubuntu-xps13 systemd-udevd[563]: value '[dmi/id]sys_vendor' is 'Dell Inc.'
Sep 30 19:16:16 ubuntu-xps13 systemd-udevd[559]: seq 1981 running
Sep 30 19:16:16 ubuntu-xps13 systemd-udevd[570]: seq 1975 running
Sep 30 19:16:16 ubuntu-xps13 systemd-udevd[563]: passed device to netlink monitor 0x55a3a1bcadc0
Sep 30 19:16:16 ubuntu-xps13 systemd-udevd[563]: seq 1982 processed
Sep 30 19:16:16 ubuntu-xps13 systemd-udevd[560]: seq 1985 running
Sep 30 19:16:16 ubuntu-xps13 systemd-udevd[559]: value '[dmi/id]sys_vendor' is 'Dell Inc.'
Sep 30 19:16:16 ubuntu-xps13 systemd-udevd[559]: value '[dmi/id]sys_vendor' is 'Dell Inc.'
Sep 30 19:16:16 ubuntu-xps13 systemd-udevd[570]: value '[dmi/id]sys_vendor' is 'Dell Inc.'
Sep 30 19:16:16 ubuntu-xps13 systemd-udevd[560]: value '[dmi/id]sys_vendor' is 'Dell Inc.'
Sep 30 19:16:16 ubuntu-xps13 systemd-udevd[570]: value '[dmi/id]sys_vendor' is 'Dell Inc.'
Sep 30 19:16:16 ubuntu-xps13 systemd-udevd[560]: value '[dmi/id]sys_vendor' is 'Dell Inc.'
Sep 30 19:16:16 ubuntu-xps13 systemd-udevd[559]: passed device to netlink monitor 0x55a3a1b949b0
Sep 30 19:16:16 ubuntu-xps13 systemd-udevd[559]: seq 1981 processed
Sep 30 19:16:16 ubuntu-xps13 systemd-udevd[561]: value '[dmi/id]sys_vendor' is 'Dell Inc.'
Sep 30 19:16:16 ubuntu-xps13 systemd-udevd[561]: value '[dmi/id]sys_vendor' is 'Dell Inc.'
Sep 30 19:16:16 ubuntu-xps13 systemd-udevd[570]: passed device to netlink monitor 0x55a3a1bc59e0
Sep 30 19:16:16 ubuntu-xps13 systemd-udevd[570]: seq 1975 processed
Sep 30 19:16:16 ubuntu-xps13 systemd[1]: Started Remount Root and Kernel File Systems. -- Subject: Unit systemd-remount-fs.service has finished start-up -- Defined-By: systemd -- Support: http://www.ubuntu.com/support -- -- Unit systemd-remount-fs.service has finished starting up. -- -- The start-up result is done.
Sep 30 19:16:16 ubuntu-xps13 systemd-udevd[560]: passed device to netlink monitor 0x55a3a1bb0ee0
Sep 30 19:16:16 ubuntu-xps13 systemd-udevd[560]: seq 1985 processed
Sep 30 19:16:16 ubuntu-xps13 systemd-udevd[565]: passed device to netlink monitor 0x55a3a1b8c570
Sep 30 19:16:16 ubuntu-xps13 systemd-udevd[565]: seq 1967 processed
Sep 30 19:16:16 ubuntu-xps13 systemd-udevd[554]: seq 1984 running
Sep 30 19:16:16 ubuntu-xps13 systemd-udevd[561]: passed device to netlink monitor 0x55a3a1bccbf0
Sep 30 19:16:16 ubuntu-xps13 systemd-udevd[561]: seq 1980 processed
Sep 30 19:16:16 ubuntu-xps13 systemd-udevd[554]: value '[dmi/id]sys_vendor' is 'Dell Inc.'
Sep 30 19:16:16 ubuntu-xps13 systemd-udevd[554]: value '[dmi/id]sys_vendor' is 'Dell Inc.'
Sep 30 19:16:16 ubuntu-xps13 systemd-udevd[568]: seq 1972 running
Sep 30 19:16:16 ubuntu-xps13 systemd-udevd[554]: passed device to netlink monitor 0x55a3a1bc5400
Sep 30 19:16:16 ubuntu-xps13 systemd-udevd[554]: seq 1984 processed
Sep 30 19:16:16 ubuntu-xps13 systemd-udevd[557]: seq 1986 running
Sep 30 19:16:16 ubuntu-xps13 systemd-udevd[568]: value '[dmi/id]sys_vendor' is 'Dell Inc.'
Sep 30 19:16:16 ubuntu-xps13 systemd-udevd[557]: value '[dmi/id]sys_vendor' is 'Dell Inc.'
Sep 30 19:16:16 ubuntu-xps13 systemd-udevd[568]: value '[dmi/id]sys_vendor' is 'Dell Inc.'
Sep 30 19:16:16 ubuntu-xps13 systemd-udevd[557]: value '[dmi/id]sys_vendor' is 'Dell Inc.'
Sep 30 19:16:16 ubuntu-xps13 systemd-udevd[568]: passed device to netlink monitor 0x55a3a1bae6d0
Sep 30 19:16:16 ubuntu-xps13 systemd-udevd[568]: seq 1972 processed
Sep 30 19:16:16 ubuntu-xps13 systemd-udevd[557]: passed device to netlink monitor 0x55a3a1ba2550
Sep 30 19:16:16 ubuntu-xps13 systemd-udevd[557]: seq 1986 processed
Sep 30 19:16:16 ubuntu-xps13 systemd-udevd[558]: seq 1983 running
Sep 30 19:16:16 ubuntu-xps13 systemd-udevd[558]: value '[dmi/id]sys_vendor' is 'Dell Inc.'
Sep 30 19:16:16 ubuntu-xps13 systemd-udevd[558]: value '[dmi/id]sys_vendor' is 'Dell Inc.'
Sep 30 19:16:16 ubuntu-xps13 systemd[1]: Starting Initial Check File System Quotas... -- Subject: Unit quota.service has begun start-up -- Defined-By: systemd -- Support: http://www.ubuntu.com/support -- -- Unit quota.service has begun starting up.
Sep 30 19:16:16 ubuntu-xps13 systemd[1]: Reached target Local File Systems (Pre). -- Subject: Unit local-fs-pre.target has finished start-up -- Defined-By: systemd -- Support: http://www.ubuntu.com/support -- -- Unit local-fs-pre.target has finished starting up. -- -- The start-up result is done.
Sep 30 19:16:16 ubuntu-xps13 systemd-udevd[558]: passed device to netlink monitor 0x55a3a1b89bc0
Sep 30 19:16:16 ubuntu-xps13 systemd-udevd[558]: seq 1983 processed
Sep 30 19:16:16 ubuntu-xps13 systemd-udevd[553]: maximum number (16) of children reached
Sep 30 19:16:16 ubuntu-xps13 systemd-udevd[553]: maximum number (16) of children reached
Sep 30 19:16:16 ubuntu-xps13 systemd-udevd[553]: maximum number (16) of children reached
Sep 30 19:16:16 ubuntu-xps13 systemd-udevd[553]: maximum number (16) of children reached
Sep 30 19:16:16 ubuntu-xps13 systemd-udevd[553]: maximum number (16) of children reached
Sep 30 19:16:16 ubuntu-xps13 systemd-udevd[553]: maximum number (16) of children reached
Sep 30 19:16:16 ubuntu-xps13 systemd-udevd[553]: maximum number (16) of children reached
Sep 30 19:16:16 ubuntu-xps13 systemd-udevd[553]: passed 190 byte device to netlink monitor 0x55a3a1bceb90
Sep 30 19:16:16 ubuntu-xps13 systemd-udevd[553]: passed 195 byte device to netlink monitor 0x55a3a1bceb90
Sep 30 19:16:16 ubuntu-xps13 systemd-udevd[553]: passed 201 byte device to netlink monitor 0x55a3a1bceb90
Sep 30 19:16:16 ubuntu-xps13 systemd-udevd[553]: passed 201 byte device to netlink monitor 0x55a3a1bceb90
Sep 30 19:16:16 ubuntu-xps13 systemd-udevd[553]: passed 190 byte device to netlink monitor 0x55a3a1bceb90
Sep 30 19:16:16 ubuntu-xps13 systemd-udevd[553]: passed 181 byte device to netlink monitor 0x55a3a1bceb90
Sep 30 19:16:16 ubuntu-xps13 systemd-udevd[553]: passed 183 byte device to netlink monitor 0x55a3a1bceb90
Sep 30 19:16:16 ubuntu-xps13 systemd-udevd[553]: passed 169 byte device to netlink monitor 0x55a3a1bceb90
Sep 30 19:16:16 ubuntu-xps13 systemd-udevd[553]: passed 193 byte device to netlink monitor 0x55a3a1bceb90
Sep 30 19:16:16 ubuntu-xps13 systemd-udevd[553]: passed 197 byte device to netlink monitor 0x55a3a1bceb90
Sep 30 19:16:16 ubuntu-xps13 systemd-udevd[553]: passed 183 byte device to netlink monitor 0x55a3a1bceb90
Sep 30 19:16:16 ubuntu-xps13 systemd-udevd[553]: maximum number (16) of children reached
Sep 30 19:16:16 ubuntu-xps13 systemd-udevd[553]: maximum number (16) of children reached
Sep 30 19:16:16 ubuntu-xps13 systemd-udevd[553]: maximum number (16) of children reached
Sep 30 19:16:16 ubuntu-xps13 systemd-udevd[553]: seq 2001 queued, 'add' 'cgroup'
Sep 30 19:16:16 ubuntu-xps13 systemd-udevd[553]: maximum number (16) of children reached
Sep 30 19:16:16 ubuntu-xps13 systemd-udevd[553]: maximum number (16) of children reached
Sep 30 19:16:16 ubuntu-xps13 systemd-udevd[553]: maximum number (16) of children reached
Sep 30 19:16:16 ubuntu-xps13 systemd-udevd[553]: maximum number (16) of children reached
Sep 30 19:16:16 ubuntu-xps13 systemd-udevd[553]: seq 2002 queued, 'add' 'cgroup'
Sep 30 19:16:16 ubuntu-xps13 systemd-udevd[553]: maximum number (16) of children reached
Sep 30 19:16:16 ubuntu-xps13 systemd-udevd[553]: maximum number (16) of children reached
Sep 30 19:16:16 ubuntu-xps13 systemd-udevd[553]: maximum number (16) of children reached
Sep 30 19:16:16 ubuntu-xps13 systemd-udevd[553]: maximum number (16) of children reached
Sep 30 19:16:16 ubuntu-xps13 systemd-udevd[553]: maximum number (16) of children reached
Sep 30 19:16:16 ubuntu-xps13 systemd-udevd[553]: seq 2003 queued, 'add' 'cgroup'
Sep 30 19:16:16 ubuntu-xps13 systemd-udevd[553]: maximum number (16) of children reached
Sep 30 19:16:16 ubuntu-xps13 systemd-udevd[553]: maximum number (16) of children reached
Sep 30 19:16:16 ubuntu-xps13 systemd-udevd[553]: maximum number (16) of children reached
Sep 30 19:16:16 ubuntu-xps13 systemd-udevd[553]: maximum number (16) of children reached
Sep 30 19:16:16 ubuntu-xps13 systemd-udevd[553]: maximum number (16) of children reached
Sep 30 19:16:16 ubuntu-xps13 systemd-udevd[553]: maximum number (16) of children reached
Sep 30 19:16:16 ubuntu-xps13 systemd-udevd[553]: seq 2004 queued, 'add' 'cgroup'
Sep 30 19:16:16 ubuntu-xps13 systemd-udevd[553]: maximum number (16) of children reached
Sep 30 19:16:16 ubuntu-xps13 systemd-udevd[553]: maximum number (16) of children reached
Sep 30 19:16:16 ubuntu-xps13 systemd-udevd[553]: maximum number (16) of children reached
Sep 30 19:16:16 ubuntu-xps13 systemd-udevd[553]: maximum number (16) of children reached
Sep 30 19:16:16 ubuntu-xps13 systemd-udevd[553]: maximum number (16) of children reached
Sep 30 19:16:16 ubuntu-xps13 systemd-udevd[553]: maximum number (16) of children reached
Sep 30 19:16:16 ubuntu-xps13 systemd-udevd[553]: maximum number (16) of children reached
Sep 30 19:16:16 ubuntu-xps13 systemd-udevd[553]: seq 2005 queued, 'add' 'cgroup'
Sep 30 19:16:16 ubuntu-xps13 systemd-udevd[564]: seq 1962 running
Sep 30 19:16:16 ubuntu-xps13 systemd-udevd[563]: seq 1987 running
Sep 30 19:16:16 ubuntu-xps13 systemd-udevd[563]: value '[dmi/id]sys_vendor' is 'Dell Inc.'
Sep 30 19:16:16 ubuntu-xps13 systemd-udevd[569]: seq 1973 running
Sep 30 19:16:16 ubuntu-xps13 systemd-udevd[569]: value '[dmi/id]sys_vendor' is 'Dell Inc.'
Sep 30 19:16:16 ubuntu-xps13 systemd-udevd[571]: seq 1977 running
Sep 30 19:16:16 ubuntu-xps13 systemd-udevd[571]: value '[dmi/id]sys_vendor' is 'Dell Inc.'
Sep 30 19:16:16 ubuntu-xps13 systemd-udevd[571]: value '[dmi/id]sys_vendor' is 'Dell Inc.'
Sep 30 19:16:16 ubuntu-xps13 systemd-udevd[571]: passed device to netlink monitor 0x55a3a1bc6f50
Sep 30 19:16:16 ubuntu-xps13 systemd-udevd[571]: seq 1977 processed
Sep 30 19:16:16 ubuntu-xps13 systemd-udevd[559]: seq 1996 running
Sep 30 19:16:16 ubuntu-xps13 systemd[1]: Starting Flush Journal to Persistent Storage... -- Subject: Unit systemd-journal-flush.service has begun start-up -- Defined-By: systemd -- Support: http://www.ubuntu.com/support -- -- Unit systemd-journal-flush.service has begun starting up.
Sep 30 19:16:16 ubuntu-xps13 systemd-udevd[568]: seq 1992 running
Sep 30 19:16:16 ubuntu-xps13 systemd-udevd[564]: value '[dmi/id]sys_vendor' is 'Dell Inc.'
Sep 30 19:16:16 ubuntu-xps13 systemd-udevd[566]: seq 1968 running
Sep 30 19:16:16 ubuntu-xps13 systemd-udevd[563]: value '[dmi/id]sys_vendor' is 'Dell Inc.'
Sep 30 19:16:16 ubuntu-xps13 systemd-udevd[563]: passed device to netlink monitor 0x55a3a1bcadc0
Sep 30 19:16:16 ubuntu-xps13 systemd-udevd[560]: seq 1995 running
Sep 30 19:16:16 ubuntu-xps13 systemd-udevd[567]: seq 1970 running
Sep 30 19:16:16 ubuntu-xps13 systemd-udevd[567]: value '[dmi/id]sys_vendor' is 'Dell Inc.'
Sep 30 19:16:16 ubuntu-xps13 systemd-udevd[567]: value '[dmi/id]sys_vendor' is 'Dell Inc.'
Sep 30 19:16:16 ubuntu-xps13 systemd-udevd[567]: passed device to netlink monitor 0x55a3a1bad4b0
Sep 30 19:16:16 ubuntu-xps13 systemd-udevd[567]: seq 1970 processed
Sep 30 19:16:16 ubuntu-xps13 systemd-udevd[569]: value '[dmi/id]sys_vendor' is 'Dell Inc.'
Sep 30 19:16:16 ubuntu-xps13 systemd[1]: Starting Load/Save Random Seed... -- Subject: Unit systemd-random-seed.service has begun start-up -- Defined-By: systemd -- Support: http://www.ubuntu.com/support -- -- Unit systemd-random-seed.service has begun starting up.
Sep 30 19:16:16 ubuntu-xps13 systemd-udevd[569]: passed device to netlink monitor 0x55a3a1baf9b0
Sep 30 19:16:16 ubuntu-xps13 systemd-udevd[569]: seq 1973 processed
Sep 30 19:16:16 ubuntu-xps13 systemd-udevd[554]: seq 1993 running
Sep 30 19:16:16 ubuntu-xps13 systemd-udevd[557]: seq 1994 running
Sep 30 19:16:16 ubuntu-xps13 systemd-udevd[558]: seq 1988 running
Sep 30 19:16:16 ubuntu-xps13 systemd-udevd[557]: value '[dmi/id]sys_vendor' is 'Dell Inc.'
Sep 30 19:16:16 ubuntu-xps13 systemd-udevd[563]: seq 1987 processed
Sep 30 19:16:16 ubuntu-xps13 systemd-udevd[566]: value '[dmi/id]sys_vendor' is 'Dell Inc.'
Sep 30 19:16:16 ubuntu-xps13 systemd[1]: Starting udev Coldplug all Devices... -- Subject: Unit systemd-udev-trigger.service has begun start-up -- Defined-By: systemd -- Support: http://www.ubuntu.com/support -- -- Unit systemd-udev-trigger.service has begun starting up.
Sep 30 19:16:16 ubuntu-xps13 systemd-udevd[560]: value '[dmi/id]sys_vendor' is 'Dell Inc.'
Sep 30 19:16:16 ubuntu-xps13 systemd-udevd[560]: value '[dmi/id]sys_vendor' is 'Dell Inc.'
Sep 30 19:16:16 ubuntu-xps13 systemd-udevd[560]: passed device to netlink monitor 0x55a3a1bb0ee0
Sep 30 19:16:16 ubuntu-xps13 systemd-udevd[560]: seq 1995 processed
Sep 30 19:16:16 ubuntu-xps13 systemd-udevd[553]: maximum number (16) of children reached
Sep 30 19:16:16 ubuntu-xps13 systemd-udevd[553]: maximum number (16) of children reached
Sep 30 19:16:16 ubuntu-xps13 systemd-udevd[553]: maximum number (16) of children reached
Sep 30 19:16:16 ubuntu-xps13 systemd-udevd[559]: value '[dmi/id]sys_vendor' is 'Dell Inc.'
Sep 30 19:16:16 ubuntu-xps13 systemd-udevd[557]: value '[dmi/id]sys_vendor' is 'Dell Inc.'
Sep 30 19:16:16 ubuntu-xps13 systemd-udevd[568]: value '[dmi/id]sys_vendor' is 'Dell Inc.'
Sep 30 19:16:16 ubuntu-xps13 systemd-udevd[564]: value '[dmi/id]sys_vendor' is 'Dell Inc.'
Sep 30 19:16:16 ubuntu-xps13 systemd-udevd[566]: value '[dmi/id]sys_vendor' is 'Dell Inc.'
Sep 30 19:16:16 ubuntu-xps13 systemd-udevd[566]: passed device to netlink monitor 0x55a3a1b8d7a0
Sep 30 19:16:16 ubuntu-xps13 systemd-udevd[554]: value '[dmi/id]sys_vendor' is 'Dell Inc.'
Sep 30 19:16:16 ubuntu-xps13 systemd-udevd[558]: value '[dmi/id]sys_vendor' is 'Dell Inc.'
Sep 30 19:16:16 ubuntu-xps13 systemd-udevd[565]: seq 1989 running
Sep 30 19:16:16 ubuntu-xps13 systemd-udevd[565]: value '[dmi/id]sys_vendor' is 'Dell Inc.'
Sep 30 19:16:16 ubuntu-xps13 systemd-udevd[570]: seq 1991 running
Sep 30 19:16:16 ubuntu-xps13 systemd-udevd[570]: value '[dmi/id]sys_vendor' is 'Dell Inc.'
Sep 30 19:16:16 ubuntu-xps13 systemd[1]: Started Load/Save Random Seed. -- Subject: Unit systemd-random-seed.service has finished start-up -- Defined-By: systemd -- Support: http://www.ubuntu.com/support -- -- Unit systemd-random-seed.service has finished starting up. -- -- The start-up result is done.
Sep 30 19:16:16 ubuntu-xps13 systemd-udevd[559]: value '[dmi/id]sys_vendor' is 'Dell Inc.'
Sep 30 19:16:16 ubuntu-xps13 systemd-udevd[559]: passed device to netlink monitor 0x55a3a1b949b0
Sep 30 19:16:16 ubuntu-xps13 systemd-udevd[568]: value '[dmi/id]sys_vendor' is 'Dell Inc.'
Sep 30 19:16:16 ubuntu-xps13 systemd-udevd[568]: passed device to netlink monitor 0x55a3a1bae6d0
Sep 30 19:16:16 ubuntu-xps13 systemd-udevd[566]: seq 1968 processed
Sep 30 19:16:16 ubuntu-xps13 systemd-udevd[554]: value '[dmi/id]sys_vendor' is 'Dell Inc.'
Sep 30 19:16:16 ubuntu-xps13 systemd-udevd[554]: passed device to netlink monitor 0x55a3a1bc5400
Sep 30 19:16:16 ubuntu-xps13 systemd-udevd[565]: value '[dmi/id]sys_vendor' is 'Dell Inc.'
Sep 30 19:16:16 ubuntu-xps13 systemd-udevd[565]: passed device to netlink monitor 0x55a3a1b8c570
Sep 30 19:16:16 ubuntu-xps13 systemd-udevd[559]: seq 1996 processed
Sep 30 19:16:16 ubuntu-xps13 systemd-udevd[568]: seq 1992 processed
Sep 30 19:16:16 ubuntu-xps13 systemd-udevd[554]: seq 1993 processed
Sep 30 19:16:16 ubuntu-xps13 systemd-udevd[565]: seq 1989 processed
Sep 30 19:16:16 ubuntu-xps13 systemd-udevd[553]: maximum number (16) of children reached
Sep 30 19:16:16 ubuntu-xps13 systemd-udevd[553]: maximum number (16) of children reached
Sep 30 19:16:16 ubuntu-xps13 systemd-udevd[553]: maximum number (16) of children reached
Sep 30 19:16:16 ubuntu-xps13 systemd-udevd[553]: maximum number (16) of children reached
Sep 30 19:16:16 ubuntu-xps13 systemd-udevd[553]: maximum number (16) of children reached
Sep 30 19:16:16 ubuntu-xps13 systemd-udevd[553]: passed 172 byte device to netlink monitor 0x55a3a1bceb90
Sep 30 19:16:16 ubuntu-xps13 systemd-udevd[553]: passed 172 byte device to netlink monitor 0x55a3a1bceb90
Sep 30 19:16:16 ubuntu-xps13 systemd-udevd[553]: passed 173 byte device to netlink monitor 0x55a3a1bceb90
Sep 30 19:16:16 ubuntu-xps13 systemd-udevd[565]: seq 2000 running
Sep 30 19:16:16 ubuntu-xps13 systemd-udevd[565]: value '[dmi/id]sys_vendor' is 'Dell Inc.'
Sep 30 19:16:16 ubuntu-xps13 systemd-udevd[558]: value '[dmi/id]sys_vendor' is 'Dell Inc.'
Sep 30 19:16:16 ubuntu-xps13 systemd-udevd[558]: passed device to netlink monitor 0x55a3a1b89bc0
Sep 30 19:16:16 ubuntu-xps13 systemd-udevd[555]: seq 1990 running
Sep 30 19:16:16 ubuntu-xps13 systemd-udevd[555]: value '[dmi/id]sys_vendor' is 'Dell Inc.'
Sep 30 19:16:16 ubuntu-xps13 systemd-udevd[570]: value '[dmi/id]sys_vendor' is 'Dell Inc.'
Sep 30 19:16:16 ubuntu-xps13 systemd-udevd[568]: seq 2001 running
Sep 30 19:16:16 ubuntu-xps13 systemd-udevd[568]: value '[dmi/id]sys_vendor' is 'Dell Inc.'
Sep 30 19:16:16 ubuntu-xps13 systemd-udevd[564]: passed device to netlink monitor 0x55a3a1bc8190
Sep 30 19:16:16 ubuntu-xps13 systemd-udevd[567]: seq 1999 running
Sep 30 19:16:16 ubuntu-xps13 systemd-udevd[567]: value '[dmi/id]sys_vendor' is 'Dell Inc.'
Sep 30 19:16:16 ubuntu-xps13 systemd-udevd[555]: value '[dmi/id]sys_vendor' is 'Dell Inc.'
Sep 30 19:16:16 ubuntu-xps13 systemd-udevd[555]: passed device to netlink monitor 0x55a3a1bcd880
Sep 30 19:16:16 ubuntu-xps13 systemd-udevd[568]: value '[dmi/id]sys_vendor' is 'Dell Inc.'
Sep 30 19:16:16 ubuntu-xps13 systemd-udevd[568]: passed device to netlink monitor 0x55a3a1bae6d0
Sep 30 19:16:16 ubuntu-xps13 systemd-udevd[567]: value '[dmi/id]sys_vendor' is 'Dell Inc.'
Sep 30 19:16:16 ubuntu-xps13 systemd-udevd[567]: passed device to netlink monitor 0x55a3a1bad4b0
Sep 30 19:16:16 ubuntu-xps13 systemd-udevd[568]: seq 2001 processed
Sep 30 19:16:16 ubuntu-xps13 systemd-udevd[567]: seq 1999 processed
Sep 30 19:16:16 ubuntu-xps13 systemd-udevd[563]: seq 1998 running
Sep 30 19:16:16 ubuntu-xps13 systemd-udevd[563]: value '[dmi/id]sys_vendor' is 'Dell Inc.'
Sep 30 19:16:16 ubuntu-xps13 systemd-udevd[563]: value '[dmi/id]sys_vendor' is 'Dell Inc.'
Sep 30 19:16:16 ubuntu-xps13 systemd[1]: Started Flush Journal to Persistent Storage. -- Subject: Unit systemd-journal-flush.service has finished start-up -- Defined-By: systemd -- Support: http://www.ubuntu.com/support -- -- Unit systemd-journal-flush.service has finished starting up. -- -- The start-up result is done.
Sep 30 19:16:16 ubuntu-xps13 systemd-udevd[563]: passed device to netlink monitor 0x55a3a1bcadc0
Sep 30 19:16:16 ubuntu-xps13 systemd-udevd[563]: seq 1998 processed
Sep 30 19:16:16 ubuntu-xps13 systemd-udevd[553]: passed 193 byte device to netlink monitor 0x55a3a1bceb90
Sep 30 19:16:16 ubuntu-xps13 systemd-udevd[553]: passed 197 byte device to netlink monitor 0x55a3a1bceb90
Sep 30 19:16:16 ubuntu-xps13 systemd-udevd[553]: passed 194 byte device to netlink monitor 0x55a3a1bceb90
Sep 30 19:16:16 ubuntu-xps13 systemd-udevd[553]: passed 207 byte device to netlink monitor 0x55a3a1bceb90
Sep 30 19:16:16 ubuntu-xps13 systemd-udevd[553]: passed 195 byte device to netlink monitor 0x55a3a1bceb90
Sep 30 19:16:16 ubuntu-xps13 systemd-udevd[553]: seq 2006 queued, 'add' 'cgroup'
Sep 30 19:16:16 ubuntu-xps13 systemd-udevd[553]: passed 200 byte device to netlink monitor 0x55a3a1bceb90
Sep 30 19:16:16 ubuntu-xps13 systemd-udevd[553]: seq 2007 queued, 'add' 'cgroup'
Sep 30 19:16:17 ubuntu-xps13 systemd-udevd[553]: passed 170 byte device to netlink monitor 0x55a3a1bceb90
Sep 30 19:16:17 ubuntu-xps13 systemd-udevd[563]: seq 2007 running
Sep 30 19:16:17 ubuntu-xps13 systemd-udevd[560]: seq 2004 running
Sep 30 19:16:17 ubuntu-xps13 systemd-udevd[557]: passed device to netlink monitor 0x55a3a1ba2550
Sep 30 19:16:17 ubuntu-xps13 systemd-udevd[557]: seq 1994 processed
Sep 30 19:16:17 ubuntu-xps13 systemd-udevd[558]: seq 1988 processed
Sep 30 19:16:17 ubuntu-xps13 systemd-udevd[561]: seq 1997 running
Sep 30 19:16:17 ubuntu-xps13 systemd-udevd[570]: passed device to netlink monitor 0x55a3a1bc59e0
Sep 30 19:16:17 ubuntu-xps13 systemd-udevd[555]: seq 1990 processed
Sep 30 19:16:17 ubuntu-xps13 systemd-udevd[564]: seq 1962 processed
Sep 30 19:16:17 ubuntu-xps13 systemd-udevd[566]: seq 2003 running
Sep 30 19:16:17 ubuntu-xps13 systemd-udevd[559]: seq 2005 running
Sep 30 19:16:17 ubuntu-xps13 systemd-udevd[565]: value '[dmi/id]sys_vendor' is 'Dell Inc.'
Sep 30 19:16:17 ubuntu-xps13 systemd-udevd[565]: passed device to netlink monitor 0x55a3a1b8c570
Sep 30 19:16:17 ubuntu-xps13 systemd-udevd[553]: seq 2008 queued, 'add' 'cgroup'
Sep 30 19:16:17 ubuntu-xps13 systemd[1]: Started udev Coldplug all Devices. -- Subject: Unit systemd-udev-trigger.service has finished start-up -- Defined-By: systemd -- Support: http://www.ubuntu.com/support -- -- Unit systemd-udev-trigger.service has finished starting up. -- -- The start-up result is done.
Sep 30 19:16:17 ubuntu-xps13 systemd-udevd[563]: value '[dmi/id]sys_vendor' is 'Dell Inc.'
Sep 30 19:16:17 ubuntu-xps13 systemd-udevd[570]: seq 1991 processed
Sep 30 19:16:17 ubuntu-xps13 systemd-udevd[566]: value '[dmi/id]sys_vendor' is 'Dell Inc.'
Sep 30 19:16:17 ubuntu-xps13 systemd-udevd[566]: value '[dmi/id]sys_vendor' is 'Dell Inc.'
Sep 30 19:16:17 ubuntu-xps13 systemd-udevd[566]: passed device to netlink monitor 0x55a3a1b8d7a0
Sep 30 19:16:17 ubuntu-xps13 systemd-udevd[566]: seq 2003 processed
Sep 30 19:16:17 ubuntu-xps13 systemd-udevd[565]: seq 2000 processed
Sep 30 19:16:17 ubuntu-xps13 systemd-udevd[553]: passed 205 byte device to netlink monitor 0x55a3a1bceb90
Sep 30 19:16:17 ubuntu-xps13 systemd-udevd[553]: seq 2009 queued, 'add' 'cgroup'
Sep 30 19:16:17 ubuntu-xps13 systemd-udevd[567]: seq 2008 running
Sep 30 19:16:17 ubuntu-xps13 systemd-udevd[567]: value '[dmi/id]sys_vendor' is 'Dell Inc.'
Sep 30 19:16:17 ubuntu-xps13 systemd-udevd[567]: value '[dmi/id]sys_vendor' is 'Dell Inc.'
Sep 30 19:16:17 ubuntu-xps13 systemd-udevd[567]: passed device to netlink monitor 0x55a3a1bad4b0
Sep 30 19:16:17 ubuntu-xps13 systemd-udevd[558]: seq 2009 running
Sep 30 19:16:17 ubuntu-xps13 systemd-udevd[567]: seq 2008 processed
Sep 30 19:16:17 ubuntu-xps13 systemd-udevd[560]: value '[dmi/id]sys_vendor' is 'Dell Inc.'
Sep 30 19:16:17 ubuntu-xps13 systemd-udevd[560]: value '[dmi/id]sys_vendor' is 'Dell Inc.'
Sep 30 19:16:17 ubuntu-xps13 systemd-udevd[560]: passed device to netlink monitor 0x55a3a1bb0ee0
Sep 30 19:16:17 ubuntu-xps13 systemd-udevd[560]: seq 2004 processed
Sep 30 19:16:17 ubuntu-xps13 systemd-udevd[563]: value '[dmi/id]sys_vendor' is 'Dell Inc.'
Sep 30 19:16:17 ubuntu-xps13 systemd-udevd[553]: passed 171 byte device to netlink monitor 0x55a3a1bceb90
Sep 30 19:16:17 ubuntu-xps13 systemd-udevd[554]: seq 2002 running
Sep 30 19:16:17 ubuntu-xps13 systemd-udevd[554]: value '[dmi/id]sys_vendor' is 'Dell Inc.'
Sep 30 19:16:17 ubuntu-xps13 systemd-udevd[554]: value '[dmi/id]sys_vendor' is 'Dell Inc.'
Sep 30 19:16:17 ubuntu-xps13 systemd[1]: Starting Show Plymouth Boot Screen... -- Subject: Unit plymouth-start.service has begun start-up -- Defined-By: systemd -- Support: http://www.ubuntu.com/support -- -- Unit plymouth-start.service has begun starting up.
Sep 30 19:16:17 ubuntu-xps13 systemd-udevd[571]: seq 2006 running
Sep 30 19:16:17 ubuntu-xps13 systemd-udevd[554]: passed device to netlink monitor 0x55a3a1bc5400
Sep 30 19:16:17 ubuntu-xps13 systemd-udevd[563]: passed device to netlink monitor 0x55a3a1bcadc0
Sep 30 19:16:17 ubuntu-xps13 systemd-udevd[553]: seq 2010 queued, 'add' 'cgroup'
Sep 30 19:16:17 ubuntu-xps13 systemd-udevd[554]: seq 2002 processed
Sep 30 19:16:17 ubuntu-xps13 systemd-udevd[558]: value '[dmi/id]sys_vendor' is 'Dell Inc.'
Sep 30 19:16:17 ubuntu-xps13 systemd-udevd[561]: value '[dmi/id]sys_vendor' is 'Dell Inc.'
Sep 30 19:16:17 ubuntu-xps13 systemd-udevd[559]: value '[dmi/id]sys_vendor' is 'Dell Inc.'
Sep 30 19:16:17 ubuntu-xps13 systemd-udevd[571]: value '[dmi/id]sys_vendor' is 'Dell Inc.'
Sep 30 19:16:17 ubuntu-xps13 systemd-udevd[563]: seq 2007 processed
Sep 30 19:16:17 ubuntu-xps13 systemd-udevd[553]: passed 173 byte device to netlink monitor 0x55a3a1bceb90
Sep 30 19:16:17 ubuntu-xps13 systemd-udevd[567]: seq 2010 running
Sep 30 19:16:17 ubuntu-xps13 systemd-udevd[558]: value '[dmi/id]sys_vendor' is 'Dell Inc.'
Sep 30 19:16:17 ubuntu-xps13 systemd-udevd[561]: value '[dmi/id]sys_vendor' is 'Dell Inc.'
Sep 30 19:16:17 ubuntu-xps13 systemd-udevd[559]: value '[dmi/id]sys_vendor' is 'Dell Inc.'
Sep 30 19:16:17 ubuntu-xps13 systemd-udevd[571]: value '[dmi/id]sys_vendor' is 'Dell Inc.'
Sep 30 19:16:17 ubuntu-xps13 systemd-udevd[553]: seq 2011 queued, 'add' 'cgroup'
Sep 30 19:16:17 ubuntu-xps13 systemd-udevd[567]: value '[dmi/id]sys_vendor' is 'Dell Inc.'
Sep 30 19:16:17 ubuntu-xps13 systemd-udevd[558]: passed device to netlink monitor 0x55a3a1b89bc0
