Sep 30 19:17:45 ubuntu-xps13 systemd-udevd[638]: seq 2560 processed
Sep 30 19:17:45 ubuntu-xps13 systemd-udevd[553]: passed 190 byte device to netlink monitor 0x55a3a1bceb90
Sep 30 19:17:45 ubuntu-xps13 systemd-udevd[553]: seq 2565 queued, 'add' 'cgroup'
Sep 30 19:17:45 ubuntu-xps13 systemd-udevd[553]: passed 176 byte device to netlink monitor 0x55a3a1bceb90
Sep 30 19:17:45 ubuntu-xps13 systemd-udevd[553]: seq 2566 queued, 'add' 'cgroup'
Sep 30 19:17:45 ubuntu-xps13 systemd-udevd[553]: passed 180 byte device to netlink monitor 0x55a3a1bceb90
Sep 30 19:17:45 ubuntu-xps13 systemd-udevd[553]: seq 2567 queued, 'add' 'cgroup'
Sep 30 19:17:45 ubuntu-xps13 systemd-udevd[553]: passed 177 byte device to netlink monitor 0x55a3a1bceb90
Sep 30 19:17:45 ubuntu-xps13 systemd-udevd[553]: seq 2568 queued, 'add' 'cgroup'
Sep 30 19:17:45 ubuntu-xps13 systemd-udevd[653]: seq 2567 running
Sep 30 19:17:45 ubuntu-xps13 systemd-udevd[553]: passed 178 byte device to netlink monitor 0x55a3a1bceb90
Sep 30 19:17:45 ubuntu-xps13 systemd-udevd[553]: seq 2569 queued, 'add' 'cgroup'
Sep 30 19:17:45 ubuntu-xps13 systemd-udevd[648]: seq 2569 running
Sep 30 19:17:45 ubuntu-xps13 systemd-udevd[653]: value '[dmi/id]sys_vendor' is 'Dell Inc.'
Sep 30 19:17:45 ubuntu-xps13 systemd-udevd[653]: value '[dmi/id]sys_vendor' is 'Dell Inc.'
Sep 30 19:17:45 ubuntu-xps13 systemd-udevd[648]: value '[dmi/id]sys_vendor' is 'Dell Inc.'
Sep 30 19:17:45 ubuntu-xps13 systemd-udevd[648]: value '[dmi/id]sys_vendor' is 'Dell Inc.'
Sep 30 19:17:45 ubuntu-xps13 systemd-udevd[653]: passed device to netlink monitor 0x55a3a1bb1a40
Sep 30 19:17:45 ubuntu-xps13 systemd-udevd[653]: seq 2567 processed
Sep 30 19:17:45 ubuntu-xps13 systemd-udevd[648]: passed device to netlink monitor 0x55a3a1b951b0
Sep 30 19:17:45 ubuntu-xps13 systemd-udevd[648]: seq 2569 processed
Sep 30 19:17:45 ubuntu-xps13 systemd-udevd[640]: seq 2566 running
Sep 30 19:17:45 ubuntu-xps13 systemd-udevd[640]: value '[dmi/id]sys_vendor' is 'Dell Inc.'
Sep 30 19:17:45 ubuntu-xps13 systemd-udevd[640]: value '[dmi/id]sys_vendor' is 'Dell Inc.'
Sep 30 19:17:45 ubuntu-xps13 systemd-udevd[640]: passed device to netlink monitor 0x55a3a1bc1bb0
Sep 30 19:17:45 ubuntu-xps13 systemd-udevd[640]: seq 2566 processed
Sep 30 19:17:45 ubuntu-xps13 systemd-udevd[643]: seq 2568 running
Sep 30 19:17:45 ubuntu-xps13 systemd-udevd[643]: value '[dmi/id]sys_vendor' is 'Dell Inc.'
Sep 30 19:17:45 ubuntu-xps13 systemd-udevd[643]: value '[dmi/id]sys_vendor' is 'Dell Inc.'
Sep 30 19:17:45 ubuntu-xps13 systemd-udevd[643]: passed device to netlink monitor 0x55a3a1b8aba0
Sep 30 19:17:45 ubuntu-xps13 systemd-udevd[643]: seq 2568 processed
Sep 30 19:17:45 ubuntu-xps13 systemd-udevd[638]: seq 2565 running
Sep 30 19:17:45 ubuntu-xps13 systemd-udevd[638]: value '[dmi/id]sys_vendor' is 'Dell Inc.'
Sep 30 19:17:45 ubuntu-xps13 systemd-udevd[638]: value '[dmi/id]sys_vendor' is 'Dell Inc.'
Sep 30 19:17:45 ubuntu-xps13 systemd-udevd[638]: passed device to netlink monitor 0x55a3a1b8a6d0
Sep 30 19:17:45 ubuntu-xps13 systemd-udevd[638]: seq 2565 processed
Sep 30 19:17:45 ubuntu-xps13 systemd-udevd[553]: passed 183 byte device to netlink monitor 0x55a3a1bceb90
Sep 30 19:17:45 ubuntu-xps13 systemd-udevd[553]: seq 2570 queued, 'add' 'cgroup'
Sep 30 19:17:45 ubuntu-xps13 systemd-udevd[553]: passed 183 byte device to netlink monitor 0x55a3a1bceb90
Sep 30 19:17:45 ubuntu-xps13 systemd-udevd[638]: seq 2570 running
Sep 30 19:17:45 ubuntu-xps13 systemd-udevd[553]: seq 2571 queued, 'add' 'cgroup'
Sep 30 19:17:45 ubuntu-xps13 systemd-udevd[553]: passed 174 byte device to netlink monitor 0x55a3a1bceb90
Sep 30 19:17:45 ubuntu-xps13 systemd-udevd[553]: seq 2572 queued, 'add' 'cgroup'
Sep 30 19:17:45 ubuntu-xps13 systemd-udevd[553]: passed 190 byte device to netlink monitor 0x55a3a1bceb90
Sep 30 19:17:45 ubuntu-xps13 systemd-udevd[553]: seq 2573 queued, 'add' 'cgroup'
Sep 30 19:17:45 ubuntu-xps13 systemd-udevd[553]: passed 187 byte device to netlink monitor 0x55a3a1bceb90
Sep 30 19:17:45 ubuntu-xps13 systemd-udevd[638]: value '[dmi/id]sys_vendor' is 'Dell Inc.'
Sep 30 19:17:45 ubuntu-xps13 systemd-udevd[553]: seq 2574 queued, 'add' 'cgroup'
Sep 30 19:17:45 ubuntu-xps13 systemd-udevd[638]: value '[dmi/id]sys_vendor' is 'Dell Inc.'
Sep 30 19:17:45 ubuntu-xps13 systemd-udevd[648]: seq 2574 running
Sep 30 19:17:45 ubuntu-xps13 systemd-udevd[648]: value '[dmi/id]sys_vendor' is 'Dell Inc.'
Sep 30 19:17:45 ubuntu-xps13 systemd-udevd[638]: passed device to netlink monitor 0x55a3a1b8a6d0
Sep 30 19:17:45 ubuntu-xps13 systemd-udevd[648]: value '[dmi/id]sys_vendor' is 'Dell Inc.'
Sep 30 19:17:45 ubuntu-xps13 systemd-udevd[638]: seq 2570 processed
Sep 30 19:17:45 ubuntu-xps13 systemd-udevd[648]: passed device to netlink monitor 0x55a3a1b951b0
Sep 30 19:17:45 ubuntu-xps13 systemd-udevd[648]: seq 2574 processed
Sep 30 19:17:45 ubuntu-xps13 systemd-udevd[640]: seq 2571 running
Sep 30 19:17:45 ubuntu-xps13 systemd-udevd[640]: value '[dmi/id]sys_vendor' is 'Dell Inc.'
Sep 30 19:17:45 ubuntu-xps13 systemd-udevd[640]: value '[dmi/id]sys_vendor' is 'Dell Inc.'
Sep 30 19:17:45 ubuntu-xps13 systemd-udevd[643]: seq 2573 running
Sep 30 19:17:45 ubuntu-xps13 systemd-udevd[640]: passed device to netlink monitor 0x55a3a1bc1bb0
Sep 30 19:17:45 ubuntu-xps13 systemd-udevd[640]: seq 2571 processed
Sep 30 19:17:45 ubuntu-xps13 systemd-udevd[653]: seq 2572 running
Sep 30 19:17:45 ubuntu-xps13 systemd-udevd[643]: value '[dmi/id]sys_vendor' is 'Dell Inc.'
Sep 30 19:17:45 ubuntu-xps13 systemd-udevd[643]: value '[dmi/id]sys_vendor' is 'Dell Inc.'
Sep 30 19:17:45 ubuntu-xps13 systemd-udevd[653]: value '[dmi/id]sys_vendor' is 'Dell Inc.'
Sep 30 19:17:45 ubuntu-xps13 systemd-udevd[653]: value '[dmi/id]sys_vendor' is 'Dell Inc.'
Sep 30 19:17:45 ubuntu-xps13 systemd-udevd[643]: passed device to netlink monitor 0x55a3a1b8aba0
Sep 30 19:17:45 ubuntu-xps13 systemd-udevd[643]: seq 2573 processed
Sep 30 19:17:45 ubuntu-xps13 systemd-udevd[653]: passed device to netlink monitor 0x55a3a1bb1a40
Sep 30 19:17:45 ubuntu-xps13 systemd-udevd[653]: seq 2572 processed
Sep 30 19:17:45 ubuntu-xps13 systemd-udevd[553]: passed 178 byte device to netlink monitor 0x55a3a1bceb90
Sep 30 19:17:45 ubuntu-xps13 systemd-udevd[553]: seq 2575 queued, 'add' 'cgroup'
Sep 30 19:17:45 ubuntu-xps13 systemd-udevd[553]: passed 191 byte device to netlink monitor 0x55a3a1bceb90
Sep 30 19:17:45 ubuntu-xps13 systemd-udevd[638]: seq 2575 running
Sep 30 19:17:45 ubuntu-xps13 systemd-udevd[553]: seq 2576 queued, 'add' 'cgroup'
Sep 30 19:17:45 ubuntu-xps13 systemd-udevd[553]: passed 180 byte device to netlink monitor 0x55a3a1bceb90
Sep 30 19:17:45 ubuntu-xps13 systemd-udevd[553]: seq 2577 queued, 'add' 'cgroup'
Sep 30 19:17:45 ubuntu-xps13 systemd-udevd[553]: passed 178 byte device to netlink monitor 0x55a3a1bceb90
Sep 30 19:17:45 ubuntu-xps13 systemd-udevd[553]: seq 2578 queued, 'add' 'cgroup'
Sep 30 19:17:45 ubuntu-xps13 systemd-udevd[553]: passed 188 byte device to netlink monitor 0x55a3a1bceb90
Sep 30 19:17:45 ubuntu-xps13 systemd-udevd[638]: value '[dmi/id]sys_vendor' is 'Dell Inc.'
Sep 30 19:17:45 ubuntu-xps13 systemd-udevd[643]: seq 2578 running
Sep 30 19:17:45 ubuntu-xps13 systemd-udevd[553]: seq 2579 queued, 'add' 'cgroup'
Sep 30 19:17:45 ubuntu-xps13 systemd-udevd[638]: value '[dmi/id]sys_vendor' is 'Dell Inc.'
Sep 30 19:17:45 ubuntu-xps13 systemd-udevd[648]: seq 2579 running
Sep 30 19:17:45 ubuntu-xps13 systemd-udevd[643]: value '[dmi/id]sys_vendor' is 'Dell Inc.'
Sep 30 19:17:45 ubuntu-xps13 systemd-udevd[643]: value '[dmi/id]sys_vendor' is 'Dell Inc.'
Sep 30 19:17:45 ubuntu-xps13 systemd-udevd[648]: value '[dmi/id]sys_vendor' is 'Dell Inc.'
Sep 30 19:17:45 ubuntu-xps13 systemd-udevd[638]: passed device to netlink monitor 0x55a3a1b8a6d0
Sep 30 19:17:45 ubuntu-xps13 systemd-udevd[638]: seq 2575 processed
Sep 30 19:17:45 ubuntu-xps13 systemd-udevd[648]: value '[dmi/id]sys_vendor' is 'Dell Inc.'
Sep 30 19:17:45 ubuntu-xps13 systemd-udevd[643]: passed device to netlink monitor 0x55a3a1b8aba0
Sep 30 19:17:45 ubuntu-xps13 systemd-udevd[643]: seq 2578 processed
Sep 30 19:17:45 ubuntu-xps13 systemd-udevd[648]: passed device to netlink monitor 0x55a3a1b951b0
Sep 30 19:17:45 ubuntu-xps13 systemd-udevd[648]: seq 2579 processed
Sep 30 19:17:45 ubuntu-xps13 systemd-udevd[640]: seq 2576 running
Sep 30 19:17:45 ubuntu-xps13 systemd-udevd[640]: value '[dmi/id]sys_vendor' is 'Dell Inc.'
Sep 30 19:17:45 ubuntu-xps13 systemd-udevd[640]: value '[dmi/id]sys_vendor' is 'Dell Inc.'
Sep 30 19:17:45 ubuntu-xps13 systemd-udevd[640]: passed device to netlink monitor 0x55a3a1bc1bb0
Sep 30 19:17:45 ubuntu-xps13 systemd-udevd[640]: seq 2576 processed
Sep 30 19:17:45 ubuntu-xps13 systemd-udevd[653]: seq 2577 running
Sep 30 19:17:45 ubuntu-xps13 systemd-udevd[653]: value '[dmi/id]sys_vendor' is 'Dell Inc.'
Sep 30 19:17:45 ubuntu-xps13 systemd-udevd[653]: value '[dmi/id]sys_vendor' is 'Dell Inc.'
Sep 30 19:17:45 ubuntu-xps13 systemd-udevd[653]: passed device to netlink monitor 0x55a3a1bb1a40
Sep 30 19:17:45 ubuntu-xps13 systemd-udevd[653]: seq 2577 processed
Sep 30 19:17:45 ubuntu-xps13 systemd-udevd[553]: passed 179 byte device to netlink monitor 0x55a3a1bceb90
Sep 30 19:17:45 ubuntu-xps13 systemd-udevd[553]: seq 2580 queued, 'add' 'cgroup'
Sep 30 19:17:45 ubuntu-xps13 systemd-udevd[553]: passed 180 byte device to netlink monitor 0x55a3a1bceb90
Sep 30 19:17:45 ubuntu-xps13 systemd-udevd[638]: seq 2580 running
Sep 30 19:17:45 ubuntu-xps13 systemd-udevd[553]: seq 2581 queued, 'add' 'cgroup'
Sep 30 19:17:45 ubuntu-xps13 systemd-udevd[553]: passed 180 byte device to netlink monitor 0x55a3a1bceb90
Sep 30 19:17:45 ubuntu-xps13 systemd-udevd[553]: seq 2582 queued, 'add' 'cgroup'
Sep 30 19:17:45 ubuntu-xps13 systemd-udevd[553]: passed 180 byte device to netlink monitor 0x55a3a1bceb90
Sep 30 19:17:45 ubuntu-xps13 systemd-udevd[553]: seq 2583 queued, 'add' 'cgroup'
Sep 30 19:17:45 ubuntu-xps13 systemd-udevd[553]: passed 184 byte device to netlink monitor 0x55a3a1bceb90
Sep 30 19:17:45 ubuntu-xps13 systemd-udevd[638]: value '[dmi/id]sys_vendor' is 'Dell Inc.'
Sep 30 19:17:45 ubuntu-xps13 systemd-udevd[553]: seq 2584 queued, 'add' 'cgroup'
Sep 30 19:17:45 ubuntu-xps13 systemd-udevd[648]: seq 2584 running
Sep 30 19:17:45 ubuntu-xps13 systemd-udevd[638]: value '[dmi/id]sys_vendor' is 'Dell Inc.'
Sep 30 19:17:45 ubuntu-xps13 systemd-udevd[648]: value '[dmi/id]sys_vendor' is 'Dell Inc.'
Sep 30 19:17:45 ubuntu-xps13 systemd-udevd[648]: value '[dmi/id]sys_vendor' is 'Dell Inc.'
Sep 30 19:17:45 ubuntu-xps13 systemd-udevd[638]: passed device to netlink monitor 0x55a3a1b8a6d0
Sep 30 19:17:45 ubuntu-xps13 systemd-udevd[638]: seq 2580 processed
Sep 30 19:17:45 ubuntu-xps13 systemd-udevd[648]: passed device to netlink monitor 0x55a3a1b951b0
Sep 30 19:17:45 ubuntu-xps13 systemd-udevd[648]: seq 2584 processed
Sep 30 19:17:45 ubuntu-xps13 systemd-udevd[640]: seq 2581 running
Sep 30 19:17:45 ubuntu-xps13 systemd-udevd[640]: value '[dmi/id]sys_vendor' is 'Dell Inc.'
Sep 30 19:17:45 ubuntu-xps13 systemd-udevd[640]: value '[dmi/id]sys_vendor' is 'Dell Inc.'
Sep 30 19:17:45 ubuntu-xps13 systemd-udevd[640]: passed device to netlink monitor 0x55a3a1bc1bb0
Sep 30 19:17:45 ubuntu-xps13 systemd-udevd[640]: seq 2581 processed
Sep 30 19:17:45 ubuntu-xps13 systemd-udevd[643]: seq 2583 running
Sep 30 19:17:45 ubuntu-xps13 systemd-udevd[643]: value '[dmi/id]sys_vendor' is 'Dell Inc.'
Sep 30 19:17:45 ubuntu-xps13 systemd-udevd[643]: value '[dmi/id]sys_vendor' is 'Dell Inc.'
Sep 30 19:17:45 ubuntu-xps13 systemd-udevd[643]: passed device to netlink monitor 0x55a3a1b8aba0
Sep 30 19:17:45 ubuntu-xps13 systemd-udevd[643]: seq 2583 processed
Sep 30 19:17:45 ubuntu-xps13 systemd-udevd[653]: seq 2582 running
Sep 30 19:17:45 ubuntu-xps13 systemd-udevd[653]: value '[dmi/id]sys_vendor' is 'Dell Inc.'
Sep 30 19:17:45 ubuntu-xps13 systemd-udevd[553]: passed 181 byte device to netlink monitor 0x55a3a1bceb90
Sep 30 19:17:45 ubuntu-xps13 systemd-udevd[653]: value '[dmi/id]sys_vendor' is 'Dell Inc.'
Sep 30 19:17:45 ubuntu-xps13 systemd-udevd[553]: seq 2585 queued, 'add' 'cgroup'
Sep 30 19:17:45 ubuntu-xps13 systemd-udevd[553]: passed 172 byte device to netlink monitor 0x55a3a1bceb90
Sep 30 19:17:45 ubuntu-xps13 systemd-udevd[553]: seq 2586 queued, 'add' 'cgroup'
Sep 30 19:17:45 ubuntu-xps13 systemd-udevd[553]: passed 190 byte device to netlink monitor 0x55a3a1bceb90
Sep 30 19:17:45 ubuntu-xps13 systemd-udevd[653]: passed device to netlink monitor 0x55a3a1bb1a40
Sep 30 19:17:45 ubuntu-xps13 systemd-udevd[653]: seq 2582 processed
Sep 30 19:17:45 ubuntu-xps13 systemd-udevd[553]: seq 2587 queued, 'add' 'cgroup'
Sep 30 19:17:45 ubuntu-xps13 systemd-udevd[553]: passed 194 byte device to netlink monitor 0x55a3a1bceb90
Sep 30 19:17:45 ubuntu-xps13 systemd-udevd[640]: seq 2586 running
Sep 30 19:17:45 ubuntu-xps13 systemd-udevd[553]: seq 2588 queued, 'add' 'cgroup'
Sep 30 19:17:45 ubuntu-xps13 systemd-udevd[553]: passed 191 byte device to netlink monitor 0x55a3a1bceb90
Sep 30 19:17:45 ubuntu-xps13 systemd-udevd[553]: seq 2589 queued, 'add' 'cgroup'
Sep 30 19:17:45 ubuntu-xps13 systemd-udevd[648]: seq 2589 running
Sep 30 19:17:45 ubuntu-xps13 systemd-udevd[640]: value '[dmi/id]sys_vendor' is 'Dell Inc.'
Sep 30 19:17:45 ubuntu-xps13 systemd-udevd[640]: value '[dmi/id]sys_vendor' is 'Dell Inc.'
Sep 30 19:17:45 ubuntu-xps13 systemd-udevd[648]: value '[dmi/id]sys_vendor' is 'Dell Inc.'
Sep 30 19:17:45 ubuntu-xps13 systemd-udevd[648]: value '[dmi/id]sys_vendor' is 'Dell Inc.'
Sep 30 19:17:45 ubuntu-xps13 systemd-udevd[640]: passed device to netlink monitor 0x55a3a1bc1bb0
Sep 30 19:17:45 ubuntu-xps13 systemd-udevd[640]: seq 2586 processed
Sep 30 19:17:45 ubuntu-xps13 systemd-udevd[643]: seq 2587 running
Sep 30 19:17:45 ubuntu-xps13 systemd-udevd[648]: passed device to netlink monitor 0x55a3a1b951b0
Sep 30 19:17:45 ubuntu-xps13 systemd-udevd[648]: seq 2589 processed
Sep 30 19:17:45 ubuntu-xps13 systemd-udevd[653]: seq 2588 running
Sep 30 19:17:45 ubuntu-xps13 systemd-udevd[643]: value '[dmi/id]sys_vendor' is 'Dell Inc.'
Sep 30 19:17:45 ubuntu-xps13 systemd-udevd[643]: value '[dmi/id]sys_vendor' is 'Dell Inc.'
Sep 30 19:17:45 ubuntu-xps13 systemd-udevd[653]: value '[dmi/id]sys_vendor' is 'Dell Inc.'
Sep 30 19:17:45 ubuntu-xps13 systemd-udevd[653]: value '[dmi/id]sys_vendor' is 'Dell Inc.'
Sep 30 19:17:45 ubuntu-xps13 systemd-udevd[643]: passed device to netlink monitor 0x55a3a1b8aba0
Sep 30 19:17:45 ubuntu-xps13 systemd-udevd[643]: seq 2587 processed
Sep 30 19:17:45 ubuntu-xps13 systemd-udevd[638]: seq 2585 running
Sep 30 19:17:45 ubuntu-xps13 systemd-udevd[653]: passed device to netlink monitor 0x55a3a1bb1a40
Sep 30 19:17:45 ubuntu-xps13 systemd-udevd[653]: seq 2588 processed
Sep 30 19:17:45 ubuntu-xps13 systemd-udevd[553]: passed 192 byte device to netlink monitor 0x55a3a1bceb90
Sep 30 19:17:45 ubuntu-xps13 systemd-udevd[638]: value '[dmi/id]sys_vendor' is 'Dell Inc.'
Sep 30 19:17:45 ubuntu-xps13 systemd-udevd[553]: seq 2590 queued, 'add' 'cgroup'
Sep 30 19:17:45 ubuntu-xps13 systemd-udevd[638]: value '[dmi/id]sys_vendor' is 'Dell Inc.'
Sep 30 19:17:45 ubuntu-xps13 systemd-udevd[553]: passed 197 byte device to netlink monitor 0x55a3a1bceb90
Sep 30 19:17:45 ubuntu-xps13 systemd-udevd[553]: seq 2591 queued, 'add' 'cgroup'
Sep 30 19:17:45 ubuntu-xps13 systemd-udevd[553]: passed 197 byte device to netlink monitor 0x55a3a1bceb90
Sep 30 19:17:45 ubuntu-xps13 systemd-udevd[553]: seq 2592 queued, 'add' 'cgroup'
Sep 30 19:17:45 ubuntu-xps13 systemd-udevd[553]: passed 188 byte device to netlink monitor 0x55a3a1bceb90
Sep 30 19:17:45 ubuntu-xps13 systemd-udevd[553]: seq 2593 queued, 'add' 'cgroup'
Sep 30 19:17:45 ubuntu-xps13 systemd-udevd[638]: passed device to netlink monitor 0x55a3a1b8a6d0
Sep 30 19:17:45 ubuntu-xps13 systemd-udevd[638]: seq 2585 processed
Sep 30 19:17:45 ubuntu-xps13 systemd-udevd[648]: seq 2593 running
Sep 30 19:17:45 ubuntu-xps13 systemd-udevd[640]: seq 2590 running
Sep 30 19:17:45 ubuntu-xps13 systemd-udevd[648]: value '[dmi/id]sys_vendor' is 'Dell Inc.'
Sep 30 19:17:45 ubuntu-xps13 systemd-udevd[640]: value '[dmi/id]sys_vendor' is 'Dell Inc.'
Sep 30 19:17:45 ubuntu-xps13 systemd-udevd[648]: value '[dmi/id]sys_vendor' is 'Dell Inc.'
Sep 30 19:17:45 ubuntu-xps13 systemd-udevd[640]: value '[dmi/id]sys_vendor' is 'Dell Inc.'
Sep 30 19:17:45 ubuntu-xps13 systemd-udevd[643]: seq 2592 running
Sep 30 19:17:45 ubuntu-xps13 systemd-udevd[648]: passed device to netlink monitor 0x55a3a1b951b0
Sep 30 19:17:45 ubuntu-xps13 systemd-udevd[553]: passed 189 byte device to netlink monitor 0x55a3a1bceb90
Sep 30 19:17:45 ubuntu-xps13 systemd-udevd[653]: seq 2591 running
Sep 30 19:17:45 ubuntu-xps13 systemd-udevd[640]: passed device to netlink monitor 0x55a3a1bc1bb0
Sep 30 19:17:45 ubuntu-xps13 systemd-udevd[643]: value '[dmi/id]sys_vendor' is 'Dell Inc.'
Sep 30 19:17:45 ubuntu-xps13 systemd-udevd[648]: seq 2593 processed
Sep 30 19:17:45 ubuntu-xps13 systemd-udevd[553]: seq 2594 queued, 'add' 'cgroup'
Sep 30 19:17:45 ubuntu-xps13 systemd-udevd[640]: seq 2590 processed
Sep 30 19:17:45 ubuntu-xps13 systemd-udevd[653]: value '[dmi/id]sys_vendor' is 'Dell Inc.'
Sep 30 19:17:45 ubuntu-xps13 systemd-udevd[643]: value '[dmi/id]sys_vendor' is 'Dell Inc.'
Sep 30 19:17:45 ubuntu-xps13 systemd-udevd[553]: passed 194 byte device to netlink monitor 0x55a3a1bceb90
Sep 30 19:17:45 ubuntu-xps13 systemd-udevd[638]: seq 2594 running
Sep 30 19:17:45 ubuntu-xps13 systemd-udevd[653]: value '[dmi/id]sys_vendor' is 'Dell Inc.'
Sep 30 19:17:45 ubuntu-xps13 systemd-udevd[643]: passed device to netlink monitor 0x55a3a1b8aba0
Sep 30 19:17:45 ubuntu-xps13 systemd-udevd[553]: seq 2595 queued, 'add' 'cgroup'
Sep 30 19:17:45 ubuntu-xps13 systemd-udevd[638]: value '[dmi/id]sys_vendor' is 'Dell Inc.'
Sep 30 19:17:45 ubuntu-xps13 systemd-udevd[643]: seq 2592 processed
Sep 30 19:17:45 ubuntu-xps13 systemd-udevd[653]: passed device to netlink monitor 0x55a3a1bb1a40
Sep 30 19:17:45 ubuntu-xps13 systemd-udevd[553]: passed 194 byte device to netlink monitor 0x55a3a1bceb90
Sep 30 19:17:45 ubuntu-xps13 systemd-udevd[640]: seq 2595 running
Sep 30 19:17:45 ubuntu-xps13 systemd-udevd[638]: value '[dmi/id]sys_vendor' is 'Dell Inc.'
Sep 30 19:17:45 ubuntu-xps13 systemd-udevd[653]: seq 2591 processed
Sep 30 19:17:45 ubuntu-xps13 systemd-udevd[553]: seq 2596 queued, 'add' 'cgroup'
Sep 30 19:17:45 ubuntu-xps13 systemd-udevd[640]: value '[dmi/id]sys_vendor' is 'Dell Inc.'
Sep 30 19:17:45 ubuntu-xps13 systemd-udevd[638]: passed device to netlink monitor 0x55a3a1b8a6d0
Sep 30 19:17:45 ubuntu-xps13 systemd-udevd[553]: passed 185 byte device to netlink monitor 0x55a3a1bceb90
Sep 30 19:17:45 ubuntu-xps13 systemd-udevd[643]: seq 2596 running
Sep 30 19:17:48 ubuntu-xps13 systemd[1]: Reloading.
Sep 30 19:17:45 ubuntu-xps13 systemd-udevd[640]: value '[dmi/id]sys_vendor' is 'Dell Inc.'
Sep 30 19:17:45 ubuntu-xps13 systemd-udevd[638]: seq 2594 processed
Sep 30 19:17:45 ubuntu-xps13 systemd-udevd[553]: seq 2597 queued, 'add' 'cgroup'
Sep 30 19:17:45 ubuntu-xps13 systemd-udevd[643]: value '[dmi/id]sys_vendor' is 'Dell Inc.'
Sep 30 19:17:45 ubuntu-xps13 systemd-udevd[640]: passed device to netlink monitor 0x55a3a1bc1bb0
Sep 30 19:17:45 ubuntu-xps13 systemd-udevd[553]: passed 190 byte device to netlink monitor 0x55a3a1bceb90
Sep 30 19:17:45 ubuntu-xps13 systemd-udevd[653]: seq 2597 running
Sep 30 19:17:45 ubuntu-xps13 systemd-udevd[653]: value '[dmi/id]sys_vendor' is 'Dell Inc.'
Sep 30 19:17:45 ubuntu-xps13 systemd-udevd[640]: seq 2595 processed
Sep 30 19:17:45 ubuntu-xps13 systemd-udevd[553]: seq 2598 queued, 'add' 'cgroup'
Sep 30 19:17:45 ubuntu-xps13 systemd-udevd[643]: value '[dmi/id]sys_vendor' is 'Dell Inc.'
Sep 30 19:17:45 ubuntu-xps13 systemd-udevd[653]: value '[dmi/id]sys_vendor' is 'Dell Inc.'
Sep 30 19:17:45 ubuntu-xps13 systemd-udevd[553]: passed 204 byte device to netlink monitor 0x55a3a1bceb90
Sep 30 19:17:45 ubuntu-xps13 systemd-udevd[638]: seq 2598 running
Sep 30 19:17:45 ubuntu-xps13 systemd-udevd[643]: passed device to netlink monitor 0x55a3a1b8aba0
Sep 30 19:17:45 ubuntu-xps13 systemd-udevd[653]: passed device to netlink monitor 0x55a3a1bb1a40
Sep 30 19:17:45 ubuntu-xps13 systemd-udevd[553]: seq 2599 queued, 'add' 'cgroup'
Sep 30 19:17:45 ubuntu-xps13 systemd-udevd[638]: value '[dmi/id]sys_vendor' is 'Dell Inc.'
Sep 30 19:17:45 ubuntu-xps13 systemd-udevd[643]: seq 2596 processed
Sep 30 19:17:45 ubuntu-xps13 systemd-udevd[653]: seq 2597 processed
Sep 30 19:17:45 ubuntu-xps13 systemd-udevd[553]: passed 191 byte device to netlink monitor 0x55a3a1bceb90
Sep 30 19:17:45 ubuntu-xps13 systemd-udevd[640]: seq 2599 running
Sep 30 19:17:45 ubuntu-xps13 systemd-udevd[638]: value '[dmi/id]sys_vendor' is 'Dell Inc.'
Sep 30 19:17:45 ubuntu-xps13 systemd-udevd[553]: seq 2600 queued, 'add' 'cgroup'
Sep 30 19:17:45 ubuntu-xps13 systemd-udevd[640]: value '[dmi/id]sys_vendor' is 'Dell Inc.'
Sep 30 19:17:45 ubuntu-xps13 systemd-udevd[553]: passed 201 byte device to netlink monitor 0x55a3a1bceb90
Sep 30 19:17:45 ubuntu-xps13 systemd-udevd[638]: passed device to netlink monitor 0x55a3a1b8a6d0
Sep 30 19:17:45 ubuntu-xps13 systemd-udevd[653]: seq 2600 running
Sep 30 19:17:45 ubuntu-xps13 systemd-udevd[640]: value '[dmi/id]sys_vendor' is 'Dell Inc.'
Sep 30 19:17:45 ubuntu-xps13 systemd-udevd[553]: seq 2601 queued, 'add' 'cgroup'
Sep 30 19:17:45 ubuntu-xps13 systemd-udevd[638]: seq 2598 processed
Sep 30 19:17:45 ubuntu-xps13 systemd-udevd[653]: value '[dmi/id]sys_vendor' is 'Dell Inc.'
Sep 30 19:17:45 ubuntu-xps13 systemd-udevd[553]: passed 178 byte device to netlink monitor 0x55a3a1bceb90
Sep 30 19:17:45 ubuntu-xps13 systemd-udevd[640]: passed device to netlink monitor 0x55a3a1bc1bb0
Sep 30 19:17:45 ubuntu-xps13 systemd-udevd[643]: seq 2601 running
Sep 30 19:17:45 ubuntu-xps13 systemd-udevd[643]: value '[dmi/id]sys_vendor' is 'Dell Inc.'
Sep 30 19:17:45 ubuntu-xps13 systemd-udevd[643]: value '[dmi/id]sys_vendor' is 'Dell Inc.'
Sep 30 19:17:45 ubuntu-xps13 systemd[1]: Started Run snappy firstboot setup. -- Subject: Unit snapd.firstboot.service has finished start-up -- Defined-By: systemd -- Support: http://www.ubuntu.com/support -- -- Unit snapd.firstboot.service has finished starting up. -- -- The start-up result is done.
Sep 30 19:17:45 ubuntu-xps13 systemd-udevd[643]: passed device to netlink monitor 0x55a3a1b8aba0
Sep 30 19:17:45 ubuntu-xps13 systemd-udevd[643]: seq 2601 processed
Sep 30 19:17:45 ubuntu-xps13 systemd[1]: Started Create Volatile Files and Directories. -- Subject: Unit systemd-tmpfiles-setup.service has finished start-up -- Defined-By: systemd -- Support: http://www.ubuntu.com/support -- -- Unit systemd-tmpfiles-setup.service has finished starting up. -- -- The start-up result is done.
Sep 30 19:17:45 ubuntu-xps13 systemd-udevd[640]: seq 2599 processed
Sep 30 19:17:45 ubuntu-xps13 systemd-udevd[553]: seq 2602 queued, 'add' 'cgroup'
Sep 30 19:17:45 ubuntu-xps13 systemd-udevd[553]: passed 201 byte device to netlink monitor 0x55a3a1bceb90
Sep 30 19:17:45 ubuntu-xps13 systemd-udevd[553]: seq 2603 queued, 'add' 'cgroup'
Sep 30 19:17:45 ubuntu-xps13 systemd-udevd[553]: passed 182 byte device to netlink monitor 0x55a3a1bceb90
Sep 30 19:17:45 ubuntu-xps13 systemd-udevd[638]: seq 2602 running
Sep 30 19:17:45 ubuntu-xps13 systemd-udevd[640]: seq 2603 running
Sep 30 19:17:45 ubuntu-xps13 systemd-udevd[653]: value '[dmi/id]sys_vendor' is 'Dell Inc.'
Sep 30 19:17:45 ubuntu-xps13 systemd-udevd[640]: value '[dmi/id]sys_vendor' is 'Dell Inc.'
Sep 30 19:17:45 ubuntu-xps13 systemd-udevd[640]: value '[dmi/id]sys_vendor' is 'Dell Inc.'
Sep 30 19:17:45 ubuntu-xps13 systemd-udevd[653]: passed device to netlink monitor 0x55a3a1bb1a40
Sep 30 19:17:45 ubuntu-xps13 systemd-udevd[653]: seq 2600 processed
Sep 30 19:17:45 ubuntu-xps13 systemd-udevd[640]: passed device to netlink monitor 0x55a3a1bc1bb0
Sep 30 19:17:45 ubuntu-xps13 systemd-udevd[640]: seq 2603 processed
Sep 30 19:17:45 ubuntu-xps13 systemd-udevd[638]: value '[dmi/id]sys_vendor' is 'Dell Inc.'
Sep 30 19:17:45 ubuntu-xps13 systemd-udevd[638]: value '[dmi/id]sys_vendor' is 'Dell Inc.'
Sep 30 19:17:45 ubuntu-xps13 systemd-udevd[638]: passed device to netlink monitor 0x55a3a1b8a6d0
Sep 30 19:17:45 ubuntu-xps13 systemd-udevd[638]: seq 2602 processed
Sep 30 19:17:45 ubuntu-xps13 systemd-udevd[553]: seq 2604 queued, 'add' 'cgroup'
Sep 30 19:17:45 ubuntu-xps13 systemd-udevd[553]: passed 179 byte device to netlink monitor 0x55a3a1bceb90
Sep 30 19:17:45 ubuntu-xps13 systemd-udevd[553]: seq 2605 queued, 'add' 'cgroup'
Sep 30 19:17:45 ubuntu-xps13 systemd-udevd[553]: passed 180 byte device to netlink monitor 0x55a3a1bceb90
Sep 30 19:17:45 ubuntu-xps13 systemd-udevd[553]: seq 2606 queued, 'add' 'cgroup'
Sep 30 19:17:45 ubuntu-xps13 systemd-udevd[553]: passed 185 byte device to netlink monitor 0x55a3a1bceb90
Sep 30 19:17:45 ubuntu-xps13 systemd-udevd[553]: seq 2607 queued, 'add' 'cgroup'
Sep 30 19:17:45 ubuntu-xps13 systemd-udevd[553]: passed 185 byte device to netlink monitor 0x55a3a1bceb90
Sep 30 19:17:45 ubuntu-xps13 systemd-udevd[553]: seq 2608 queued, 'add' 'cgroup'
Sep 30 19:17:45 ubuntu-xps13 systemd-udevd[648]: seq 2608 running
Sep 30 19:17:45 ubuntu-xps13 systemd-udevd[648]: value '[dmi/id]sys_vendor' is 'Dell Inc.'
Sep 30 19:17:45 ubuntu-xps13 systemd-udevd[648]: value '[dmi/id]sys_vendor' is 'Dell Inc.'
Sep 30 19:17:45 ubuntu-xps13 systemd-udevd[648]: passed device to netlink monitor 0x55a3a1b951b0
Sep 30 19:17:45 ubuntu-xps13 systemd-udevd[648]: seq 2608 processed
Sep 30 19:17:45 ubuntu-xps13 systemd-udevd[640]: seq 2606 running
Sep 30 19:17:45 ubuntu-xps13 systemd-udevd[640]: value '[dmi/id]sys_vendor' is 'Dell Inc.'
Sep 30 19:17:45 ubuntu-xps13 systemd-udevd[640]: value '[dmi/id]sys_vendor' is 'Dell Inc.'
Sep 30 19:17:46 ubuntu-xps13 systemd-udevd[640]: passed device to netlink monitor 0x55a3a1bc1bb0
Sep 30 19:17:46 ubuntu-xps13 systemd-udevd[643]: seq 2604 running
Sep 30 19:17:46 ubuntu-xps13 systemd-udevd[653]: seq 2607 running
Sep 30 19:17:46 ubuntu-xps13 systemd-udevd[638]: seq 2605 running
Sep 30 19:17:46 ubuntu-xps13 systemd-udevd[553]: passed 176 byte device to netlink monitor 0x55a3a1bceb90
Sep 30 19:17:46 ubuntu-xps13 systemd-udevd[640]: seq 2606 processed
Sep 30 19:17:46 ubuntu-xps13 systemd-udevd[643]: value '[dmi/id]sys_vendor' is 'Dell Inc.'
Sep 30 19:17:46 ubuntu-xps13 systemd-udevd[653]: value '[dmi/id]sys_vendor' is 'Dell Inc.'
Sep 30 19:17:46 ubuntu-xps13 systemd[1]: Starting Update UTMP about System Boot/Shutdown... -- Subject: Unit systemd-update-utmp.service has begun start-up -- Defined-By: systemd -- Support: http://www.ubuntu.com/support -- -- Unit systemd-update-utmp.service has begun starting up.
Sep 30 19:17:46 ubuntu-xps13 systemd-udevd[553]: seq 2609 queued, 'add' 'cgroup'
Sep 30 19:17:46 ubuntu-xps13 systemd-udevd[648]: seq 2609 running
Sep 30 19:17:46 ubuntu-xps13 systemd-udevd[648]: value '[dmi/id]sys_vendor' is 'Dell Inc.'
Sep 30 19:17:46 ubuntu-xps13 systemd-udevd[653]: value '[dmi/id]sys_vendor' is 'Dell Inc.'
Sep 30 19:17:46 ubuntu-xps13 systemd-udevd[643]: value '[dmi/id]sys_vendor' is 'Dell Inc.'
Sep 30 19:17:46 ubuntu-xps13 systemd-udevd[648]: value '[dmi/id]sys_vendor' is 'Dell Inc.'
Sep 30 19:17:46 ubuntu-xps13 systemd-udevd[553]: passed 204 byte device to netlink monitor 0x55a3a1bceb90
Sep 30 19:17:46 ubuntu-xps13 systemd-udevd[638]: value '[dmi/id]sys_vendor' is 'Dell Inc.'
Sep 30 19:17:46 ubuntu-xps13 systemd-udevd[653]: passed device to netlink monitor 0x55a3a1bb1a40
Sep 30 19:17:46 ubuntu-xps13 systemd-udevd[643]: passed device to netlink monitor 0x55a3a1b8aba0
Sep 30 19:17:46 ubuntu-xps13 systemd-udevd[648]: passed device to netlink monitor 0x55a3a1b951b0
Sep 30 19:17:46 ubuntu-xps13 systemd-udevd[553]: seq 2610 queued, 'add' 'cgroup'
Sep 30 19:17:46 ubuntu-xps13 systemd-udevd[638]: value '[dmi/id]sys_vendor' is 'Dell Inc.'
Sep 30 19:17:46 ubuntu-xps13 systemd-udevd[653]: seq 2607 processed
Sep 30 19:17:46 ubuntu-xps13 systemd-udevd[643]: seq 2604 processed
Sep 30 19:17:46 ubuntu-xps13 systemd-udevd[648]: seq 2609 processed
Sep 30 19:17:46 ubuntu-xps13 systemd-udevd[553]: passed 189 byte device to netlink monitor 0x55a3a1bceb90
Sep 30 19:17:46 ubuntu-xps13 systemd-udevd[640]: seq 2610 running
Sep 30 19:17:46 ubuntu-xps13 systemd-udevd[638]: passed device to netlink monitor 0x55a3a1b8a6d0
Sep 30 19:17:46 ubuntu-xps13 systemd-udevd[553]: seq 2611 queued, 'add' 'cgroup'
Sep 30 19:17:46 ubuntu-xps13 systemd-udevd[640]: value '[dmi/id]sys_vendor' is 'Dell Inc.'
Sep 30 19:17:46 ubuntu-xps13 systemd-udevd[638]: seq 2605 processed
Sep 30 19:17:46 ubuntu-xps13 systemd-udevd[553]: passed 192 byte device to netlink monitor 0x55a3a1bceb90
Sep 30 19:17:46 ubuntu-xps13 systemd-udevd[653]: seq 2611 running
Sep 30 19:17:46 ubuntu-xps13 systemd-udevd[640]: value '[dmi/id]sys_vendor' is 'Dell Inc.'
Sep 30 19:17:46 ubuntu-xps13 systemd-udevd[553]: seq 2612 queued, 'add' 'cgroup'
Sep 30 19:17:46 ubuntu-xps13 systemd-udevd[653]: value '[dmi/id]sys_vendor' is 'Dell Inc.'
Sep 30 19:17:46 ubuntu-xps13 systemd-udevd[640]: passed device to netlink monitor 0x55a3a1bc1bb0
Sep 30 19:17:46 ubuntu-xps13 systemd-udevd[553]: passed 194 byte device to netlink monitor 0x55a3a1bceb90
Sep 30 19:17:46 ubuntu-xps13 systemd-udevd[638]: seq 2612 running
Sep 30 19:17:46 ubuntu-xps13 systemd-udevd[638]: value '[dmi/id]sys_vendor' is 'Dell Inc.'
Sep 30 19:17:46 ubuntu-xps13 systemd-udevd[640]: seq 2610 processed
Sep 30 19:17:46 ubuntu-xps13 systemd-udevd[553]: seq 2613 queued, 'add' 'cgroup'
Sep 30 19:17:46 ubuntu-xps13 systemd-udevd[653]: value '[dmi/id]sys_vendor' is 'Dell Inc.'
Sep 30 19:17:46 ubuntu-xps13 systemd-udevd[638]: value '[dmi/id]sys_vendor' is 'Dell Inc.'
Sep 30 19:17:46 ubuntu-xps13 systemd-udevd[553]: passed 179 byte device to netlink monitor 0x55a3a1bceb90
Sep 30 19:17:46 ubuntu-xps13 systemd-udevd[643]: seq 2613 running
Sep 30 19:17:46 ubuntu-xps13 systemd-udevd[653]: passed device to netlink monitor 0x55a3a1bb1a40
Sep 30 19:17:46 ubuntu-xps13 systemd-udevd[638]: passed device to netlink monitor 0x55a3a1b8a6d0
Sep 30 19:17:46 ubuntu-xps13 systemd-udevd[553]: seq 2614 queued, 'add' 'cgroup'
Sep 30 19:17:46 ubuntu-xps13 systemd-udevd[653]: seq 2611 processed
Sep 30 19:17:46 ubuntu-xps13 systemd-udevd[643]: value '[dmi/id]sys_vendor' is 'Dell Inc.'
Sep 30 19:17:46 ubuntu-xps13 systemd-udevd[638]: seq 2612 processed
Sep 30 19:17:46 ubuntu-xps13 systemd-udevd[553]: passed 193 byte device to netlink monitor 0x55a3a1bceb90
Sep 30 19:17:46 ubuntu-xps13 systemd-udevd[640]: seq 2614 running
Sep 30 19:17:46 ubuntu-xps13 systemd[1]: Starting Network Time Synchronization... -- Subject: Unit systemd-timesyncd.service has begun start-up -- Defined-By: systemd -- Support: http://www.ubuntu.com/support -- -- Unit systemd-timesyncd.service has begun starting up.
Sep 30 19:17:46 ubuntu-xps13 systemd-udevd[643]: value '[dmi/id]sys_vendor' is 'Dell Inc.'
Sep 30 19:17:46 ubuntu-xps13 systemd-udevd[553]: seq 2615 queued, 'add' 'cgroup'
Sep 30 19:17:46 ubuntu-xps13 systemd-udevd[640]: value '[dmi/id]sys_vendor' is 'Dell Inc.'
Sep 30 19:17:46 ubuntu-xps13 systemd-udevd[643]: passed device to netlink monitor 0x55a3a1b8aba0
Sep 30 19:17:46 ubuntu-xps13 systemd-udevd[553]: passed 190 byte device to netlink monitor 0x55a3a1bceb90
Sep 30 19:17:46 ubuntu-xps13 systemd-udevd[638]: seq 2615 running
Sep 30 19:17:46 ubuntu-xps13 systemd-udevd[638]: value '[dmi/id]sys_vendor' is 'Dell Inc.'
Sep 30 19:17:46 ubuntu-xps13 systemd-udevd[643]: seq 2613 processed
Sep 30 19:17:46 ubuntu-xps13 systemd-udevd[553]: seq 2616 queued, 'add' 'cgroup'
Sep 30 19:17:46 ubuntu-xps13 systemd-udevd[640]: value '[dmi/id]sys_vendor' is 'Dell Inc.'
Sep 30 19:17:46 ubuntu-xps13 systemd-udevd[638]: value '[dmi/id]sys_vendor' is 'Dell Inc.'
Sep 30 19:17:46 ubuntu-xps13 systemd-udevd[553]: passed 194 byte device to netlink monitor 0x55a3a1bceb90
Sep 30 19:17:46 ubuntu-xps13 systemd-udevd[653]: seq 2616 running
Sep 30 19:17:46 ubuntu-xps13 systemd-udevd[640]: passed device to netlink monitor 0x55a3a1bc1bb0
Sep 30 19:17:46 ubuntu-xps13 systemd-udevd[638]: passed device to netlink monitor 0x55a3a1b8a6d0
Sep 30 19:17:46 ubuntu-xps13 systemd[1]: Started Enable support for additional executable binary formats. -- Subject: Unit binfmt-support.service has finished start-up -- Defined-By: systemd -- Support: http://www.ubuntu.com/support -- -- Unit binfmt-support.service has finished starting up. -- -- The start-up result is done.
Sep 30 19:17:46 ubuntu-xps13 systemd-udevd[553]: seq 2617 queued, 'add' 'cgroup'
Sep 30 19:17:46 ubuntu-xps13 systemd-udevd[653]: value '[dmi/id]sys_vendor' is 'Dell Inc.'
Sep 30 19:17:46 ubuntu-xps13 systemd-udevd[640]: seq 2614 processed
Sep 30 19:17:46 ubuntu-xps13 systemd-udevd[638]: seq 2615 processed
Sep 30 19:17:46 ubuntu-xps13 systemd-udevd[553]: passed 204 byte device to netlink monitor 0x55a3a1bceb90
Sep 30 19:17:46 ubuntu-xps13 systemd-udevd[643]: seq 2617 running
Sep 30 19:17:46 ubuntu-xps13 systemd-udevd[653]: value '[dmi/id]sys_vendor' is 'Dell Inc.'
Sep 30 19:17:46 ubuntu-xps13 systemd-udevd[553]: seq 2618 queued, 'add' 'cgroup'
Sep 30 19:17:46 ubuntu-xps13 systemd-udevd[643]: value '[dmi/id]sys_vendor' is 'Dell Inc.'
Sep 30 19:17:46 ubuntu-xps13 systemd-udevd[553]: passed 180 byte device to netlink monitor 0x55a3a1bceb90
Sep 30 19:17:46 ubuntu-xps13 systemd-udevd[653]: passed device to netlink monitor 0x55a3a1bb1a40
Sep 30 19:17:46 ubuntu-xps13 systemd-udevd[638]: seq 2618 running
Sep 30 19:17:46 ubuntu-xps13 systemd-udevd[643]: value '[dmi/id]sys_vendor' is 'Dell Inc.'
Sep 30 19:17:46 ubuntu-xps13 systemd-udevd[553]: seq 2619 queued, 'add' 'cgroup'
Sep 30 19:17:46 ubuntu-xps13 systemd-udevd[653]: seq 2616 processed
Sep 30 19:17:46 ubuntu-xps13 systemd-udevd[638]: value '[dmi/id]sys_vendor' is 'Dell Inc.'
Sep 30 19:17:46 ubuntu-xps13 systemd-udevd[643]: passed device to netlink monitor 0x55a3a1b8aba0
Sep 30 19:17:46 ubuntu-xps13 systemd-udevd[553]: passed 180 byte device to netlink monitor 0x55a3a1bceb90
Sep 30 19:17:46 ubuntu-xps13 systemd-udevd[640]: seq 2619 running
Sep 30 19:17:46 ubuntu-xps13 systemd-udevd[638]: value '[dmi/id]sys_vendor' is 'Dell Inc.'
Sep 30 19:17:46 ubuntu-xps13 systemd-udevd[643]: seq 2617 processed
Sep 30 19:17:46 ubuntu-xps13 systemd-udevd[553]: seq 2620 queued, 'add' 'cgroup'
Sep 30 19:17:46 ubuntu-xps13 systemd-udevd[640]: value '[dmi/id]sys_vendor' is 'Dell Inc.'
Sep 30 19:17:46 ubuntu-xps13 systemd-udevd[638]: passed device to netlink monitor 0x55a3a1b8a6d0
Sep 30 19:17:46 ubuntu-xps13 systemd-udevd[553]: passed 180 byte device to netlink monitor 0x55a3a1bceb90
Sep 30 19:17:46 ubuntu-xps13 systemd-udevd[653]: seq 2620 running
Sep 30 19:17:46 ubuntu-xps13 systemd-udevd[640]: value '[dmi/id]sys_vendor' is 'Dell Inc.'
Sep 30 19:17:46 ubuntu-xps13 systemd-udevd[638]: seq 2618 processed
Sep 30 19:17:46 ubuntu-xps13 systemd-udevd[553]: seq 2621 queued, 'add' 'cgroup'
Sep 30 19:17:46 ubuntu-xps13 systemd-udevd[653]: value '[dmi/id]sys_vendor' is 'Dell Inc.'
Sep 30 19:17:46 ubuntu-xps13 systemd-udevd[640]: passed device to netlink monitor 0x55a3a1bc1bb0
Sep 30 19:17:46 ubuntu-xps13 systemd[1]: Started Update UTMP about System Boot/Shutdown. -- Subject: Unit systemd-update-utmp.service has finished start-up -- Defined-By: systemd -- Support: http://www.ubuntu.com/support -- -- Unit systemd-update-utmp.service has finished starting up. -- -- The start-up result is done.
Sep 30 19:17:46 ubuntu-xps13 systemd-udevd[553]: passed 184 byte device to netlink monitor 0x55a3a1bceb90
Sep 30 19:17:46 ubuntu-xps13 systemd-udevd[653]: value '[dmi/id]sys_vendor' is 'Dell Inc.'
Sep 30 19:17:46 ubuntu-xps13 systemd-udevd[640]: seq 2619 processed
Sep 30 19:17:46 ubuntu-xps13 systemd-udevd[553]: seq 2622 queued, 'add' 'cgroup'
Sep 30 19:17:46 ubuntu-xps13 systemd-udevd[653]: passed device to netlink monitor 0x55a3a1bb1a40
Sep 30 19:17:46 ubuntu-xps13 systemd-udevd[553]: passed 181 byte device to netlink monitor 0x55a3a1bceb90
Sep 30 19:17:46 ubuntu-xps13 systemd-udevd[638]: seq 2622 running
Sep 30 19:17:46 ubuntu-xps13 systemd-udevd[653]: seq 2620 processed
Sep 30 19:17:46 ubuntu-xps13 systemd-udevd[553]: seq 2623 queued, 'add' 'cgroup'
Sep 30 19:17:46 ubuntu-xps13 systemd-udevd[643]: seq 2621 running
Sep 30 19:17:46 ubuntu-xps13 systemd-udevd[638]: value '[dmi/id]sys_vendor' is 'Dell Inc.'
Sep 30 19:17:46 ubuntu-xps13 systemd[1]: Starting Update UTMP about System Runlevel Changes... -- Subject: Unit systemd-update-utmp-runlevel.service has begun start-up -- Defined-By: systemd -- Support: http://www.ubuntu.com/support -- -- Unit systemd-update-utmp-runlevel.service has begun starting up.
Sep 30 19:17:46 ubuntu-xps13 systemd-udevd[553]: passed 172 byte device to netlink monitor 0x55a3a1bceb90
Sep 30 19:17:46 ubuntu-xps13 systemd-udevd[640]: seq 2623 running
Sep 30 19:17:46 ubuntu-xps13 systemd-udevd[640]: value '[dmi/id]sys_vendor' is 'Dell Inc.'
Sep 30 19:17:46 ubuntu-xps13 systemd-udevd[638]: value '[dmi/id]sys_vendor' is 'Dell Inc.'
Sep 30 19:17:46 ubuntu-xps13 systemd-udevd[553]: seq 2624 queued, 'add' 'cgroup'
Sep 30 19:17:46 ubuntu-xps13 systemd-udevd[643]: value '[dmi/id]sys_vendor' is 'Dell Inc.'
Sep 30 19:17:46 ubuntu-xps13 systemd-udevd[638]: passed device to netlink monitor 0x55a3a1b8a6d0
Sep 30 19:17:46 ubuntu-xps13 systemd-udevd[553]: passed 193 byte device to netlink monitor 0x55a3a1bceb90
Sep 30 19:17:46 ubuntu-xps13 systemd-udevd[653]: seq 2624 running
Sep 30 19:17:46 ubuntu-xps13 systemd-udevd[643]: value '[dmi/id]sys_vendor' is 'Dell Inc.'
Sep 30 19:17:46 ubuntu-xps13 systemd-udevd[638]: seq 2622 processed
Sep 30 19:17:46 ubuntu-xps13 systemd-udevd[553]: seq 2625 queued, 'add' 'cgroup'
Sep 30 19:17:46 ubuntu-xps13 systemd-udevd[653]: value '[dmi/id]sys_vendor' is 'Dell Inc.'
Sep 30 19:17:46 ubuntu-xps13 systemd-udevd[643]: passed device to netlink monitor 0x55a3a1b8aba0
Sep 30 19:17:46 ubuntu-xps13 systemd-udevd[648]: seq 2625 running
Sep 30 19:17:46 ubuntu-xps13 systemd-udevd[553]: passed 190 byte device to netlink monitor 0x55a3a1bceb90
Sep 30 19:17:46 ubuntu-xps13 systemd-udevd[653]: value '[dmi/id]sys_vendor' is 'Dell Inc.'
Sep 30 19:17:46 ubuntu-xps13 systemd-udevd[643]: seq 2621 processed
Sep 30 19:17:46 ubuntu-xps13 systemd[1]: Started ebtables ruleset management. -- Subject: Unit ebtables.service has finished start-up -- Defined-By: systemd -- Support: http://www.ubuntu.com/support -- -- Unit ebtables.service has finished starting up. -- -- The start-up result is done.
Sep 30 19:17:46 ubuntu-xps13 systemd-udevd[648]: value '[dmi/id]sys_vendor' is 'Dell Inc.'
Sep 30 19:17:46 ubuntu-xps13 systemd-udevd[553]: seq 2626 queued, 'add' 'cgroup'
Sep 30 19:17:46 ubuntu-xps13 systemd-udevd[640]: value '[dmi/id]sys_vendor' is 'Dell Inc.'
Sep 30 19:17:46 ubuntu-xps13 systemd-udevd[653]: passed device to netlink monitor 0x55a3a1bb1a40
Sep 30 19:17:46 ubuntu-xps13 systemd-udevd[648]: value '[dmi/id]sys_vendor' is 'Dell Inc.'
Sep 30 19:17:46 ubuntu-xps13 systemd[1]: Reached target Network (Pre). -- Subject: Unit network-pre.target has finished start-up -- Defined-By: systemd -- Support: http://www.ubuntu.com/support -- -- Unit network-pre.target has finished starting up. -- -- The start-up result is done.
Sep 30 19:17:46 ubuntu-xps13 systemd-udevd[553]: passed 188 byte device to netlink monitor 0x55a3a1bceb90
Sep 30 19:17:46 ubuntu-xps13 systemd-udevd[638]: seq 2626 running
Sep 30 19:17:46 ubuntu-xps13 systemd-udevd[640]: passed device to netlink monitor 0x55a3a1bc1bb0
Sep 30 19:17:46 ubuntu-xps13 systemd-udevd[653]: seq 2624 processed
Sep 30 19:17:46 ubuntu-xps13 systemd-udevd[648]: passed device to netlink monitor 0x55a3a1b951b0
Sep 30 19:17:46 ubuntu-xps13 systemd-udevd[553]: seq 2627 queued, 'add' 'cgroup'
Sep 30 19:17:46 ubuntu-xps13 systemd-udevd[638]: value '[dmi/id]sys_vendor' is 'Dell Inc.'
Sep 30 19:17:46 ubuntu-xps13 systemd-udevd[640]: seq 2623 processed
Sep 30 19:17:46 ubuntu-xps13 systemd[1]: Started Update UTMP about System Runlevel Changes. -- Subject: Unit systemd-update-utmp-runlevel.service has finished start-up -- Defined-By: systemd -- Support: http://www.ubuntu.com/support -- -- Unit systemd-update-utmp-runlevel.service has finished starting up. -- -- The start-up result is done.
Sep 30 19:17:46 ubuntu-xps13 systemd-udevd[648]: seq 2625 processed
Sep 30 19:17:46 ubuntu-xps13 systemd-udevd[553]: passed 191 byte device to netlink monitor 0x55a3a1bceb90
Sep 30 19:17:47 ubuntu-xps13 systemd[1]: Started AppArmor initialization. -- Subject: Unit apparmor.service has finished start-up -- Defined-By: systemd -- Support: http://www.ubuntu.com/support -- -- Unit apparmor.service has finished starting up. -- -- The start-up result is done.
Sep 30 19:17:47 ubuntu-xps13 systemd-udevd[643]: seq 2627 running
Sep 30 19:17:47 ubuntu-xps13 systemd-udevd[553]: seq 2628 queued, 'add' 'cgroup'
Sep 30 19:17:47 ubuntu-xps13 systemd-timesyncd[710]: The system is configured to read the RTC time in the local time zone. This mode can not be fully supported. All system time to RTC updates are disabled.
Sep 30 19:17:47 ubuntu-xps13 systemd-udevd[638]: value '[dmi/id]sys_vendor' is 'Dell Inc.'
Sep 30 19:17:47 ubuntu-xps13 systemd-udevd[643]: value '[dmi/id]sys_vendor' is 'Dell Inc.'
Sep 30 19:17:47 ubuntu-xps13 systemd-udevd[643]: value '[dmi/id]sys_vendor' is 'Dell Inc.'
Sep 30 19:17:47 ubuntu-xps13 systemd-udevd[640]: seq 2628 running
Sep 30 19:17:47 ubuntu-xps13 systemd-udevd[638]: passed device to netlink monitor 0x55a3a1b8a6d0
Sep 30 19:17:47 ubuntu-xps13 systemd-udevd[553]: passed 196 byte device to netlink monitor 0x55a3a1bceb90
Sep 30 19:17:47 ubuntu-xps13 systemd-udevd[643]: passed device to netlink monitor 0x55a3a1b8aba0
Sep 30 19:17:47 ubuntu-xps13 systemd[1]: Starting Raise network interfaces... -- Subject: Unit networking.service has begun start-up -- Defined-By: systemd -- Support: http://www.ubuntu.com/support -- -- Unit networking.service has begun starting up.
Sep 30 19:17:47 ubuntu-xps13 systemd-udevd[640]: value '[dmi/id]sys_vendor' is 'Dell Inc.'
Sep 30 19:17:47 ubuntu-xps13 systemd-udevd[638]: seq 2626 processed
Sep 30 19:17:47 ubuntu-xps13 systemd-udevd[553]: seq 2629 queued, 'add' 'cgroup'
Sep 30 19:17:47 ubuntu-xps13 systemd-udevd[643]: seq 2627 processed
Sep 30 19:17:47 ubuntu-xps13 systemd-udevd[640]: value '[dmi/id]sys_vendor' is 'Dell Inc.'
Sep 30 19:17:47 ubuntu-xps13 systemd-udevd[553]: passed 196 byte device to netlink monitor 0x55a3a1bceb90
Sep 30 19:17:47 ubuntu-xps13 systemd-udevd[653]: seq 2629 running
Sep 30 19:17:47 ubuntu-xps13 systemd[1]: Started Network Time Synchronization. -- Subject: Unit systemd-timesyncd.service has finished start-up -- Defined-By: systemd -- Support: http://www.ubuntu.com/support -- -- Unit systemd-timesyncd.service has finished starting up. -- -- The start-up result is done.
Sep 30 19:17:47 ubuntu-xps13 systemd-udevd[640]: passed device to netlink monitor 0x55a3a1bc1bb0
Sep 30 19:17:47 ubuntu-xps13 systemd-udevd[553]: seq 2630 queued, 'add' 'cgroup'
Sep 30 19:17:47 ubuntu-xps13 systemd-udevd[653]: value '[dmi/id]sys_vendor' is 'Dell Inc.'
Sep 30 19:17:47 ubuntu-xps13 systemd-udevd[640]: seq 2628 processed
Sep 30 19:17:47 ubuntu-xps13 systemd-udevd[553]: passed 187 byte device to netlink monitor 0x55a3a1bceb90
Sep 30 19:17:47 ubuntu-xps13 systemd-udevd[638]: seq 2630 running
Sep 30 19:17:47 ubuntu-xps13 systemd-udevd[653]: value '[dmi/id]sys_vendor' is 'Dell Inc.'
Sep 30 19:17:47 ubuntu-xps13 systemd-udevd[553]: seq 2631 queued, 'add' 'cgroup'
Sep 30 19:17:47 ubuntu-xps13 systemd[1]: Reached target System Time Synchronized. -- Subject: Unit time-sync.target has finished start-up -- Defined-By: systemd -- Support: http://www.ubuntu.com/support -- -- Unit time-sync.target has finished starting up. -- -- The start-up result is done.
Sep 30 19:17:47 ubuntu-xps13 systemd-udevd[638]: value '[dmi/id]sys_vendor' is 'Dell Inc.'
Sep 30 19:17:47 ubuntu-xps13 systemd-udevd[553]: passed 206 byte device to netlink monitor 0x55a3a1bceb90
Sep 30 19:17:47 ubuntu-xps13 systemd-udevd[653]: passed device to netlink monitor 0x55a3a1bb1a40
Sep 30 19:17:47 ubuntu-xps13 systemd-udevd[640]: seq 2631 running
Sep 30 19:17:47 ubuntu-xps13 systemd-udevd[638]: value '[dmi/id]sys_vendor' is 'Dell Inc.'
Sep 30 19:17:47 ubuntu-xps13 systemd-udevd[553]: seq 2632 queued, 'add' 'cgroup'
Sep 30 19:17:47 ubuntu-xps13 systemd-udevd[653]: seq 2629 processed
Sep 30 19:17:47 ubuntu-xps13 systemd-udevd[640]: value '[dmi/id]sys_vendor' is 'Dell Inc.'
Sep 30 19:17:47 ubuntu-xps13 systemd-udevd[638]: passed device to netlink monitor 0x55a3a1b8a6d0
Sep 30 19:17:47 ubuntu-xps13 systemd-udevd[553]: passed 202 byte device to netlink monitor 0x55a3a1bceb90
Sep 30 19:17:47 ubuntu-xps13 systemd-udevd[643]: seq 2632 running
Sep 30 19:17:47 ubuntu-xps13 systemd-udevd[643]: value '[dmi/id]sys_vendor' is 'Dell Inc.'
Sep 30 19:17:47 ubuntu-xps13 systemd-udevd[638]: seq 2630 processed
Sep 30 19:17:47 ubuntu-xps13 systemd-udevd[553]: seq 2633 queued, 'add' 'cgroup'
Sep 30 19:17:47 ubuntu-xps13 systemd-udevd[643]: value '[dmi/id]sys_vendor' is 'Dell Inc.'
Sep 30 19:17:47 ubuntu-xps13 systemd-udevd[643]: passed device to netlink monitor 0x55a3a1b8aba0
Sep 30 19:17:47 ubuntu-xps13 systemd-udevd[553]: passed 203 byte device to netlink monitor 0x55a3a1bceb90
Sep 30 19:17:47 ubuntu-xps13 systemd-udevd[653]: seq 2633 running
Sep 30 19:17:47 ubuntu-xps13 systemd-udevd[643]: seq 2632 processed
Sep 30 19:17:47 ubuntu-xps13 systemd-udevd[640]: value '[dmi/id]sys_vendor' is 'Dell Inc.'
Sep 30 19:17:47 ubuntu-xps13 systemd-udevd[653]: value '[dmi/id]sys_vendor' is 'Dell Inc.'
Sep 30 19:17:47 ubuntu-xps13 systemd-udevd[653]: value '[dmi/id]sys_vendor' is 'Dell Inc.'
Sep 30 19:17:47 ubuntu-xps13 systemd-udevd[640]: passed device to netlink monitor 0x55a3a1bc1bb0
Sep 30 19:17:47 ubuntu-xps13 systemd-udevd[640]: seq 2631 processed
Sep 30 19:17:47 ubuntu-xps13 systemd-udevd[653]: passed device to netlink monitor 0x55a3a1bb1a40
Sep 30 19:17:47 ubuntu-xps13 systemd-udevd[553]: seq 2634 queued, 'add' 'cgroup'
Sep 30 19:17:47 ubuntu-xps13 systemd-udevd[653]: seq 2633 processed
Sep 30 19:17:47 ubuntu-xps13 systemd-udevd[553]: passed 190 byte device to netlink monitor 0x55a3a1bceb90
Sep 30 19:17:47 ubuntu-xps13 systemd-udevd[638]: seq 2634 running
Sep 30 19:17:47 ubuntu-xps13 systemd-udevd[638]: value '[dmi/id]sys_vendor' is 'Dell Inc.'
Sep 30 19:17:47 ubuntu-xps13 systemd-udevd[638]: value '[dmi/id]sys_vendor' is 'Dell Inc.'
Sep 30 19:17:47 ubuntu-xps13 systemd-udevd[638]: passed device to netlink monitor 0x55a3a1b8a6d0
Sep 30 19:17:47 ubuntu-xps13 systemd-udevd[638]: seq 2634 processed
Sep 30 19:17:47 ubuntu-xps13 systemd-udevd[553]: seq 2635 queued, 'add' 'cgroup'
Sep 30 19:17:47 ubuntu-xps13 systemd-udevd[553]: passed 190 byte device to netlink monitor 0x55a3a1bceb90
Sep 30 19:17:47 ubuntu-xps13 systemd-udevd[640]: seq 2635 running
Sep 30 19:17:47 ubuntu-xps13 systemd-udevd[553]: seq 2636 queued, 'add' 'cgroup'
Sep 30 19:17:47 ubuntu-xps13 systemd-udevd[640]: value '[dmi/id]sys_vendor' is 'Dell Inc.'
Sep 30 19:17:47 ubuntu-xps13 systemd-udevd[553]: passed 182 byte device to netlink monitor 0x55a3a1bceb90
Sep 30 19:17:47 ubuntu-xps13 systemd-udevd[638]: seq 2636 running
Sep 30 19:17:47 ubuntu-xps13 systemd-udevd[640]: value '[dmi/id]sys_vendor' is 'Dell Inc.'
Sep 30 19:17:47 ubuntu-xps13 systemd-udevd[640]: passed device to netlink monitor 0x55a3a1bc1bb0
Sep 30 19:17:47 ubuntu-xps13 systemd-udevd[640]: seq 2635 processed
Sep 30 19:17:47 ubuntu-xps13 systemd-udevd[638]: value '[dmi/id]sys_vendor' is 'Dell Inc.'
Sep 30 19:17:47 ubuntu-xps13 systemd-udevd[553]: seq 2637 queued, 'add' 'cgroup'
Sep 30 19:17:47 ubuntu-xps13 systemd-udevd[638]: value '[dmi/id]sys_vendor' is 'Dell Inc.'
Sep 30 19:17:47 ubuntu-xps13 systemd-udevd[553]: passed 182 byte device to netlink monitor 0x55a3a1bceb90
Sep 30 19:17:47 ubuntu-xps13 systemd-udevd[653]: seq 2637 running
Sep 30 19:17:47 ubuntu-xps13 systemd-udevd[653]: value '[dmi/id]sys_vendor' is 'Dell Inc.'
Sep 30 19:17:47 ubuntu-xps13 systemd-udevd[653]: value '[dmi/id]sys_vendor' is 'Dell Inc.'
Sep 30 19:17:47 ubuntu-xps13 systemd-udevd[638]: passed device to netlink monitor 0x55a3a1b8a6d0
Sep 30 19:17:47 ubuntu-xps13 systemd-udevd[638]: seq 2636 processed
Sep 30 19:17:47 ubuntu-xps13 systemd-udevd[653]: passed device to netlink monitor 0x55a3a1bb1a40
Sep 30 19:17:47 ubuntu-xps13 systemd-udevd[553]: seq 2638 queued, 'add' 'cgroup'
Sep 30 19:17:47 ubuntu-xps13 systemd-udevd[653]: seq 2637 processed
Sep 30 19:17:47 ubuntu-xps13 systemd-udevd[553]: passed 186 byte device to netlink monitor 0x55a3a1bceb90
Sep 30 19:17:47 ubuntu-xps13 systemd-udevd[640]: seq 2638 running
Sep 30 19:17:47 ubuntu-xps13 systemd-udevd[640]: value '[dmi/id]sys_vendor' is 'Dell Inc.'
Sep 30 19:17:47 ubuntu-xps13 systemd-udevd[553]: seq 2639 queued, 'add' 'cgroup'
Sep 30 19:17:47 ubuntu-xps13 systemd-udevd[640]: value '[dmi/id]sys_vendor' is 'Dell Inc.'
Sep 30 19:17:47 ubuntu-xps13 systemd-udevd[553]: passed 183 byte device to netlink monitor 0x55a3a1bceb90
Sep 30 19:17:47 ubuntu-xps13 systemd-udevd[638]: seq 2639 running
Sep 30 19:17:47 ubuntu-xps13 systemd-udevd[638]: value '[dmi/id]sys_vendor' is 'Dell Inc.'
Sep 30 19:17:47 ubuntu-xps13 systemd-udevd[640]: passed device to netlink monitor 0x55a3a1bc1bb0
Sep 30 19:17:47 ubuntu-xps13 systemd-udevd[553]: seq 2640 queued, 'add' 'cgroup'
Sep 30 19:17:47 ubuntu-xps13 systemd-udevd[638]: value '[dmi/id]sys_vendor' is 'Dell Inc.'
Sep 30 19:17:47 ubuntu-xps13 systemd-udevd[640]: seq 2638 processed
Sep 30 19:17:47 ubuntu-xps13 systemd-udevd[553]: passed 174 byte device to netlink monitor 0x55a3a1bceb90
Sep 30 19:17:47 ubuntu-xps13 systemd-udevd[653]: seq 2640 running
Sep 30 19:17:47 ubuntu-xps13 systemd-udevd[638]: passed device to netlink monitor 0x55a3a1b8a6d0
Sep 30 19:17:47 ubuntu-xps13 systemd-udevd[553]: seq 2641 queued, 'add' 'cgroup'
Sep 30 19:17:47 ubuntu-xps13 systemd-udevd[653]: value '[dmi/id]sys_vendor' is 'Dell Inc.'
